CREATE TABLE `eav_attribute_group` (
  `attribute_group_id` smallint(5) unsigned NOT NULL AUTO_INCREMENT COMMENT 'Attribute Group Id',
  `attribute_set_id` smallint(5) unsigned NOT NULL DEFAULT '0' COMMENT 'Attribute Set Id',
  `attribute_group_name` varchar(255) DEFAULT NULL COMMENT 'Attribute Group Name',
  `sort_order` smallint(6) NOT NULL DEFAULT '0' COMMENT 'Sort Order',
  `default_id` smallint(5) unsigned DEFAULT '0' COMMENT 'Default Id',
  PRIMARY KEY (`attribute_group_id`),
  UNIQUE KEY `UNQ_EAV_ATTRIBUTE_GROUP_ATTRIBUTE_SET_ID_ATTRIBUTE_GROUP_NAME` (`attribute_set_id`,`attribute_group_name`),
  KEY `IDX_EAV_ATTRIBUTE_GROUP_ATTRIBUTE_SET_ID_SORT_ORDER` (`attribute_set_id`,`sort_order`),
  CONSTRAINT `FK_EAV_ATTR_GROUP_ATTR_SET_ID_EAV_ATTR_SET_ATTR_SET_ID` FOREIGN KEY (`attribute_set_id`) REFERENCES `eav_attribute_set` (`attribute_set_id`) ON DELETE CASCADE ON UPDATE CASCADE
) ENGINE=InnoDB DEFAULT CHARSET=utf8 COMMENT='Eav Attribute Group';

INSERT INTO `eav_attribute_group` (`attribute_group_id`, `attribute_set_id`, `attribute_group_name`, `sort_order`, `default_id`) VALUES
(1,	1,	'General',	1,	1),
(2,	2,	'General',	1,	1),
(3,	3,	'General',	10,	1),
(4,	3,	'General Information',	2,	0),
(5,	3,	'Display Settings',	20,	0),
(6,	3,	'Custom Design',	30,	0),
(7,	4,	'General',	1,	1),
(8,	4,	'Prices',	4,	0),
(9,	4,	'Meta Information',	5,	0),
(10,	4,	'Images',	6,	0),
(11,	4,	'Recurring Profile',	7,	0),
(12,	4,	'Design',	8,	0),
(13,	5,	'General',	1,	1),
(14,	6,	'General',	1,	1),
(15,	7,	'General',	1,	1),
(16,	8,	'General',	1,	1),
(17,	4,	'Gift Options',	9,	0),
(18,	4,	'Attributes',	2,	0),
(19,	4,	'Unused',	3,	0);

CREATE TABLE `eav_attribute_label` (
  `attribute_label_id` int(10) unsigned NOT NULL AUTO_INCREMENT COMMENT 'Attribute Label Id',
  `attribute_id` smallint(5) unsigned NOT NULL DEFAULT '0' COMMENT 'Attribute Id',
  `store_id` smallint(5) unsigned NOT NULL DEFAULT '0' COMMENT 'Store Id',
  `value` varchar(255) DEFAULT NULL COMMENT 'Value',
  PRIMARY KEY (`attribute_label_id`),
  KEY `IDX_EAV_ATTRIBUTE_LABEL_ATTRIBUTE_ID` (`attribute_id`),
  KEY `IDX_EAV_ATTRIBUTE_LABEL_STORE_ID` (`store_id`),
  KEY `IDX_EAV_ATTRIBUTE_LABEL_ATTRIBUTE_ID_STORE_ID` (`attribute_id`,`store_id`),
  CONSTRAINT `FK_EAV_ATTRIBUTE_LABEL_ATTRIBUTE_ID_EAV_ATTRIBUTE_ATTRIBUTE_ID` FOREIGN KEY (`attribute_id`) REFERENCES `eav_attribute` (`attribute_id`) ON DELETE CASCADE ON UPDATE CASCADE,
  CONSTRAINT `FK_EAV_ATTRIBUTE_LABEL_STORE_ID_CORE_STORE_STORE_ID` FOREIGN KEY (`store_id`) REFERENCES `core_store` (`store_id`) ON DELETE CASCADE ON UPDATE CASCADE
) ENGINE=InnoDB DEFAULT CHARSET=utf8 COMMENT='Eav Attribute Label';

INSERT INTO `eav_attribute_label` (`attribute_label_id`, `attribute_id`, `store_id`, `value`) VALUES
(7,	133,	1,	'Featured Position'),
(15,	134,	1,	'Author'),
(16,	135,	1,	'Back Cover');

CREATE TABLE `eav_attribute_option` (
  `option_id` int(10) unsigned NOT NULL AUTO_INCREMENT COMMENT 'Option Id',
  `attribute_id` smallint(5) unsigned NOT NULL DEFAULT '0' COMMENT 'Attribute Id',
  `sort_order` smallint(5) unsigned NOT NULL DEFAULT '0' COMMENT 'Sort Order',
  PRIMARY KEY (`option_id`),
  KEY `IDX_EAV_ATTRIBUTE_OPTION_ATTRIBUTE_ID` (`attribute_id`),
  CONSTRAINT `FK_EAV_ATTRIBUTE_OPTION_ATTRIBUTE_ID_EAV_ATTRIBUTE_ATTRIBUTE_ID` FOREIGN KEY (`attribute_id`) REFERENCES `eav_attribute` (`attribute_id`) ON DELETE CASCADE ON UPDATE CASCADE
) ENGINE=InnoDB DEFAULT CHARSET=utf8 COMMENT='Eav Attribute Option';

INSERT INTO `eav_attribute_option` (`option_id`, `attribute_id`, `sort_order`) VALUES
(1,	18,	0),
(2,	18,	1),
(3,	134,	3),
(4,	134,	2),
(5,	134,	0),
(6,	134,	1),
(7,	134,	4),
(8,	134,	5),
(9,	134,	6),
(10,	134,	7),
(11,	134,	8),
(12,	134,	9);

CREATE TABLE `eav_attribute_option_value` (
  `value_id` int(10) unsigned NOT NULL AUTO_INCREMENT COMMENT 'Value Id',
  `option_id` int(10) unsigned NOT NULL DEFAULT '0' COMMENT 'Option Id',
  `store_id` smallint(5) unsigned NOT NULL DEFAULT '0' COMMENT 'Store Id',
  `value` varchar(255) DEFAULT NULL COMMENT 'Value',
  PRIMARY KEY (`value_id`),
  KEY `IDX_EAV_ATTRIBUTE_OPTION_VALUE_OPTION_ID` (`option_id`),
  KEY `IDX_EAV_ATTRIBUTE_OPTION_VALUE_STORE_ID` (`store_id`),
  CONSTRAINT `FK_EAV_ATTRIBUTE_OPTION_VALUE_STORE_ID_CORE_STORE_STORE_ID` FOREIGN KEY (`store_id`) REFERENCES `core_store` (`store_id`) ON DELETE CASCADE ON UPDATE CASCADE,
  CONSTRAINT `FK_EAV_ATTR_OPT_VAL_OPT_ID_EAV_ATTR_OPT_OPT_ID` FOREIGN KEY (`option_id`) REFERENCES `eav_attribute_option` (`option_id`) ON DELETE CASCADE ON UPDATE CASCADE
) ENGINE=InnoDB DEFAULT CHARSET=utf8 COMMENT='Eav Attribute Option Value';

INSERT INTO `eav_attribute_option_value` (`value_id`, `option_id`, `store_id`, `value`) VALUES
(1,	1,	0,	'Male'),
(2,	2,	0,	'Female'),
(97,	12,	0,	'Tobe Levin, editor'),
(98,	12,	1,	'Tobe Levin, editor'),
(99,	5,	0,	'Hubert Prolongeau'),
(100,	5,	1,	'Hubert Prolongeau'),
(101,	6,	0,	'Khady, with Marie-Therese Cuny'),
(102,	6,	1,	'Khady, with Marie-Therese Cuny'),
(103,	4,	0,	'Nick Hadikwa Mwaluko'),
(104,	4,	1,	'Nick Hadikwa Mwaluko'),
(105,	3,	0,	'Alice Walker'),
(106,	3,	1,	'Alice Walker'),
(107,	7,	0,	'Maria Kiminta and Tobe Levin'),
(108,	7,	1,	'Maria Kiminta and Tobe Levin'),
(109,	8,	0,	'Frankie Hutton'),
(110,	8,	1,	'Frankie Hutton'),
(111,	9,	0,	'Violet Barungi and Hilda Twongyeirwe'),
(112,	9,	1,	'Violet Barungi and Hilda Twongyeirwe'),
(113,	10,	0,	'Jeanie Kortum'),
(114,	10,	1,	'Jeanie Kortum'),
(115,	11,	0,	'Kameel Ahmady'),
(116,	11,	1,	'Kameel Ahmady');

CREATE TABLE `eav_attribute_set` (
  `attribute_set_id` smallint(5) unsigned NOT NULL AUTO_INCREMENT COMMENT 'Attribute Set Id',
  `entity_type_id` smallint(5) unsigned NOT NULL DEFAULT '0' COMMENT 'Entity Type Id',
  `attribute_set_name` varchar(255) DEFAULT NULL COMMENT 'Attribute Set Name',
  `sort_order` smallint(6) NOT NULL DEFAULT '0' COMMENT 'Sort Order',
  PRIMARY KEY (`attribute_set_id`),
  UNIQUE KEY `UNQ_EAV_ATTRIBUTE_SET_ENTITY_TYPE_ID_ATTRIBUTE_SET_NAME` (`entity_type_id`,`attribute_set_name`),
  KEY `IDX_EAV_ATTRIBUTE_SET_ENTITY_TYPE_ID_SORT_ORDER` (`entity_type_id`,`sort_order`),
  CONSTRAINT `FK_EAV_ATTR_SET_ENTT_TYPE_ID_EAV_ENTT_TYPE_ENTT_TYPE_ID` FOREIGN KEY (`entity_type_id`) REFERENCES `eav_entity_type` (`entity_type_id`) ON DELETE CASCADE ON UPDATE CASCADE
) ENGINE=InnoDB DEFAULT CHARSET=utf8 COMMENT='Eav Attribute Set';

INSERT INTO `eav_attribute_set` (`attribute_set_id`, `entity_type_id`, `attribute_set_name`, `sort_order`) VALUES
(1,	1,	'Default',	1),
(2,	2,	'Default',	1),
(3,	3,	'Default',	1),
(4,	4,	'Default',	1),
(5,	5,	'Default',	1),
(6,	6,	'Default',	1),
(7,	7,	'Default',	1),
(8,	8,	'Default',	1);

CREATE TABLE `eav_entity` (
  `entity_id` int(10) unsigned NOT NULL AUTO_INCREMENT COMMENT 'Entity Id',
  `entity_type_id` smallint(5) unsigned NOT NULL DEFAULT '0' COMMENT 'Entity Type Id',
  `attribute_set_id` smallint(5) unsigned NOT NULL DEFAULT '0' COMMENT 'Attribute Set Id',
  `increment_id` varchar(50) DEFAULT NULL COMMENT 'Increment Id',
  `parent_id` int(10) unsigned NOT NULL DEFAULT '0' COMMENT 'Parent Id',
  `store_id` smallint(5) unsigned NOT NULL DEFAULT '0' COMMENT 'Store Id',
  `created_at` timestamp NOT NULL DEFAULT '0000-00-00 00:00:00' COMMENT 'Created At',
  `updated_at` timestamp NOT NULL DEFAULT '0000-00-00 00:00:00' COMMENT 'Updated At',
  `is_active` smallint(5) unsigned NOT NULL DEFAULT '1' COMMENT 'Defines Is Entity Active',
  PRIMARY KEY (`entity_id`),
  KEY `IDX_EAV_ENTITY_ENTITY_TYPE_ID` (`entity_type_id`),
  KEY `IDX_EAV_ENTITY_STORE_ID` (`store_id`),
  CONSTRAINT `FK_EAV_ENTITY_ENTITY_TYPE_ID_EAV_ENTITY_TYPE_ENTITY_TYPE_ID` FOREIGN KEY (`entity_type_id`) REFERENCES `eav_entity_type` (`entity_type_id`) ON DELETE CASCADE ON UPDATE CASCADE,
  CONSTRAINT `FK_EAV_ENTITY_STORE_ID_CORE_STORE_STORE_ID` FOREIGN KEY (`store_id`) REFERENCES `core_store` (`store_id`) ON DELETE CASCADE ON UPDATE CASCADE
) ENGINE=InnoDB DEFAULT CHARSET=utf8 COMMENT='Eav Entity';


CREATE TABLE `eav_entity_attribute` (
  `entity_attribute_id` int(10) unsigned NOT NULL AUTO_INCREMENT COMMENT 'Entity Attribute Id',
  `entity_type_id` smallint(5) unsigned NOT NULL DEFAULT '0' COMMENT 'Entity Type Id',
  `attribute_set_id` smallint(5) unsigned NOT NULL DEFAULT '0' COMMENT 'Attribute Set Id',
  `attribute_group_id` smallint(5) unsigned NOT NULL DEFAULT '0' COMMENT 'Attribute Group Id',
  `attribute_id` smallint(5) unsigned NOT NULL DEFAULT '0' COMMENT 'Attribute Id',
  `sort_order` smallint(6) NOT NULL DEFAULT '0' COMMENT 'Sort Order',
  PRIMARY KEY (`entity_attribute_id`),
  UNIQUE KEY `UNQ_EAV_ENTITY_ATTRIBUTE_ATTRIBUTE_SET_ID_ATTRIBUTE_ID` (`attribute_set_id`,`attribute_id`),
  UNIQUE KEY `UNQ_EAV_ENTITY_ATTRIBUTE_ATTRIBUTE_GROUP_ID_ATTRIBUTE_ID` (`attribute_group_id`,`attribute_id`),
  KEY `IDX_EAV_ENTITY_ATTRIBUTE_ATTRIBUTE_SET_ID_SORT_ORDER` (`attribute_set_id`,`sort_order`),
  KEY `IDX_EAV_ENTITY_ATTRIBUTE_ATTRIBUTE_ID` (`attribute_id`),
  CONSTRAINT `FK_EAV_ENTITY_ATTRIBUTE_ATTRIBUTE_ID_EAV_ATTRIBUTE_ATTRIBUTE_ID` FOREIGN KEY (`attribute_id`) REFERENCES `eav_attribute` (`attribute_id`) ON DELETE CASCADE ON UPDATE CASCADE,
  CONSTRAINT `FK_EAV_ENTT_ATTR_ATTR_GROUP_ID_EAV_ATTR_GROUP_ATTR_GROUP_ID` FOREIGN KEY (`attribute_group_id`) REFERENCES `eav_attribute_group` (`attribute_group_id`) ON DELETE CASCADE ON UPDATE CASCADE
) ENGINE=InnoDB DEFAULT CHARSET=utf8 COMMENT='Eav Entity Attributes';

INSERT INTO `eav_entity_attribute` (`entity_attribute_id`, `entity_type_id`, `attribute_set_id`, `attribute_group_id`, `attribute_id`, `sort_order`) VALUES
(1,	1,	1,	1,	1,	10),
(2,	1,	1,	1,	2,	0),
(3,	1,	1,	1,	3,	20),
(4,	1,	1,	1,	4,	30),
(5,	1,	1,	1,	5,	40),
(6,	1,	1,	1,	6,	50),
(7,	1,	1,	1,	7,	60),
(8,	1,	1,	1,	8,	70),
(9,	1,	1,	1,	9,	80),
(10,	1,	1,	1,	10,	25),
(11,	1,	1,	1,	11,	90),
(12,	1,	1,	1,	12,	0),
(13,	1,	1,	1,	13,	0),
(14,	1,	1,	1,	14,	0),
(15,	1,	1,	1,	15,	100),
(16,	1,	1,	1,	16,	0),
(17,	1,	1,	1,	17,	86),
(18,	1,	1,	1,	18,	110),
(19,	2,	2,	2,	19,	10),
(20,	2,	2,	2,	20,	20),
(21,	2,	2,	2,	21,	30),
(22,	2,	2,	2,	22,	40),
(23,	2,	2,	2,	23,	50),
(24,	2,	2,	2,	24,	60),
(25,	2,	2,	2,	25,	70),
(26,	2,	2,	2,	26,	80),
(27,	2,	2,	2,	27,	90),
(28,	2,	2,	2,	28,	100),
(29,	2,	2,	2,	29,	100),
(30,	2,	2,	2,	30,	110),
(31,	2,	2,	2,	31,	120),
(32,	2,	2,	2,	32,	130),
(33,	1,	1,	1,	33,	111),
(34,	1,	1,	1,	34,	112),
(35,	1,	1,	1,	35,	28),
(36,	2,	2,	2,	36,	140),
(37,	2,	2,	2,	37,	132),
(38,	2,	2,	2,	38,	133),
(39,	2,	2,	2,	39,	134),
(40,	2,	2,	2,	40,	135),
(41,	3,	3,	4,	41,	1),
(42,	3,	3,	4,	42,	2),
(43,	3,	3,	4,	43,	3),
(44,	3,	3,	4,	44,	4),
(45,	3,	3,	4,	45,	5),
(46,	3,	3,	4,	46,	6),
(47,	3,	3,	4,	47,	7),
(48,	3,	3,	4,	48,	8),
(49,	3,	3,	5,	49,	10),
(50,	3,	3,	5,	50,	20),
(51,	3,	3,	5,	51,	30),
(52,	3,	3,	4,	52,	12),
(53,	3,	3,	4,	53,	13),
(54,	3,	3,	4,	54,	14),
(55,	3,	3,	4,	55,	15),
(56,	3,	3,	4,	56,	16),
(57,	3,	3,	4,	57,	17),
(58,	3,	3,	6,	58,	10),
(59,	3,	3,	6,	59,	30),
(60,	3,	3,	6,	60,	40),
(61,	3,	3,	6,	61,	50),
(62,	3,	3,	6,	62,	60),
(63,	3,	3,	4,	63,	24),
(64,	3,	3,	4,	64,	25),
(65,	3,	3,	5,	65,	40),
(66,	3,	3,	5,	66,	50),
(67,	3,	3,	4,	67,	10),
(68,	3,	3,	6,	68,	5),
(69,	3,	3,	6,	69,	6),
(70,	3,	3,	5,	70,	51),
(88,	4,	4,	7,	89,	6),
(96,	4,	4,	7,	98,	11),
(97,	4,	4,	8,	99,	8),
(106,	4,	4,	7,	108,	13),
(108,	4,	4,	7,	110,	14),
(109,	4,	4,	7,	111,	15),
(110,	4,	4,	7,	112,	16),
(111,	4,	4,	7,	113,	17),
(112,	4,	4,	7,	114,	18),
(113,	4,	4,	7,	115,	19),
(114,	4,	4,	7,	116,	20),
(121,	4,	4,	7,	123,	22),
(122,	4,	4,	7,	124,	23),
(123,	4,	4,	7,	125,	24),
(125,	4,	4,	7,	127,	25),
(126,	4,	4,	7,	128,	26),
(127,	4,	4,	7,	129,	27),
(128,	4,	4,	7,	130,	28),
(129,	4,	4,	7,	131,	29),
(369,	4,	4,	7,	71,	1),
(371,	4,	4,	7,	72,	3),
(373,	4,	4,	7,	73,	2),
(375,	4,	4,	7,	96,	6),
(377,	4,	4,	7,	97,	4),
(379,	4,	4,	7,	102,	5),
(381,	4,	4,	18,	74,	1),
(383,	4,	4,	18,	133,	3),
(385,	4,	4,	18,	134,	2),
(387,	4,	4,	19,	80,	1),
(389,	4,	4,	19,	90,	2),
(391,	4,	4,	19,	91,	7),
(393,	4,	4,	19,	93,	8),
(395,	4,	4,	19,	94,	3),
(397,	4,	4,	19,	117,	9),
(399,	4,	4,	19,	118,	5),
(401,	4,	4,	19,	119,	6),
(403,	4,	4,	19,	120,	4),
(405,	4,	4,	8,	75,	1),
(407,	4,	4,	8,	76,	2),
(409,	4,	4,	8,	77,	3),
(411,	4,	4,	8,	78,	4),
(413,	4,	4,	8,	121,	5),
(415,	4,	4,	8,	126,	6),
(417,	4,	4,	9,	82,	1),
(419,	4,	4,	9,	83,	2),
(421,	4,	4,	9,	84,	3),
(423,	4,	4,	10,	85,	1),
(425,	4,	4,	10,	86,	2),
(427,	4,	4,	10,	87,	3),
(429,	4,	4,	10,	88,	4),
(431,	4,	4,	10,	95,	5),
(433,	4,	4,	11,	100,	1),
(435,	4,	4,	11,	101,	2),
(437,	4,	4,	12,	103,	1),
(439,	4,	4,	12,	104,	2),
(441,	4,	4,	12,	105,	3),
(443,	4,	4,	12,	106,	4),
(445,	4,	4,	12,	107,	5),
(447,	4,	4,	12,	109,	6),
(449,	4,	4,	17,	122,	1),
(451,	4,	4,	18,	135,	5);

CREATE TABLE `eav_entity_datetime` (
  `value_id` int(11) NOT NULL AUTO_INCREMENT COMMENT 'Value Id',
  `entity_type_id` smallint(5) unsigned NOT NULL DEFAULT '0' COMMENT 'Entity Type Id',
  `attribute_id` smallint(5) unsigned NOT NULL DEFAULT '0' COMMENT 'Attribute Id',
  `store_id` smallint(5) unsigned NOT NULL DEFAULT '0' COMMENT 'Store Id',
  `entity_id` int(10) unsigned NOT NULL DEFAULT '0' COMMENT 'Entity Id',
  `value` datetime NOT NULL DEFAULT '0000-00-00 00:00:00' COMMENT 'Attribute Value',
  PRIMARY KEY (`value_id`),
  UNIQUE KEY `UNQ_EAV_ENTITY_DATETIME_ENTITY_ID_ATTRIBUTE_ID_STORE_ID` (`entity_id`,`attribute_id`,`store_id`),
  KEY `IDX_EAV_ENTITY_DATETIME_ENTITY_TYPE_ID` (`entity_type_id`),
  KEY `IDX_EAV_ENTITY_DATETIME_ATTRIBUTE_ID` (`attribute_id`),
  KEY `IDX_EAV_ENTITY_DATETIME_STORE_ID` (`store_id`),
  KEY `IDX_EAV_ENTITY_DATETIME_ENTITY_ID` (`entity_id`),
  KEY `IDX_EAV_ENTITY_DATETIME_ATTRIBUTE_ID_VALUE` (`attribute_id`,`value`),
  KEY `IDX_EAV_ENTITY_DATETIME_ENTITY_TYPE_ID_VALUE` (`entity_type_id`,`value`),
  CONSTRAINT `FK_EAV_ENTITY_DATETIME_ENTITY_ID_EAV_ENTITY_ENTITY_ID` FOREIGN KEY (`entity_id`) REFERENCES `eav_entity` (`entity_id`) ON DELETE CASCADE ON UPDATE CASCADE,
  CONSTRAINT `FK_EAV_ENTITY_DATETIME_STORE_ID_CORE_STORE_STORE_ID` FOREIGN KEY (`store_id`) REFERENCES `core_store` (`store_id`) ON DELETE CASCADE ON UPDATE CASCADE,
  CONSTRAINT `FK_EAV_ENTT_DTIME_ENTT_TYPE_ID_EAV_ENTT_TYPE_ENTT_TYPE_ID` FOREIGN KEY (`entity_type_id`) REFERENCES `eav_entity_type` (`entity_type_id`) ON DELETE CASCADE ON UPDATE CASCADE
) ENGINE=InnoDB DEFAULT CHARSET=utf8 COMMENT='Eav Entity Value Prefix';


CREATE TABLE `eav_entity_decimal` (
  `value_id` int(11) NOT NULL AUTO_INCREMENT COMMENT 'Value Id',
  `entity_type_id` smallint(5) unsigned NOT NULL DEFAULT '0' COMMENT 'Entity Type Id',
  `attribute_id` smallint(5) unsigned NOT NULL DEFAULT '0' COMMENT 'Attribute Id',
  `store_id` smallint(5) unsigned NOT NULL DEFAULT '0' COMMENT 'Store Id',
  `entity_id` int(10) unsigned NOT NULL DEFAULT '0' COMMENT 'Entity Id',
  `value` decimal(12,4) NOT NULL DEFAULT '0.0000' COMMENT 'Attribute Value',
  PRIMARY KEY (`value_id`),
  UNIQUE KEY `UNQ_EAV_ENTITY_DECIMAL_ENTITY_ID_ATTRIBUTE_ID_STORE_ID` (`entity_id`,`attribute_id`,`store_id`),
  KEY `IDX_EAV_ENTITY_DECIMAL_ENTITY_TYPE_ID` (`entity_type_id`),
  KEY `IDX_EAV_ENTITY_DECIMAL_ATTRIBUTE_ID` (`attribute_id`),
  KEY `IDX_EAV_ENTITY_DECIMAL_STORE_ID` (`store_id`),
  KEY `IDX_EAV_ENTITY_DECIMAL_ENTITY_ID` (`entity_id`),
  KEY `IDX_EAV_ENTITY_DECIMAL_ATTRIBUTE_ID_VALUE` (`attribute_id`,`value`),
  KEY `IDX_EAV_ENTITY_DECIMAL_ENTITY_TYPE_ID_VALUE` (`entity_type_id`,`value`),
  CONSTRAINT `FK_EAV_ENTITY_DECIMAL_ENTITY_ID_EAV_ENTITY_ENTITY_ID` FOREIGN KEY (`entity_id`) REFERENCES `eav_entity` (`entity_id`) ON DELETE CASCADE ON UPDATE CASCADE,
  CONSTRAINT `FK_EAV_ENTITY_DECIMAL_STORE_ID_CORE_STORE_STORE_ID` FOREIGN KEY (`store_id`) REFERENCES `core_store` (`store_id`) ON DELETE CASCADE ON UPDATE CASCADE,
  CONSTRAINT `FK_EAV_ENTT_DEC_ENTT_TYPE_ID_EAV_ENTT_TYPE_ENTT_TYPE_ID` FOREIGN KEY (`entity_type_id`) REFERENCES `eav_entity_type` (`entity_type_id`) ON DELETE CASCADE ON UPDATE CASCADE
) ENGINE=InnoDB DEFAULT CHARSET=utf8 COMMENT='Eav Entity Value Prefix';


CREATE TABLE `eav_entity_int` (
  `value_id` int(11) NOT NULL AUTO_INCREMENT COMMENT 'Value Id',
  `entity_type_id` smallint(5) unsigned NOT NULL DEFAULT '0' COMMENT 'Entity Type Id',
  `attribute_id` smallint(5) unsigned NOT NULL DEFAULT '0' COMMENT 'Attribute Id',
  `store_id` smallint(5) unsigned NOT NULL DEFAULT '0' COMMENT 'Store Id',
  `entity_id` int(10) unsigned NOT NULL DEFAULT '0' COMMENT 'Entity Id',
  `value` int(11) NOT NULL DEFAULT '0' COMMENT 'Attribute Value',
  PRIMARY KEY (`value_id`),
  UNIQUE KEY `UNQ_EAV_ENTITY_INT_ENTITY_ID_ATTRIBUTE_ID_STORE_ID` (`entity_id`,`attribute_id`,`store_id`),
  KEY `IDX_EAV_ENTITY_INT_ENTITY_TYPE_ID` (`entity_type_id`),
  KEY `IDX_EAV_ENTITY_INT_ATTRIBUTE_ID` (`attribute_id`),
  KEY `IDX_EAV_ENTITY_INT_STORE_ID` (`store_id`),
  KEY `IDX_EAV_ENTITY_INT_ENTITY_ID` (`entity_id`),
  KEY `IDX_EAV_ENTITY_INT_ATTRIBUTE_ID_VALUE` (`attribute_id`,`value`),
  KEY `IDX_EAV_ENTITY_INT_ENTITY_TYPE_ID_VALUE` (`entity_type_id`,`value`),
  CONSTRAINT `FK_EAV_ENTITY_INT_ENTITY_ID_EAV_ENTITY_ENTITY_ID` FOREIGN KEY (`entity_id`) REFERENCES `eav_entity` (`entity_id`) ON DELETE CASCADE ON UPDATE CASCADE,
  CONSTRAINT `FK_EAV_ENTITY_INT_ENTITY_TYPE_ID_EAV_ENTITY_TYPE_ENTITY_TYPE_ID` FOREIGN KEY (`entity_type_id`) REFERENCES `eav_entity_type` (`entity_type_id`) ON DELETE CASCADE ON UPDATE CASCADE,
  CONSTRAINT `FK_EAV_ENTITY_INT_STORE_ID_CORE_STORE_STORE_ID` FOREIGN KEY (`store_id`) REFERENCES `core_store` (`store_id`) ON DELETE CASCADE ON UPDATE CASCADE
) ENGINE=InnoDB DEFAULT CHARSET=utf8 COMMENT='Eav Entity Value Prefix';


CREATE TABLE `eav_entity_store` (
  `entity_store_id` int(10) unsigned NOT NULL AUTO_INCREMENT COMMENT 'Entity Store Id',
  `entity_type_id` smallint(5) unsigned NOT NULL DEFAULT '0' COMMENT 'Entity Type Id',
  `store_id` smallint(5) unsigned NOT NULL DEFAULT '0' COMMENT 'Store Id',
  `increment_prefix` varchar(20) DEFAULT NULL COMMENT 'Increment Prefix',
  `increment_last_id` varchar(50) DEFAULT NULL COMMENT 'Last Incremented Id',
  PRIMARY KEY (`entity_store_id`),
  KEY `IDX_EAV_ENTITY_STORE_ENTITY_TYPE_ID` (`entity_type_id`),
  KEY `IDX_EAV_ENTITY_STORE_STORE_ID` (`store_id`),
  CONSTRAINT `FK_EAV_ENTITY_STORE_STORE_ID_CORE_STORE_STORE_ID` FOREIGN KEY (`store_id`) REFERENCES `core_store` (`store_id`) ON DELETE CASCADE ON UPDATE CASCADE,
  CONSTRAINT `FK_EAV_ENTT_STORE_ENTT_TYPE_ID_EAV_ENTT_TYPE_ENTT_TYPE_ID` FOREIGN KEY (`entity_type_id`) REFERENCES `eav_entity_type` (`entity_type_id`) ON DELETE CASCADE ON UPDATE CASCADE
) ENGINE=InnoDB DEFAULT CHARSET=utf8 COMMENT='Eav Entity Store';

INSERT INTO `eav_entity_store` (`entity_store_id`, `entity_type_id`, `store_id`, `increment_prefix`, `increment_last_id`) VALUES
(1,	5,	1,	'1',	'100000009'),
(2,	6,	1,	'1',	'100000007'),
(3,	8,	1,	'1',	'100000001');

CREATE TABLE `eav_entity_text` (
  `value_id` int(11) NOT NULL AUTO_INCREMENT COMMENT 'Value Id',
  `entity_type_id` smallint(5) unsigned NOT NULL DEFAULT '0' COMMENT 'Entity Type Id',
  `attribute_id` smallint(5) unsigned NOT NULL DEFAULT '0' COMMENT 'Attribute Id',
  `store_id` smallint(5) unsigned NOT NULL DEFAULT '0' COMMENT 'Store Id',
  `entity_id` int(10) unsigned NOT NULL DEFAULT '0' COMMENT 'Entity Id',
  `value` text NOT NULL COMMENT 'Attribute Value',
  PRIMARY KEY (`value_id`),
  UNIQUE KEY `UNQ_EAV_ENTITY_TEXT_ENTITY_ID_ATTRIBUTE_ID_STORE_ID` (`entity_id`,`attribute_id`,`store_id`),
  KEY `IDX_EAV_ENTITY_TEXT_ENTITY_TYPE_ID` (`entity_type_id`),
  KEY `IDX_EAV_ENTITY_TEXT_ATTRIBUTE_ID` (`attribute_id`),
  KEY `IDX_EAV_ENTITY_TEXT_STORE_ID` (`store_id`),
  KEY `IDX_EAV_ENTITY_TEXT_ENTITY_ID` (`entity_id`),
  CONSTRAINT `FK_EAV_ENTITY_TEXT_ENTITY_ID_EAV_ENTITY_ENTITY_ID` FOREIGN KEY (`entity_id`) REFERENCES `eav_entity` (`entity_id`) ON DELETE CASCADE ON UPDATE CASCADE,
  CONSTRAINT `FK_EAV_ENTITY_TEXT_ENTITY_TYPE_ID_EAV_ENTITY_TYPE_ENTITY_TYPE_ID` FOREIGN KEY (`entity_type_id`) REFERENCES `eav_entity_type` (`entity_type_id`) ON DELETE CASCADE ON UPDATE CASCADE,
  CONSTRAINT `FK_EAV_ENTITY_TEXT_STORE_ID_CORE_STORE_STORE_ID` FOREIGN KEY (`store_id`) REFERENCES `core_store` (`store_id`) ON DELETE CASCADE ON UPDATE CASCADE
) ENGINE=InnoDB DEFAULT CHARSET=utf8 COMMENT='Eav Entity Value Prefix';


CREATE TABLE `eav_entity_type` (
  `entity_type_id` smallint(5) unsigned NOT NULL AUTO_INCREMENT COMMENT 'Entity Type Id',
  `entity_type_code` varchar(50) NOT NULL COMMENT 'Entity Type Code',
  `entity_model` varchar(255) NOT NULL COMMENT 'Entity Model',
  `attribute_model` varchar(255) DEFAULT NULL COMMENT 'Attribute Model',
  `entity_table` varchar(255) DEFAULT NULL COMMENT 'Entity Table',
  `value_table_prefix` varchar(255) DEFAULT NULL COMMENT 'Value Table Prefix',
  `entity_id_field` varchar(255) DEFAULT NULL COMMENT 'Entity Id Field',
  `is_data_sharing` smallint(5) unsigned NOT NULL DEFAULT '1' COMMENT 'Defines Is Data Sharing',
  `data_sharing_key` varchar(100) DEFAULT 'default' COMMENT 'Data Sharing Key',
  `default_attribute_set_id` smallint(5) unsigned NOT NULL DEFAULT '0' COMMENT 'Default Attribute Set Id',
  `increment_model` varchar(255) DEFAULT '' COMMENT 'Increment Model',
  `increment_per_store` smallint(5) unsigned NOT NULL DEFAULT '0' COMMENT 'Increment Per Store',
  `increment_pad_length` smallint(5) unsigned NOT NULL DEFAULT '8' COMMENT 'Increment Pad Length',
  `increment_pad_char` varchar(1) NOT NULL DEFAULT '0' COMMENT 'Increment Pad Char',
  `additional_attribute_table` varchar(255) DEFAULT '' COMMENT 'Additional Attribute Table',
  `entity_attribute_collection` varchar(255) DEFAULT NULL COMMENT 'Entity Attribute Collection',
  PRIMARY KEY (`entity_type_id`),
  KEY `IDX_EAV_ENTITY_TYPE_ENTITY_TYPE_CODE` (`entity_type_code`)
) ENGINE=InnoDB DEFAULT CHARSET=utf8 COMMENT='Eav Entity Type';

INSERT INTO `eav_entity_type` (`entity_type_id`, `entity_type_code`, `entity_model`, `attribute_model`, `entity_table`, `value_table_prefix`, `entity_id_field`, `is_data_sharing`, `data_sharing_key`, `default_attribute_set_id`, `increment_model`, `increment_per_store`, `increment_pad_length`, `increment_pad_char`, `additional_attribute_table`, `entity_attribute_collection`) VALUES
(1,	'customer',	'customer/customer',	'customer/attribute',	'customer/entity',	NULL,	NULL,	1,	'default',	1,	'eav/entity_increment_numeric',	0,	8,	'0',	'customer/eav_attribute',	'customer/attribute_collection'),
(2,	'customer_address',	'customer/address',	'customer/attribute',	'customer/address_entity',	NULL,	NULL,	1,	'default',	2,	NULL,	0,	8,	'0',	'customer/eav_attribute',	'customer/address_attribute_collection'),
(3,	'catalog_category',	'catalog/category',	'catalog/resource_eav_attribute',	'catalog/category',	NULL,	NULL,	1,	'default',	3,	NULL,	0,	8,	'0',	'catalog/eav_attribute',	'catalog/category_attribute_collection'),
(4,	'catalog_product',	'catalog/product',	'catalog/resource_eav_attribute',	'catalog/product',	NULL,	NULL,	1,	'default',	4,	NULL,	0,	8,	'0',	'catalog/eav_attribute',	'catalog/product_attribute_collection'),
(5,	'order',	'sales/order',	NULL,	'sales/order',	NULL,	NULL,	1,	'default',	0,	'eav/entity_increment_numeric',	1,	8,	'0',	NULL,	NULL),
(6,	'invoice',	'sales/order_invoice',	NULL,	'sales/invoice',	NULL,	NULL,	1,	'default',	0,	'eav/entity_increment_numeric',	1,	8,	'0',	NULL,	NULL),
(7,	'creditmemo',	'sales/order_creditmemo',	NULL,	'sales/creditmemo',	NULL,	NULL,	1,	'default',	0,	'eav/entity_increment_numeric',	1,	8,	'0',	NULL,	NULL),
(8,	'shipment',	'sales/order_shipment',	NULL,	'sales/shipment',	NULL,	NULL,	1,	'default',	0,	'eav/entity_increment_numeric',	1,	8,	'0',	NULL,	NULL);

CREATE TABLE `eav_entity_varchar` (
  `value_id` int(11) NOT NULL AUTO_INCREMENT COMMENT 'Value Id',
  `entity_type_id` smallint(5) unsigned NOT NULL DEFAULT '0' COMMENT 'Entity Type Id',
  `attribute_id` smallint(5) unsigned NOT NULL DEFAULT '0' COMMENT 'Attribute Id',
  `store_id` smallint(5) unsigned NOT NULL DEFAULT '0' COMMENT 'Store Id',
  `entity_id` int(10) unsigned NOT NULL DEFAULT '0' COMMENT 'Entity Id',
  `value` varchar(255) DEFAULT NULL COMMENT 'Attribute Value',
  PRIMARY KEY (`value_id`),
  UNIQUE KEY `UNQ_EAV_ENTITY_VARCHAR_ENTITY_ID_ATTRIBUTE_ID_STORE_ID` (`entity_id`,`attribute_id`,`store_id`),
  KEY `IDX_EAV_ENTITY_VARCHAR_ENTITY_TYPE_ID` (`entity_type_id`),
  KEY `IDX_EAV_ENTITY_VARCHAR_ATTRIBUTE_ID` (`attribute_id`),
  KEY `IDX_EAV_ENTITY_VARCHAR_STORE_ID` (`store_id`),
  KEY `IDX_EAV_ENTITY_VARCHAR_ENTITY_ID` (`entity_id`),
  KEY `IDX_EAV_ENTITY_VARCHAR_ATTRIBUTE_ID_VALUE` (`attribute_id`,`value`),
  KEY `IDX_EAV_ENTITY_VARCHAR_ENTITY_TYPE_ID_VALUE` (`entity_type_id`,`value`),
  CONSTRAINT `FK_EAV_ENTITY_VARCHAR_ENTITY_ID_EAV_ENTITY_ENTITY_ID` FOREIGN KEY (`entity_id`) REFERENCES `eav_entity` (`entity_id`) ON DELETE CASCADE ON UPDATE CASCADE,
  CONSTRAINT `FK_EAV_ENTITY_VARCHAR_STORE_ID_CORE_STORE_STORE_ID` FOREIGN KEY (`store_id`) REFERENCES `core_store` (`store_id`) ON DELETE CASCADE ON UPDATE CASCADE,
  CONSTRAINT `FK_EAV_ENTT_VCHR_ENTT_TYPE_ID_EAV_ENTT_TYPE_ENTT_TYPE_ID` FOREIGN KEY (`entity_type_id`) REFERENCES `eav_entity_type` (`entity_type_id`) ON DELETE CASCADE ON UPDATE CASCADE
) ENGINE=InnoDB DEFAULT CHARSET=utf8 COMMENT='Eav Entity Value Prefix';


CREATE TABLE `eav_form_element` (
  `element_id` int(10) unsigned NOT NULL AUTO_INCREMENT COMMENT 'Element Id',
  `type_id` smallint(5) unsigned NOT NULL COMMENT 'Type Id',
  `fieldset_id` smallint(5) unsigned DEFAULT NULL COMMENT 'Fieldset Id',
  `attribute_id` smallint(5) unsigned NOT NULL COMMENT 'Attribute Id',
  `sort_order` int(11) NOT NULL DEFAULT '0' COMMENT 'Sort Order',
  PRIMARY KEY (`element_id`),
  UNIQUE KEY `UNQ_EAV_FORM_ELEMENT_TYPE_ID_ATTRIBUTE_ID` (`type_id`,`attribute_id`),
  KEY `IDX_EAV_FORM_ELEMENT_TYPE_ID` (`type_id`),
  KEY `IDX_EAV_FORM_ELEMENT_FIELDSET_ID` (`fieldset_id`),
  KEY `IDX_EAV_FORM_ELEMENT_ATTRIBUTE_ID` (`attribute_id`),
  CONSTRAINT `FK_EAV_FORM_ELEMENT_ATTRIBUTE_ID_EAV_ATTRIBUTE_ATTRIBUTE_ID` FOREIGN KEY (`attribute_id`) REFERENCES `eav_attribute` (`attribute_id`) ON DELETE CASCADE ON UPDATE CASCADE,
  CONSTRAINT `FK_EAV_FORM_ELEMENT_FIELDSET_ID_EAV_FORM_FIELDSET_FIELDSET_ID` FOREIGN KEY (`fieldset_id`) REFERENCES `eav_form_fieldset` (`fieldset_id`) ON DELETE SET NULL ON UPDATE CASCADE,
  CONSTRAINT `FK_EAV_FORM_ELEMENT_TYPE_ID_EAV_FORM_TYPE_TYPE_ID` FOREIGN KEY (`type_id`) REFERENCES `eav_form_type` (`type_id`) ON DELETE CASCADE ON UPDATE CASCADE
) ENGINE=InnoDB DEFAULT CHARSET=utf8 COMMENT='Eav Form Element';

INSERT INTO `eav_form_element` (`element_id`, `type_id`, `fieldset_id`, `attribute_id`, `sort_order`) VALUES
(1,	1,	NULL,	20,	0),
(2,	1,	NULL,	21,	1),
(3,	1,	NULL,	22,	2),
(4,	1,	NULL,	24,	3),
(5,	1,	NULL,	9,	4),
(6,	1,	NULL,	25,	5),
(7,	1,	NULL,	26,	6),
(8,	1,	NULL,	28,	7),
(9,	1,	NULL,	30,	8),
(10,	1,	NULL,	27,	9),
(11,	1,	NULL,	31,	10),
(12,	1,	NULL,	32,	11),
(13,	2,	NULL,	20,	0),
(14,	2,	NULL,	21,	1),
(15,	2,	NULL,	22,	2),
(16,	2,	NULL,	24,	3),
(17,	2,	NULL,	9,	4),
(18,	2,	NULL,	25,	5),
(19,	2,	NULL,	26,	6),
(20,	2,	NULL,	28,	7),
(21,	2,	NULL,	30,	8),
(22,	2,	NULL,	27,	9),
(23,	2,	NULL,	31,	10),
(24,	2,	NULL,	32,	11),
(25,	3,	NULL,	20,	0),
(26,	3,	NULL,	21,	1),
(27,	3,	NULL,	22,	2),
(28,	3,	NULL,	24,	3),
(29,	3,	NULL,	25,	4),
(30,	3,	NULL,	26,	5),
(31,	3,	NULL,	28,	6),
(32,	3,	NULL,	30,	7),
(33,	3,	NULL,	27,	8),
(34,	3,	NULL,	31,	9),
(35,	3,	NULL,	32,	10),
(36,	4,	NULL,	20,	0),
(37,	4,	NULL,	21,	1),
(38,	4,	NULL,	22,	2),
(39,	4,	NULL,	24,	3),
(40,	4,	NULL,	25,	4),
(41,	4,	NULL,	26,	5),
(42,	4,	NULL,	28,	6),
(43,	4,	NULL,	30,	7),
(44,	4,	NULL,	27,	8),
(45,	4,	NULL,	31,	9),
(46,	4,	NULL,	32,	10),
(47,	5,	1,	5,	0),
(48,	5,	1,	6,	1),
(49,	5,	1,	7,	2),
(50,	5,	1,	9,	3),
(51,	5,	2,	24,	0),
(52,	5,	2,	31,	1),
(53,	5,	2,	25,	2),
(54,	5,	2,	26,	3),
(55,	5,	2,	28,	4),
(56,	5,	2,	30,	5),
(57,	5,	2,	27,	6);

CREATE TABLE `eav_form_fieldset` (
  `fieldset_id` smallint(5) unsigned NOT NULL AUTO_INCREMENT COMMENT 'Fieldset Id',
  `type_id` smallint(5) unsigned NOT NULL COMMENT 'Type Id',
  `code` varchar(64) NOT NULL COMMENT 'Code',
  `sort_order` int(11) NOT NULL DEFAULT '0' COMMENT 'Sort Order',
  PRIMARY KEY (`fieldset_id`),
  UNIQUE KEY `UNQ_EAV_FORM_FIELDSET_TYPE_ID_CODE` (`type_id`,`code`),
  KEY `IDX_EAV_FORM_FIELDSET_TYPE_ID` (`type_id`),
  CONSTRAINT `FK_EAV_FORM_FIELDSET_TYPE_ID_EAV_FORM_TYPE_TYPE_ID` FOREIGN KEY (`type_id`) REFERENCES `eav_form_type` (`type_id`) ON DELETE CASCADE ON UPDATE CASCADE
) ENGINE=InnoDB DEFAULT CHARSET=utf8 COMMENT='Eav Form Fieldset';

INSERT INTO `eav_form_fieldset` (`fieldset_id`, `type_id`, `code`, `sort_order`) VALUES
(1,	5,	'general',	1),
(2,	5,	'address',	2);

CREATE TABLE `eav_form_fieldset_label` (
  `fieldset_id` smallint(5) unsigned NOT NULL COMMENT 'Fieldset Id',
  `store_id` smallint(5) unsigned NOT NULL COMMENT 'Store Id',
  `label` varchar(255) NOT NULL COMMENT 'Label',
  PRIMARY KEY (`fieldset_id`,`store_id`),
  KEY `IDX_EAV_FORM_FIELDSET_LABEL_FIELDSET_ID` (`fieldset_id`),
  KEY `IDX_EAV_FORM_FIELDSET_LABEL_STORE_ID` (`store_id`),
  CONSTRAINT `FK_EAV_FORM_FIELDSET_LABEL_STORE_ID_CORE_STORE_STORE_ID` FOREIGN KEY (`store_id`) REFERENCES `core_store` (`store_id`) ON DELETE CASCADE ON UPDATE CASCADE,
  CONSTRAINT `FK_EAV_FORM_FSET_LBL_FSET_ID_EAV_FORM_FSET_FSET_ID` FOREIGN KEY (`fieldset_id`) REFERENCES `eav_form_fieldset` (`fieldset_id`) ON DELETE CASCADE ON UPDATE CASCADE
) ENGINE=InnoDB DEFAULT CHARSET=utf8 COMMENT='Eav Form Fieldset Label';

INSERT INTO `eav_form_fieldset_label` (`fieldset_id`, `store_id`, `label`) VALUES
(1,	0,	'Personal Information'),
(2,	0,	'Address Information');

CREATE TABLE `eav_form_type` (
  `type_id` smallint(5) unsigned NOT NULL AUTO_INCREMENT COMMENT 'Type Id',
  `code` varchar(64) NOT NULL COMMENT 'Code',
  `label` varchar(255) NOT NULL COMMENT 'Label',
  `is_system` smallint(5) unsigned NOT NULL DEFAULT '0' COMMENT 'Is System',
  `theme` varchar(64) DEFAULT NULL COMMENT 'Theme',
  `store_id` smallint(5) unsigned NOT NULL COMMENT 'Store Id',
  PRIMARY KEY (`type_id`),
  UNIQUE KEY `UNQ_EAV_FORM_TYPE_CODE_THEME_STORE_ID` (`code`,`theme`,`store_id`),
  KEY `IDX_EAV_FORM_TYPE_STORE_ID` (`store_id`),
  CONSTRAINT `FK_EAV_FORM_TYPE_STORE_ID_CORE_STORE_STORE_ID` FOREIGN KEY (`store_id`) REFERENCES `core_store` (`store_id`) ON DELETE CASCADE ON UPDATE CASCADE
) ENGINE=InnoDB DEFAULT CHARSET=utf8 COMMENT='Eav Form Type';

INSERT INTO `eav_form_type` (`type_id`, `code`, `label`, `is_system`, `theme`, `store_id`) VALUES
(1,	'checkout_onepage_register',	'checkout_onepage_register',	1,	'',	0),
(2,	'checkout_onepage_register_guest',	'checkout_onepage_register_guest',	1,	'',	0),
(3,	'checkout_onepage_billing_address',	'checkout_onepage_billing_address',	1,	'',	0),
(4,	'checkout_onepage_shipping_address',	'checkout_onepage_shipping_address',	1,	'',	0),
(5,	'checkout_multishipping_register',	'checkout_multishipping_register',	1,	'',	0);

CREATE TABLE `eav_form_type_entity` (
  `type_id` smallint(5) unsigned NOT NULL COMMENT 'Type Id',
  `entity_type_id` smallint(5) unsigned NOT NULL COMMENT 'Entity Type Id',
  PRIMARY KEY (`type_id`,`entity_type_id`),
  KEY `IDX_EAV_FORM_TYPE_ENTITY_ENTITY_TYPE_ID` (`entity_type_id`),
  CONSTRAINT `FK_EAV_FORM_TYPE_ENTITY_TYPE_ID_EAV_FORM_TYPE_TYPE_ID` FOREIGN KEY (`type_id`) REFERENCES `eav_form_type` (`type_id`) ON DELETE CASCADE ON UPDATE CASCADE,
  CONSTRAINT `FK_EAV_FORM_TYPE_ENTT_ENTT_TYPE_ID_EAV_ENTT_TYPE_ENTT_TYPE_ID` FOREIGN KEY (`entity_type_id`) REFERENCES `eav_entity_type` (`entity_type_id`) ON DELETE CASCADE ON UPDATE CASCADE
) ENGINE=InnoDB DEFAULT CHARSET=utf8 COMMENT='Eav Form Type Entity';

INSERT INTO `eav_form_type_entity` (`type_id`, `entity_type_id`) VALUES
(1,	1),
(2,	1),
(5,	1),
(1,	2),
(2,	2),
(3,	2),
(4,	2),
(5,	2);

CREATE TABLE `gift_message` (
  `gift_message_id` int(10) unsigned NOT NULL AUTO_INCREMENT COMMENT 'GiftMessage Id',
  `customer_id` int(10) unsigned NOT NULL DEFAULT '0' COMMENT 'Customer id',
  `sender` varchar(255) DEFAULT NULL COMMENT 'Sender',
  `recipient` varchar(255) DEFAULT NULL COMMENT 'Recipient',
  `message` text COMMENT 'Message',
  PRIMARY KEY (`gift_message_id`)
) ENGINE=InnoDB DEFAULT CHARSET=utf8 COMMENT='Gift Message';


CREATE TABLE `imaclean` (
  `imaclean_id` int(11) unsigned NOT NULL AUTO_INCREMENT,
  `filename` varchar(255) NOT NULL DEFAULT '',
  PRIMARY KEY (`imaclean_id`),
  UNIQUE KEY `filename` (`filename`)
) ENGINE=InnoDB DEFAULT CHARSET=utf8;


CREATE TABLE `importexport_importdata` (
  `id` int(10) unsigned NOT NULL AUTO_INCREMENT COMMENT 'Id',
  `entity` varchar(50) NOT NULL COMMENT 'Entity',
  `behavior` varchar(10) NOT NULL DEFAULT 'append' COMMENT 'Behavior',
  `data` longtext COMMENT 'Data',
  PRIMARY KEY (`id`)
) ENGINE=InnoDB DEFAULT CHARSET=utf8 COMMENT='Import Data Table';


CREATE TABLE `index_event` (
  `event_id` bigint(20) unsigned NOT NULL AUTO_INCREMENT COMMENT 'Event Id',
  `type` varchar(64) NOT NULL COMMENT 'Type',
  `entity` varchar(64) NOT NULL COMMENT 'Entity',
  `entity_pk` bigint(20) DEFAULT NULL COMMENT 'Entity Primary Key',
  `created_at` timestamp NOT NULL DEFAULT '0000-00-00 00:00:00' COMMENT 'Creation Time',
  `old_data` mediumtext COMMENT 'Old Data',
  `new_data` mediumtext COMMENT 'New Data',
  PRIMARY KEY (`event_id`),
  UNIQUE KEY `UNQ_INDEX_EVENT_TYPE_ENTITY_ENTITY_PK` (`type`,`entity`,`entity_pk`)
) ENGINE=InnoDB DEFAULT CHARSET=utf8 COMMENT='Index Event';


CREATE TABLE `index_process` (
  `process_id` int(10) unsigned NOT NULL AUTO_INCREMENT COMMENT 'Process Id',
  `indexer_code` varchar(32) NOT NULL COMMENT 'Indexer Code',
  `status` varchar(15) NOT NULL DEFAULT 'pending' COMMENT 'Status',
  `started_at` timestamp NULL DEFAULT NULL COMMENT 'Started At',
  `ended_at` timestamp NULL DEFAULT NULL COMMENT 'Ended At',
  `mode` varchar(9) NOT NULL DEFAULT 'real_time' COMMENT 'Mode',
  PRIMARY KEY (`process_id`),
  UNIQUE KEY `UNQ_INDEX_PROCESS_INDEXER_CODE` (`indexer_code`)
) ENGINE=InnoDB DEFAULT CHARSET=utf8 COMMENT='Index Process';

INSERT INTO `index_process` (`process_id`, `indexer_code`, `status`, `started_at`, `ended_at`, `mode`) VALUES
(1,	'catalog_product_attribute',	'pending',	'2018-06-28 16:07:39',	'2018-06-28 16:07:39',	'real_time'),
(2,	'catalog_product_price',	'pending',	'2018-06-28 16:07:39',	'2018-06-28 16:07:39',	'real_time'),
(3,	'catalog_url',	'pending',	'2018-06-28 16:07:39',	'2018-06-28 16:07:39',	'real_time'),
(4,	'catalog_product_flat',	'pending',	'2017-07-17 12:07:24',	'2017-07-17 12:07:24',	'real_time'),
(5,	'catalog_category_flat',	'pending',	'2017-07-17 12:07:24',	'2017-07-17 12:07:24',	'real_time'),
(6,	'catalog_category_product',	'pending',	'2018-06-28 16:07:39',	'2018-06-28 16:07:39',	'real_time'),
(7,	'catalogsearch_fulltext',	'pending',	'2018-06-28 16:07:39',	'2018-06-28 16:07:39',	'real_time'),
(8,	'cataloginventory_stock',	'pending',	'2018-06-28 16:07:39',	'2018-06-28 16:07:39',	'real_time'),
(9,	'tag_summary',	'pending',	'2018-06-28 16:07:39',	'2018-06-28 16:07:39',	'real_time');

CREATE TABLE `index_process_event` (
  `process_id` int(10) unsigned NOT NULL COMMENT 'Process Id',
  `event_id` bigint(20) unsigned NOT NULL COMMENT 'Event Id',
  `status` varchar(7) NOT NULL DEFAULT 'new' COMMENT 'Status',
  PRIMARY KEY (`process_id`,`event_id`),
  KEY `IDX_INDEX_PROCESS_EVENT_EVENT_ID` (`event_id`),
  CONSTRAINT `FK_INDEX_PROCESS_EVENT_EVENT_ID_INDEX_EVENT_EVENT_ID` FOREIGN KEY (`event_id`) REFERENCES `index_event` (`event_id`) ON DELETE CASCADE ON UPDATE CASCADE,
  CONSTRAINT `FK_INDEX_PROCESS_EVENT_PROCESS_ID_INDEX_PROCESS_PROCESS_ID` FOREIGN KEY (`process_id`) REFERENCES `index_process` (`process_id`) ON DELETE CASCADE ON UPDATE CASCADE
) ENGINE=InnoDB DEFAULT CHARSET=utf8 COMMENT='Index Process Event';


CREATE TABLE `lightningsource` (
  `id` int(11) NOT NULL AUTO_INCREMENT,
  `result_file_name` varchar(255) NOT NULL,
  `result_file_content` text NOT NULL,
  `actions` text NOT NULL,
  `date_time` datetime NOT NULL,
  `server_addr` varchar(255) NOT NULL,
  PRIMARY KEY (`id`)
) ENGINE=MyISAM DEFAULT CHARSET=utf8;


CREATE TABLE `lightningsource_us_orders` (
  `order_id` varchar(255) NOT NULL,
  `email_alert_sent_date` datetime NOT NULL
) ENGINE=MyISAM DEFAULT CHARSET=utf8;


CREATE TABLE `log_customer` (
  `log_id` int(10) unsigned NOT NULL AUTO_INCREMENT COMMENT 'Log ID',
  `visitor_id` bigint(20) unsigned DEFAULT NULL COMMENT 'Visitor ID',
  `customer_id` int(11) NOT NULL DEFAULT '0' COMMENT 'Customer ID',
  `login_at` timestamp NOT NULL DEFAULT '0000-00-00 00:00:00' COMMENT 'Login Time',
  `logout_at` timestamp NULL DEFAULT NULL COMMENT 'Logout Time',
  `store_id` smallint(5) unsigned NOT NULL COMMENT 'Store ID',
  PRIMARY KEY (`log_id`),
  KEY `IDX_LOG_CUSTOMER_VISITOR_ID` (`visitor_id`)
) ENGINE=InnoDB DEFAULT CHARSET=utf8 COMMENT='Log Customers Table';


CREATE TABLE `log_quote` (
  `quote_id` int(10) unsigned NOT NULL DEFAULT '0' COMMENT 'Quote ID',
  `visitor_id` bigint(20) unsigned DEFAULT NULL COMMENT 'Visitor ID',
  `created_at` timestamp NOT NULL DEFAULT '0000-00-00 00:00:00' COMMENT 'Creation Time',
  `deleted_at` timestamp NULL DEFAULT NULL COMMENT 'Deletion Time',
  PRIMARY KEY (`quote_id`)
) ENGINE=InnoDB DEFAULT CHARSET=utf8 COMMENT='Log Quotes Table';


CREATE TABLE `log_summary` (
  `summary_id` bigint(20) unsigned NOT NULL AUTO_INCREMENT COMMENT 'Summary ID',
  `store_id` smallint(5) unsigned NOT NULL COMMENT 'Store ID',
  `type_id` smallint(5) unsigned DEFAULT NULL COMMENT 'Type ID',
  `visitor_count` int(11) NOT NULL DEFAULT '0' COMMENT 'Visitor Count',
  `customer_count` int(11) NOT NULL DEFAULT '0' COMMENT 'Customer Count',
  `add_date` timestamp NOT NULL DEFAULT '0000-00-00 00:00:00' COMMENT 'Date',
  PRIMARY KEY (`summary_id`)
) ENGINE=InnoDB DEFAULT CHARSET=utf8 COMMENT='Log Summary Table';


CREATE TABLE `log_summary_type` (
  `type_id` smallint(5) unsigned NOT NULL AUTO_INCREMENT COMMENT 'Type ID',
  `type_code` varchar(64) DEFAULT NULL COMMENT 'Type Code',
  `period` smallint(5) unsigned NOT NULL DEFAULT '0' COMMENT 'Period',
  `period_type` varchar(6) NOT NULL DEFAULT 'MINUTE' COMMENT 'Period Type',
  PRIMARY KEY (`type_id`)
) ENGINE=InnoDB DEFAULT CHARSET=utf8 COMMENT='Log Summary Types Table';


CREATE TABLE `log_url` (
  `url_id` bigint(20) unsigned NOT NULL DEFAULT '0' COMMENT 'URL ID',
  `visitor_id` bigint(20) unsigned DEFAULT NULL COMMENT 'Visitor ID',
  `visit_time` timestamp NOT NULL DEFAULT '0000-00-00 00:00:00' COMMENT 'Visit Time',
  KEY `IDX_LOG_URL_VISITOR_ID` (`visitor_id`),
  KEY `url_id` (`url_id`)
) ENGINE=InnoDB DEFAULT CHARSET=utf8 COMMENT='Log URL Table';


CREATE TABLE `log_url_info` (
  `url_id` bigint(20) unsigned NOT NULL AUTO_INCREMENT COMMENT 'URL ID',
  `url` varchar(255) DEFAULT NULL COMMENT 'URL',
  `referer` varchar(255) DEFAULT NULL COMMENT 'Referrer',
  PRIMARY KEY (`url_id`)
) ENGINE=InnoDB DEFAULT CHARSET=utf8 COMMENT='Log URL Info Table';


CREATE TABLE `log_visitor` (
  `visitor_id` bigint(20) unsigned NOT NULL AUTO_INCREMENT COMMENT 'Visitor ID',
  `session_id` varchar(64) DEFAULT NULL COMMENT 'Session ID',
  `first_visit_at` timestamp NULL DEFAULT NULL COMMENT 'First Visit Time',
  `last_visit_at` timestamp NOT NULL DEFAULT '0000-00-00 00:00:00' COMMENT 'Last Visit Time',
  `last_url_id` bigint(20) unsigned NOT NULL DEFAULT '0' COMMENT 'Last URL ID',
  `store_id` smallint(5) unsigned NOT NULL COMMENT 'Store ID',
  PRIMARY KEY (`visitor_id`)
) ENGINE=InnoDB DEFAULT CHARSET=utf8 COMMENT='Log Visitors Table';


CREATE TABLE `log_visitor_info` (
  `visitor_id` bigint(20) unsigned NOT NULL DEFAULT '0' COMMENT 'Visitor ID',
  `http_referer` varchar(255) DEFAULT NULL COMMENT 'HTTP Referrer',
  `http_user_agent` varchar(255) DEFAULT NULL COMMENT 'HTTP User-Agent',
  `http_accept_charset` varchar(255) DEFAULT NULL COMMENT 'HTTP Accept-Charset',
  `http_accept_language` varchar(255) DEFAULT NULL COMMENT 'HTTP Accept-Language',
  `server_addr` varbinary(16) DEFAULT NULL,
  `remote_addr` varbinary(16) DEFAULT NULL,
  PRIMARY KEY (`visitor_id`)
) ENGINE=InnoDB DEFAULT CHARSET=utf8 COMMENT='Log Visitor Info Table';


CREATE TABLE `log_visitor_online` (
  `visitor_id` bigint(20) unsigned NOT NULL AUTO_INCREMENT COMMENT 'Visitor ID',
  `visitor_type` varchar(1) NOT NULL COMMENT 'Visitor Type',
  `remote_addr` varbinary(16) DEFAULT NULL,
  `first_visit_at` timestamp NULL DEFAULT NULL COMMENT 'First Visit Time',
  `last_visit_at` timestamp NULL DEFAULT NULL COMMENT 'Last Visit Time',
  `customer_id` int(10) unsigned DEFAULT NULL COMMENT 'Customer ID',
  `last_url` varchar(255) DEFAULT NULL COMMENT 'Last URL',
  PRIMARY KEY (`visitor_id`),
  KEY `IDX_LOG_VISITOR_ONLINE_VISITOR_TYPE` (`visitor_type`),
  KEY `IDX_LOG_VISITOR_ONLINE_FIRST_VISIT_AT_LAST_VISIT_AT` (`first_visit_at`,`last_visit_at`),
  KEY `IDX_LOG_VISITOR_ONLINE_CUSTOMER_ID` (`customer_id`)
) ENGINE=InnoDB DEFAULT CHARSET=utf8 COMMENT='Log Visitor Online Table';


CREATE TABLE `newsletter_problem` (
  `problem_id` int(10) unsigned NOT NULL AUTO_INCREMENT COMMENT 'Problem Id',
  `subscriber_id` int(10) unsigned DEFAULT NULL COMMENT 'Subscriber Id',
  `queue_id` int(10) unsigned NOT NULL DEFAULT '0' COMMENT 'Queue Id',
  `problem_error_code` int(10) unsigned DEFAULT '0' COMMENT 'Problem Error Code',
  `problem_error_text` varchar(200) DEFAULT NULL COMMENT 'Problem Error Text',
  PRIMARY KEY (`problem_id`),
  KEY `IDX_NEWSLETTER_PROBLEM_SUBSCRIBER_ID` (`subscriber_id`),
  KEY `IDX_NEWSLETTER_PROBLEM_QUEUE_ID` (`queue_id`),
  CONSTRAINT `FK_NEWSLETTER_PROBLEM_QUEUE_ID_NEWSLETTER_QUEUE_QUEUE_ID` FOREIGN KEY (`queue_id`) REFERENCES `newsletter_queue` (`queue_id`) ON DELETE CASCADE ON UPDATE CASCADE,
  CONSTRAINT `FK_NLTTR_PROBLEM_SUBSCRIBER_ID_NLTTR_SUBSCRIBER_SUBSCRIBER_ID` FOREIGN KEY (`subscriber_id`) REFERENCES `newsletter_subscriber` (`subscriber_id`) ON DELETE CASCADE ON UPDATE CASCADE
) ENGINE=InnoDB DEFAULT CHARSET=utf8 COMMENT='Newsletter Problems';


CREATE TABLE `newsletter_queue` (
  `queue_id` int(10) unsigned NOT NULL AUTO_INCREMENT COMMENT 'Queue Id',
  `template_id` int(10) unsigned NOT NULL DEFAULT '0' COMMENT 'Template Id',
  `newsletter_type` int(11) DEFAULT NULL COMMENT 'Newsletter Type',
  `newsletter_text` text COMMENT 'Newsletter Text',
  `newsletter_styles` text COMMENT 'Newsletter Styles',
  `newsletter_subject` varchar(200) DEFAULT NULL COMMENT 'Newsletter Subject',
  `newsletter_sender_name` varchar(200) DEFAULT NULL COMMENT 'Newsletter Sender Name',
  `newsletter_sender_email` varchar(200) DEFAULT NULL COMMENT 'Newsletter Sender Email',
  `queue_status` int(10) unsigned NOT NULL DEFAULT '0' COMMENT 'Queue Status',
  `queue_start_at` timestamp NULL DEFAULT NULL COMMENT 'Queue Start At',
  `queue_finish_at` timestamp NULL DEFAULT NULL COMMENT 'Queue Finish At',
  PRIMARY KEY (`queue_id`),
  KEY `IDX_NEWSLETTER_QUEUE_TEMPLATE_ID` (`template_id`),
  CONSTRAINT `FK_NEWSLETTER_QUEUE_TEMPLATE_ID_NEWSLETTER_TEMPLATE_TEMPLATE_ID` FOREIGN KEY (`template_id`) REFERENCES `newsletter_template` (`template_id`) ON DELETE CASCADE ON UPDATE CASCADE
) ENGINE=InnoDB DEFAULT CHARSET=utf8 COMMENT='Newsletter Queue';


CREATE TABLE `newsletter_queue_link` (
  `queue_link_id` int(10) unsigned NOT NULL AUTO_INCREMENT COMMENT 'Queue Link Id',
  `queue_id` int(10) unsigned NOT NULL DEFAULT '0' COMMENT 'Queue Id',
  `subscriber_id` int(10) unsigned NOT NULL DEFAULT '0' COMMENT 'Subscriber Id',
  `letter_sent_at` timestamp NULL DEFAULT NULL COMMENT 'Letter Sent At',
  PRIMARY KEY (`queue_link_id`),
  KEY `IDX_NEWSLETTER_QUEUE_LINK_SUBSCRIBER_ID` (`subscriber_id`),
  KEY `IDX_NEWSLETTER_QUEUE_LINK_QUEUE_ID` (`queue_id`),
  KEY `IDX_NEWSLETTER_QUEUE_LINK_QUEUE_ID_LETTER_SENT_AT` (`queue_id`,`letter_sent_at`),
  CONSTRAINT `FK_NEWSLETTER_QUEUE_LINK_QUEUE_ID_NEWSLETTER_QUEUE_QUEUE_ID` FOREIGN KEY (`queue_id`) REFERENCES `newsletter_queue` (`queue_id`) ON DELETE CASCADE ON UPDATE CASCADE,
  CONSTRAINT `FK_NLTTR_QUEUE_LNK_SUBSCRIBER_ID_NLTTR_SUBSCRIBER_SUBSCRIBER_ID` FOREIGN KEY (`subscriber_id`) REFERENCES `newsletter_subscriber` (`subscriber_id`) ON DELETE CASCADE ON UPDATE CASCADE
) ENGINE=InnoDB DEFAULT CHARSET=utf8 COMMENT='Newsletter Queue Link';


CREATE TABLE `newsletter_queue_store_link` (
  `queue_id` int(10) unsigned NOT NULL DEFAULT '0' COMMENT 'Queue Id',
  `store_id` smallint(5) unsigned NOT NULL DEFAULT '0' COMMENT 'Store Id',
  PRIMARY KEY (`queue_id`,`store_id`),
  KEY `IDX_NEWSLETTER_QUEUE_STORE_LINK_STORE_ID` (`store_id`),
  CONSTRAINT `FK_NEWSLETTER_QUEUE_STORE_LINK_STORE_ID_CORE_STORE_STORE_ID` FOREIGN KEY (`store_id`) REFERENCES `core_store` (`store_id`) ON DELETE CASCADE ON UPDATE CASCADE,
  CONSTRAINT `FK_NLTTR_QUEUE_STORE_LNK_QUEUE_ID_NLTTR_QUEUE_QUEUE_ID` FOREIGN KEY (`queue_id`) REFERENCES `newsletter_queue` (`queue_id`) ON DELETE CASCADE ON UPDATE CASCADE
) ENGINE=InnoDB DEFAULT CHARSET=utf8 COMMENT='Newsletter Queue Store Link';


CREATE TABLE `newsletter_subscriber` (
  `subscriber_id` int(10) unsigned NOT NULL AUTO_INCREMENT COMMENT 'Subscriber Id',
  `store_id` smallint(5) unsigned DEFAULT '0' COMMENT 'Store Id',
  `change_status_at` timestamp NULL DEFAULT NULL COMMENT 'Change Status At',
  `customer_id` int(10) unsigned NOT NULL DEFAULT '0' COMMENT 'Customer Id',
  `subscriber_email` varchar(150) DEFAULT NULL COMMENT 'Subscriber Email',
  `subscriber_status` int(11) NOT NULL DEFAULT '0' COMMENT 'Subscriber Status',
  `subscriber_confirm_code` varchar(32) DEFAULT 'NULL' COMMENT 'Subscriber Confirm Code',
  PRIMARY KEY (`subscriber_id`),
  KEY `IDX_NEWSLETTER_SUBSCRIBER_CUSTOMER_ID` (`customer_id`),
  KEY `IDX_NEWSLETTER_SUBSCRIBER_STORE_ID` (`store_id`),
  CONSTRAINT `FK_NEWSLETTER_SUBSCRIBER_STORE_ID_CORE_STORE_STORE_ID` FOREIGN KEY (`store_id`) REFERENCES `core_store` (`store_id`) ON DELETE SET NULL ON UPDATE CASCADE
) ENGINE=InnoDB DEFAULT CHARSET=utf8 COMMENT='Newsletter Subscriber';


CREATE TABLE `newsletter_template` (
  `template_id` int(10) unsigned NOT NULL AUTO_INCREMENT COMMENT 'Template Id',
  `template_code` varchar(150) DEFAULT NULL COMMENT 'Template Code',
  `template_text` text COMMENT 'Template Text',
  `template_text_preprocessed` text COMMENT 'Template Text Preprocessed',
  `template_styles` text COMMENT 'Template Styles',
  `template_type` int(10) unsigned DEFAULT NULL COMMENT 'Template Type',
  `template_subject` varchar(200) DEFAULT NULL COMMENT 'Template Subject',
  `template_sender_name` varchar(200) DEFAULT NULL COMMENT 'Template Sender Name',
  `template_sender_email` varchar(200) DEFAULT NULL COMMENT 'Template Sender Email',
  `template_actual` smallint(5) unsigned DEFAULT '1' COMMENT 'Template Actual',
  `added_at` timestamp NULL DEFAULT NULL COMMENT 'Added At',
  `modified_at` timestamp NULL DEFAULT NULL COMMENT 'Modified At',
  PRIMARY KEY (`template_id`),
  KEY `IDX_NEWSLETTER_TEMPLATE_TEMPLATE_ACTUAL` (`template_actual`),
  KEY `IDX_NEWSLETTER_TEMPLATE_ADDED_AT` (`added_at`),
  KEY `IDX_NEWSLETTER_TEMPLATE_MODIFIED_AT` (`modified_at`)
) ENGINE=InnoDB DEFAULT CHARSET=utf8 COMMENT='Newsletter Template';

INSERT INTO `newsletter_template` (`template_id`, `template_code`, `template_text`, `template_text_preprocessed`, `template_styles`, `template_type`, `template_subject`, `template_sender_name`, `template_sender_email`, `template_actual`, `added_at`, `modified_at`) VALUES
(1,	'Example Newsletter Template',	'{{template config_path=\"design/email/header\"}}\n{{inlinecss file=\"email-inline.css\"}}\n\n<table cellpadding=\"0\" cellspacing=\"0\" border=\"0\">\n<tr>\n    <td class=\"full\">\n        <table class=\"columns\">\n            <tr>\n                <td class=\"email-heading\">\n                    <h1>Welcome</h1>\n                    <p>Lorem ipsum dolor sit amet, consectetur adipisicing elit,\n                    sed do eiusmod tempor incididunt ut labore et.</p>\n                </td>\n                <td class=\"store-info\">\n                    <h4>Contact Us</h4>\n                    <p>\n                        {{depend store_phone}}\n                        <b>Call Us:</b>\n                        <a href=\"tel:{{var phone}}\">{{var store_phone}}</a><br>\n                        {{/depend}}\n                        {{depend store_hours}}\n                        <span class=\"no-link\">{{var store_hours}}</span><br>\n                        {{/depend}}\n                        {{depend store_email}}\n                        <b>Email:</b> <a href=\"mailto:{{var store_email}}\">{{var store_email}}</a>\n                        {{/depend}}\n                    </p>\n                </td>\n            </tr>\n        </table>\n    </td>\n</tr>\n<tr>\n    <td class=\"full\">\n        <table class=\"columns\">\n            <tr>\n                <td>\n                    <img width=\"600\" src=\"http://placehold.it/600x200\" class=\"main-image\">\n                </td>\n                <td class=\"expander\"></td>\n            </tr>\n        </table>\n        <table class=\"columns\">\n            <tr>\n                <td class=\"panel\">\n                    <p>Phasellus dictum sapien a neque luctus cursus. Pellentesque sem dolor, fringilla et pharetra\n                    vitae. <a href=\"#\">Click it! &raquo;</a></p>\n                </td>\n                <td class=\"expander\"></td>\n            </tr>\n        </table>\n    </td>\n</tr>\n<tr>\n    <td>\n        <table class=\"row\">\n            <tr>\n                <td class=\"half left wrapper\">\n                    <table class=\"columns\">\n                        <tr>\n                            <td>\n                                <p>Lorem ipsum dolor sit amet, consectetur adipisicing elit, sed do eiusmod tempor\n                                incididunt ut labore et. Lorem ipsum dolor sit amet, consectetur adipisicing elit,\n                                sed do eiusmod tempor incididunt ut labore et. Lorem ipsum dolor sit amet.</p>\n                                <p>Lorem ipsum dolor sit amet, consectetur adipisicing elit, sed do eiusmod tempor\n                                incididunt ut labore et. Lorem ipsum dolor sit amet, consectetur adipisicing elit, sed\n                                do eiusmod tempor incididunt ut labore et. Lorem ipsum dolor sit amet.</p>\n                                <table class=\"button\">\n                                    <tr>\n                                        <td>\n                                            <a href=\"#\">Click Me!</a>\n                                        </td>\n                                    </tr>\n                                </table>\n                            </td>\n                            <td class=\"expander\"></td>\n                        </tr>\n                    </table>\n                </td>\n                <td class=\"half right wrapper last\">\n                    <table class=\"columns\">\n                        <tr>\n                            <td class=\"panel sidebar-links\">\n                                <h6>Header Thing</h6>\n                                <p>Sub-head or something</p>\n                                <table>\n                                    <tr>\n                                        <td>\n                                            <p><a href=\"#\">Just a Plain Link &raquo;</a></p>\n                                        </td>\n                                    </tr>\n                                    <tr>\n                                        <td>\n                                            <hr/>\n                                        </td>\n                                    </tr>\n                                    <tr>\n                                        <td>\n                                            <p><a href=\"#\">Just a Plain Link &raquo;</a></p>\n                                        </td>\n                                    </tr>\n                                    <tr>\n                                        <td>\n                                            <hr/>\n                                        </td>\n                                    </tr>\n                                    <tr>\n                                        <td>\n                                            <p><a href=\"#\">Just a Plain Link &raquo;</a></p>\n                                        </td>\n                                    </tr>\n                                    <tr>\n                                        <td>\n                                            <hr/>\n                                        </td>\n                                    </tr>\n                                    <tr>\n                                        <td>\n                                            <p><a href=\"#\">Just a Plain Link &raquo;</a></p>\n                                        </td>\n                                    </tr>\n                                    <tr>\n                                        <td>\n                                            <hr/>\n                                        </td>\n                                    </tr>\n                                    <tr>\n                                        <td>\n                                            <p><a href=\"#\">Just a Plain Link &raquo;</a></p>\n                                        </td>\n                                    </tr>\n                                    <tr>\n                                        <td>\n                                            <hr/>\n                                        </td>\n                                    </tr>\n                                    <tr>\n                                        <td>\n                                            <p><a href=\"#\">Just a Plain Link &raquo;</a></p>\n                                        </td>\n                                    </tr>\n                                    <tr>\n                                        <td>\n                                            <hr/>\n                                        </td>\n                                    </tr>\n                                    <tr>\n                                        <td>\n                                            <p><a href=\"#\">Just a Plain Link &raquo;</a></p>\n                                        </td>\n                                    </tr>\n                                    <tr><td>&nbsp;</td></tr>\n                                </table>\n                            </td>\n                            <td class=\"expander\"></td>\n                        </tr>\n                    </table>\n                    <br>\n                    <table class=\"columns\">\n                        <tr>\n                            <td class=\"panel\">\n                                <h6>Connect With Us:</h6>\n                                <table class=\"social-button facebook\">\n                                    <tr>\n                                        <td>\n                                            <a href=\"#\">Facebook</a>\n                                        </td>\n                                    </tr>\n                                </table>\n                                <hr>\n                                <table class=\"social-button twitter\">\n                                    <tr>\n                                        <td>\n                                            <a href=\"#\">Twitter</a>\n                                        </td>\n                                    </tr>\n                                </table>\n                                <hr>\n                                <table class=\"social-button google-plus\">\n                                    <tr>\n                                        <td>\n                                            <a href=\"#\">Google +</a>\n                                        </td>\n                                    </tr>\n                                </table>\n                                <br>\n                                <h6>Contact Info:</h6>\n                                {{depend store_phone}}\n                                <p>\n                                    <b>Call Us:</b>\n                                    <a href=\"tel:{{var phone}}\">{{var store_phone}}</a>\n                                </p>\n                                {{/depend}}\n                                {{depend store_hours}}\n                                <p><span class=\"no-link\">{{var store_hours}}</span><br></p>\n                                {{/depend}}\n                                {{depend store_email}}\n                                <p><b>Email:</b> <a href=\"mailto:{{var store_email}}\">{{var store_email}}</a></p>\n                                {{/depend}}\n                            </td>\n                            <td class=\"expander\"></td>\n                        </tr>\n                    </table>\n                </td>\n            </tr>\n        </table>\n        <table class=\"row\">\n            <tr>\n                <td class=\"full wrapper\">\n                    {{block type=\"catalog/product_new\" template=\"email/catalog/product/new.phtml\" products_count=\"4\"\n                    column_count=\"4\" }}\n                </td>\n            </tr>\n        </table>\n        <table class=\"row\">\n            <tr>\n                <td class=\"full wrapper last\">\n                    <table class=\"columns\">\n                        <tr>\n                            <td align=\"center\">\n                                <center>\n                                    <p><a href=\"#\">Terms</a> | <a href=\"#\">Privacy</a> | <a href=\"#\">Unsubscribe</a></p>\n                                </center>\n                            </td>\n                            <td class=\"expander\"></td>\n                        </tr>\n                    </table>\n                </td>\n            </tr>\n        </table>\n    </td>\n</tr>\n</table>\n\n{{template config_path=\"design/email/footer\"}}',	NULL,	NULL,	2,	'Example Subject',	'Owner',	'owner@example.com',	1,	'2017-07-17 11:56:18',	'2017-07-17 11:56:18');

CREATE TABLE `oauth_consumer` (
  `entity_id` int(10) unsigned NOT NULL AUTO_INCREMENT COMMENT 'Entity Id',
  `created_at` timestamp NOT NULL DEFAULT CURRENT_TIMESTAMP COMMENT 'Created At',
  `updated_at` timestamp NULL DEFAULT NULL COMMENT 'Updated At',
  `name` varchar(255) NOT NULL COMMENT 'Name of consumer',
  `key` varchar(32) NOT NULL COMMENT 'Key code',
  `secret` varchar(32) NOT NULL COMMENT 'Secret code',
  `callback_url` varchar(255) DEFAULT NULL COMMENT 'Callback URL',
  `rejected_callback_url` varchar(255) NOT NULL COMMENT 'Rejected callback URL',
  PRIMARY KEY (`entity_id`),
  UNIQUE KEY `UNQ_OAUTH_CONSUMER_KEY` (`key`),
  UNIQUE KEY `UNQ_OAUTH_CONSUMER_SECRET` (`secret`),
  KEY `IDX_OAUTH_CONSUMER_CREATED_AT` (`created_at`),
  KEY `IDX_OAUTH_CONSUMER_UPDATED_AT` (`updated_at`)
) ENGINE=InnoDB DEFAULT CHARSET=utf8 COMMENT='OAuth Consumers';


CREATE TABLE `oauth_nonce` (
  `nonce` varchar(32) NOT NULL COMMENT 'Nonce String',
  `timestamp` int(10) unsigned NOT NULL COMMENT 'Nonce Timestamp',
  UNIQUE KEY `UNQ_OAUTH_NONCE_NONCE` (`nonce`)
) ENGINE=MyISAM DEFAULT CHARSET=utf8 COMMENT='oauth_nonce';


CREATE TABLE `oauth_token` (
  `entity_id` int(10) unsigned NOT NULL AUTO_INCREMENT COMMENT 'Entity ID',
  `consumer_id` int(10) unsigned NOT NULL COMMENT 'Consumer ID',
  `admin_id` int(10) unsigned DEFAULT NULL COMMENT 'Admin user ID',
  `customer_id` int(10) unsigned DEFAULT NULL COMMENT 'Customer user ID',
  `type` varchar(16) NOT NULL COMMENT 'Token Type',
  `token` varchar(32) NOT NULL COMMENT 'Token',
  `secret` varchar(32) NOT NULL COMMENT 'Token Secret',
  `verifier` varchar(32) DEFAULT NULL COMMENT 'Token Verifier',
  `callback_url` varchar(255) NOT NULL COMMENT 'Token Callback URL',
  `revoked` smallint(5) unsigned NOT NULL DEFAULT '0' COMMENT 'Is Token revoked',
  `authorized` smallint(5) unsigned NOT NULL DEFAULT '0' COMMENT 'Is Token authorized',
  `created_at` timestamp NOT NULL DEFAULT CURRENT_TIMESTAMP COMMENT 'Token creation timestamp',
  PRIMARY KEY (`entity_id`),
  UNIQUE KEY `UNQ_OAUTH_TOKEN_TOKEN` (`token`),
  KEY `IDX_OAUTH_TOKEN_CONSUMER_ID` (`consumer_id`),
  KEY `FK_OAUTH_TOKEN_ADMIN_ID_ADMIN_USER_USER_ID` (`admin_id`),
  KEY `FK_OAUTH_TOKEN_CUSTOMER_ID_CUSTOMER_ENTITY_ENTITY_ID` (`customer_id`),
  CONSTRAINT `FK_OAUTH_TOKEN_ADMIN_ID_ADMIN_USER_USER_ID` FOREIGN KEY (`admin_id`) REFERENCES `admin_user` (`user_id`) ON DELETE CASCADE ON UPDATE CASCADE,
  CONSTRAINT `FK_OAUTH_TOKEN_CONSUMER_ID_OAUTH_CONSUMER_ENTITY_ID` FOREIGN KEY (`consumer_id`) REFERENCES `oauth_consumer` (`entity_id`) ON DELETE CASCADE ON UPDATE CASCADE,
  CONSTRAINT `FK_OAUTH_TOKEN_CUSTOMER_ID_CUSTOMER_ENTITY_ENTITY_ID` FOREIGN KEY (`customer_id`) REFERENCES `customer_entity` (`entity_id`) ON DELETE CASCADE ON UPDATE CASCADE
) ENGINE=InnoDB DEFAULT CHARSET=utf8 COMMENT='OAuth Tokens';


CREATE TABLE `partners` (
  `partners_id` int(11) unsigned NOT NULL AUTO_INCREMENT,
  `name` varchar(255) NOT NULL DEFAULT '',
  `url_path` varchar(255) NOT NULL DEFAULT '',
  `job_title` varchar(255) NOT NULL DEFAULT '',
  `filename` varchar(255) NOT NULL DEFAULT '',
  `description` text NOT NULL,
  `status` smallint(6) NOT NULL DEFAULT '0',
  `created_time` datetime DEFAULT NULL,
  `update_time` datetime DEFAULT NULL,
  PRIMARY KEY (`partners_id`)
) ENGINE=InnoDB DEFAULT CHARSET=utf8;

INSERT INTO `partners` (`partners_id`, `name`, `url_path`, `job_title`, `filename`, `description`, `status`, `created_time`, `update_time`) VALUES
(1,	'Elfriede Jelinek',	'partner/elfriede-jelinek',	'Nobel Laureate in Literature 2004',	'220px-Elfriede_jelinek_2004_small.png',	'<p>Nobel Laureate in Literature 2004</p>',	1,	'2018-06-19 16:05:06',	'2018-06-19 16:05:06'),
(2,	'Vera Ingrid Grant',	'partner/vera-ingrid-grant',	'Director of the Ethelbert Cooper Gallery of African & African American Art at the Hutchins Center, Harvard University',	'vera.jpg',	'<p>Director of the Ethelbert Cooper Gallery of African &amp; African American Art at the Hutchins Center, Harvard University</p>',	1,	'2018-06-19 16:05:39',	'2018-06-19 16:05:39'),
(3,	'Diane Rosenfeld',	'partner/diane-rosenfeld',	'Lecturer in Law, Harvard University Law School',	'diana.jpg',	'<p>Diane L. Rosenfeld is a lecturer on Law and Director of the Gender Violence Program at Harvard Law School.</p>\r\n<p><a href=\"http://dianerosenfeld.org/about/\" target=\"_blank\">dianerosenfeld.org/about</a></p>',	1,	'2018-06-19 16:05:55',	'2018-06-19 16:05:55'),
(4,	'Maria Jaschok',	'partner/maria-jaschok',	'Director, International Gender Studies Centre, Lady Margaret Hall, University of Oxford',	'M_Jaschok.jpg',	'<p>Director, International Gender Studies Centre, Lady Margaret Hall, University of Oxford</p>',	1,	'2018-06-19 16:06:09',	'2018-06-19 16:06:09'),
(5,	'Owolabi Bjalkander',	'partner/owolabi-bjalkander',	'',	'',	'<p>former Parliamentary Assistant to Christine McCafferty, MP (2003 UK Female Genital Mutilation Bill), Sierra Leone</p>',	1,	'2011-08-02 00:00:00',	'2012-08-02 07:17:01'),
(6,	'Dr. Obioma Nnaemeka',	'partner/dr--obioma-nnaemeka',	'Professor of French & Women’s Studies',	'obioma.png',	'<p>Chancellor&rsquo;s Distinguished Professor of French, Women&rsquo;s/Gender Studies and African/African Diaspora Studies, Director of the Women&rsquo;s Studies Program at Indiana University, Indianapolis, USA as well as President of the Association of African Women Scholars and the President/CEO of the Jessie Obidiegwu Education Fund.</p>',	1,	'2018-01-30 14:41:29',	'2018-01-30 14:41:29'),
(7,	'Fatoumata Siré-Diakité',	'partner/fatoumata-sire-diakite',	'Ambassador from Mali to Germany and Founder/President',	'',	'<p>Association pour le Progr&egrave;s et la D&eacute;fense des Femmes Maliennes, Bamako/Berlin</p>',	2,	'2017-12-18 10:10:21',	'2017-12-18 10:10:21'),
(8,	'Dr. Pierrette Herzberger-Fofana',	'partner/dr--pierrette-herzberger-fofana',	'City Councilwoman and author',	'pierrette.jpg',	'<p>City Councilwoman, Erlangen; Board member and former president FORWARD-Germany; recipient of <em>Helene Weber</em>&nbsp;Prize&nbsp;2009 and in 2003 public recognition from the President of Senegal for her book <em>Litt&eacute;rature F&eacute;minine Francophone d&rsquo;Afrique noire suivi d&rsquo;un Dictionnaire des Romanci&egrave;res</em></p>',	1,	'2018-01-30 14:44:35',	'2018-01-30 14:44:35'),
(9,	'Dr. Angelika Köster-Lossack',	'partner/dr--angelika-koster-lossack',	'',	'Angelika.jpg',	'<p>Former Green Party representative in the German Bundestag (Parliament), co-founder of FORWARD-Germany, e.V. against FGM (far right in picture)</p>',	1,	'2018-01-30 14:47:03',	'2018-01-30 14:47:03'),
(10,	'Florence Howe',	'partner/florence-howe',	'',	'',	'<p>Founding Publisher/Director of The Feminist Press at CUNY</p>',	1,	'2011-08-02 00:00:00',	'2012-08-02 07:23:23'),
(11,	'Shulamit Reinharz',	'partner/shulamit-reinharz',	'Founding Director',	'',	'Women’s Studies Center and Hadasseh-Brandeis Institute, Brandeis University, USA',	1,	'2011-08-02 00:00:00',	'2012-08-02 07:23:41'),
(12,	'Mariame Racine Sow',	'partner/mariame-racine-sow',	'Project Officer',	'',	'Groupe pour l\'Etude et l’Enseignement de la Population, Dakar, Senegal',	1,	'2011-08-02 00:00:00',	'2012-08-02 07:25:09'),
(13,	'Fana Habteab',	'partner/fana-habteab',	'President',	'',	'European Network against Harmful Traditional Practices, especially Female Genital Mutilation (EuroNet-FGM), Sweden',	1,	'2011-08-02 00:00:00',	'2012-08-02 07:26:01'),
(14,	'Frankie Hutton',	'partner/frankie-hutton',	'',	'',	'Amistad Commission Member, State of New Jersey and founder, The Rose Project',	1,	'2011-08-02 00:00:00',	'2012-08-02 07:26:32'),
(15,	'Godfrey Williams-Okorodus',	'partner/godfrey-williams-okorodus',	'Artist',	'',	'Nigeria/Belgium',	1,	'2011-08-02 00:00:00',	'2012-08-02 07:26:58'),
(16,	'Erica Pomerance',	'partner/erica-pomerance',	'Filmmaker',	'',	'Montreal, Canada',	1,	'2011-08-02 00:00:00',	'2012-08-02 07:27:17'),
(17,	'Yayehyirad Kitaw',	'partner/yayehyirad-kitaw',	'Physician',	'',	'Advisory Council, Ethiopian Public Health Authority and Editor-in-Chief, Journal on Female Genital Mutilation, Scientific Organ of the Inter-African Committee University of Addis Ababa, Ethiopia',	1,	'2011-08-02 00:00:00',	'2012-08-02 07:28:53'),
(18,	'Berhane Ras-Work',	'partner/berhane-ras-work',	'Founding President',	'',	'Inter-African Committee',	1,	'2011-08-02 00:00:00',	'2012-08-02 07:29:53'),
(19,	'Adriana Kaplan Marcusan',	'partner/adriana-kaplan-marcusan',	'',	'',	'Universidad Autonoma de Barcelona and Founder, Wassukafo, The Gambia',	1,	'2011-08-02 00:00:00',	'2012-08-02 07:30:28'),
(20,	'Augustine H. Asaah',	'partner/augustine-h--asaah',	'Head',	'',	'Department of Modern Languages, University of Ghana',	1,	'2011-08-02 00:00:00',	'2012-08-02 07:31:08'),
(21,	'Hanny Lightfoot-Klein',	'partner/hanny-lightfoot-klein',	'',	'',	'Activist and Author, USA',	1,	'2011-08-02 00:00:00',	'2012-08-02 07:31:46'),
(22,	'Soraya Mire',	'partner/soraya-mire',	'Activist',	'',	'Filmmaker and Author, Somalia/ USA',	1,	'2011-08-02 00:00:00',	'2012-08-02 07:32:07'),
(23,	'Comfort Momoh',	'partner/comfort-momoh',	'',	'',	'M.B.E., FGM Specialist Midwife, African Well Woman Clinic, St. Thomas\' Hospital, London',	1,	'2011-08-02 00:00:00',	'2012-08-02 07:39:27'),
(24,	'Marianne Sarkis',	'partner/marianne-sarkis',	'',	'',	'Medical Anthropologist and Director/Webmaster FGM Education and Networking Project, Worcester, MA',	1,	'2011-08-02 00:00:00',	'2012-08-02 07:39:49'),
(25,	'Linda May Kallestein',	'partner/linda-may-kallestein',	'Journalist and Filmmaker (The CUT)',	'',	'Journalist and Filmmaker (The CUT), Norway',	1,	'2011-08-02 00:00:00',	'2012-08-02 07:40:25'),
(26,	'Marilyn Safir',	'partner/marilyn-safir',	'',	'',	'Professor of Women’s Studies and Psychology, University of Haifa, Israel',	1,	'2011-08-02 00:00:00',	'2012-08-02 07:40:50'),
(27,	'Dagmar Schultz',	'partner/dagmar-schultz',	'Founding Publisher',	'',	'<p>Founding Publisher, Orlanda Frauenverlag, Berlin</p>',	1,	'2011-08-02 00:00:00',	'2012-08-02 07:41:48'),
(28,	'Lucy Mashua',	'partner/lucy-mashua',	'',	'',	'Global Ambassador Fighting Female Genital Mutilation (FGM), Kenya/USA',	1,	'2011-08-02 00:00:00',	'2012-08-02 07:41:34'),
(29,	'Waltraud Dumont du Voitel',	'partner/waltraud-dumont-du-voitel',	'',	'',	'German Foundation for Gender Studies/Feminist Europa, Heidelberg',	1,	'2011-08-02 00:00:00',	'2012-08-02 07:42:17'),
(30,	'Sarah McCulloch',	'partner/sarah-mcculloch',	'',	'',	'Founder and Director, ACCM – UK',	1,	'2011-08-02 00:00:00',	'2012-08-02 07:42:53'),
(31,	'Mary Ann Smorra',	'partner/mary-ann-smorra',	'Professor of Education',	'',	'Professor of Education, Georgian Court University,NJ, USA',	1,	'2011-08-02 00:00:00',	'2012-08-02 07:43:28'),
(32,	'Sachiko Mitsumori',	'partner/sachiko-mitsumori',	'',	'',	'Women’s Action against FGM, Tokyo, Japan',	1,	'2011-08-02 00:00:00',	'2012-08-02 07:43:51'),
(33,	'Raymond Lloyd',	'partner/raymond-lloyd',	'',	'',	'Honorary Secretary Council for Parity Democracy, UK, www.shequality.org',	1,	'2011-08-02 00:00:00',	'2012-08-02 07:44:10'),
(34,	'Efua Dorkenoo',	'partner/efua-dorkenoo',	'',	'',	'OBE, Advocacy Director-FGM Programme, Equality Now; former WHO Technical Expert on FGM (1995-2001) and founder of  FORWARD UK',	1,	'2011-08-02 00:00:00',	'2012-08-02 07:44:25'),
(35,	'Lois A. Herman',	'partner/lois-a--herman',	'Coordinator',	'',	'Coordinator, Women’s UN Report Network (WUNRN)',	1,	'2011-08-02 00:00:00',	'2012-08-02 07:44:46'),
(36,	'Gabi Helfert',	'partner/gabi-helfert',	'Photographer',	'',	'Photographer, Sustainability Project Manager and Social Media Consultant, Rotterdam, The Netherlands',	1,	'2011-08-02 00:00:00',	'2012-08-02 07:45:14'),
(37,	'Libana',	'partner/libana',	'',	'',	'<p>Global Music Connecting Cultures, <a title=\"www.libana.com\" href=\"http://www.libana.com\">www.libana.com</a></p>',	1,	'2011-08-02 00:00:00',	'2012-08-02 07:49:31'),
(38,	'Christiane Adamczyk',	'partner/christiane-adamczyk',	'GIZ',	'',	'<p><a href=\"http://www.giz.de\">http://www.giz.de</a></p>',	1,	'2011-08-01 00:00:00',	'2013-09-06 12:53:03'),
(39,	'Adebisi Adebayo',	'partner/adebisi-adebayo',	'Executive Director, IAC Geneva & Dr. Yayeyirad Kitaw, Editor-in-Chief, Journal on Female Genital Mutilation and Other Harmful Traditional Practices',	'',	'<p>Scientific Organ of the IAC [Inter-African Committee]. University of Addis Ababa, Ethiopia</p>\n<p><a href=\"https://www.facebook.com/pages/Inter-African-Committee-IAC/204034110324\">https://www.facebook.com/pages/Inter-African-Committee-IAC/204034110324</a></p>',	1,	'2011-08-01 00:00:00',	'2013-09-06 12:56:59'),
(40,	'Neneh Bojang',	'partner/neneh-bojang',	'IAC – Norway  and EuroNet – FGM',	'',	'<p><a href=\"http://www.iacnorway.org/index.php?lang=en\">http://www.iacnorway.org/index.php?lang=en</a></p>',	1,	'2011-08-01 00:00:00',	'2013-09-06 13:01:15'),
(41,	'Emma Bonino',	'partner/emma-bonino',	'No Peace Without Justice',	'',	'<p><a href=\"http://www.npwj.org/FGM/Overview.html\">http://www.npwj.org/FGM/Overview.html</a></p>',	1,	'2011-08-01 00:00:00',	'2013-09-06 13:02:08'),
(42,	'Hilary Burrage',	'partner/hilary-burrage',	'#NoFGM',	'',	'<p><a href=\"http://hilaryburrage.com/fgm/\">http://hilaryburrage.com/fgm/</a></p>',	1,	'2011-08-01 00:00:00',	'2013-09-06 13:02:58'),
(43,	'Katharina Buss',	'partner/katharina-buss',	'Terre des Femmes – CHANGE Project, DAPHNE Grant',	'',	'<p><a href=\"www.change-agent.eu\">www.change-agent.eu</a></p>',	1,	'2011-08-01 00:00:00',	'2013-09-06 13:03:59'),
(44,	'Daniela Colombo',	'partner/daniela-colombo',	'AIDOS',	'',	'<p><a href=\"http://www.aidos.it/\">http://www.aidos.it/</a></p>',	1,	'2011-08-01 00:00:00',	'2013-09-06 13:04:57'),
(45,	'Nikki Denholme',	'partner/nikki-denholme',	'FGM Education Programme Nerw Zealand',	'',	'<p><a href=\"http://www.fgm.co.nz/\">http://www.fgm.co.nz/</a></p>',	1,	'2011-08-01 00:00:00',	'2013-09-06 13:05:30'),
(46,	'Fatoumata Siré Diakité and Dr. Aminata Diakité',	'partner/fatoumata-sire-diakite-and-dr--aminata-diakite',	'APDF',	'',	'<p><a href=\"http://courantsdefemmes.free.fr/Assoces/Mali/APDF/apdf.html\">http://courantsdefemmes.free.fr/Assoces/Mali/APDF/apdf.html</a></p>',	1,	'2011-08-01 00:00:00',	'2013-09-06 13:06:39'),
(47,	'Cody Donahue',	'partner/cody-donahue',	'Consultant, Child Protection, Programme Division, UNICEF',	'',	'<p><a href=\"http://www.unfpa.org/webdav/site/global/shared/documents/publications/2012/Annual_report_on_FGM-C_2011_low_res.pdf\">http://www.unfpa.org/webdav/site/global/shared/documents/publications/2012/Annual_report_on_FGM-C_2011_low_res.pdf</a></p>',	1,	'2011-08-01 00:00:00',	'2013-09-06 13:08:04'),
(48,	'Efua Dorkenoo-',	'partner/efua-dorkenoo-',	'Equality Now',	'',	'<p><a href=\"http://mashuavoiceforthevoiceless.blogspot.de/ http://www.equalitynow.org/fgm\">http://mashuavoiceforthevoiceless.blogspot.de/ http://www.equalitynow.org/fgm</a></p>',	1,	'2011-08-01 00:00:00',	'2013-09-06 13:09:11'),
(49,	'Excisions parlons-en',	'partner/excisions-parlons-en',	'',	'',	'<p><a href=\"http://www.excisionparlonsen.org/\">http://www.excisionparlonsen.org/</a></p>',	1,	'2011-08-01 00:00:00',	'2013-09-06 13:11:30'),
(50,	'Dr. Isabelle Gillette-Faye',	'partner/dr--isabelle-gillette-faye',	'GAMS',	'',	'<p><a href=\"http://www.federationgams.org/presentation.php\">http://www.federationgams.org/presentation.php</a></p>',	1,	'2011-08-01 00:00:00',	'2013-09-06 13:13:00'),
(51,	'Dr. Pierrette Herzberger-Fofana and Heidi Besas',	'partner/dr--pierrette-herzberger-fofana-and-heidi-besas',	'Eexecutive Director',	'',	'<p><a href=\"http://www.female-genital-mutilation-fgm.forward-deutschland.de/1.html\">http://www.female-genital-mutilation-fgm.forward-deutschland.de/1.html</a></p>',	1,	'2011-08-01 00:00:00',	'2013-09-06 13:14:02'),
(52,	'Dr. Frankie Hutton',	'partner/dr--frankie-hutton',	'Rose Project',	'',	'<p><a href=\"http://roseproject.com/\">http://roseproject.com/</a></p>',	1,	'2011-08-01 00:00:00',	'2013-09-06 13:16:31'),
(53,	'Heba El Kala’awy',	'partner/heba-el-kalaawy',	'Intact Network & Population Council',	'',	'<p><a href=\"http://www.intact-network.net/intact/index.php\">http://www.intact-network.net/intact/index.php</a></p>',	1,	'2011-08-01 00:00:00',	'2013-09-06 13:17:12'),
(54,	'Khady Koita and Els Leye',	'partner/khady-koita-and-els-leye',	'La Palabre',	'',	'<p><a href=\"http://mashuavoiceforthevoiceless.blogspot.de/\">http://mashuavoiceforthevoiceless.blogspot.de/</a></p>',	1,	'2011-08-01 00:00:00',	'2013-09-06 13:27:09'),
(55,	'Lucy Mashua-',	'partner/lucy-mashua-',	'Global Ambassador against FGM',	'',	'<p><a href=\"http://mashuavoiceforthevoiceless.blogspot.de/\">http://mashuavoiceforthevoiceless.blogspot.de/</a></p>',	1,	'2011-08-01 00:00:00',	'2013-09-06 13:29:54'),
(56,	'Sarah McCulloch-',	'partner/sarah-mcculloch-',	'ACCM (Agency for Culture and Change Management) Sheffield',	'',	'<p><a href=\"http://www.accmsheffield.org/?target=home\">http://www.accmsheffield.org/?target=home</a></p>',	1,	'2011-08-01 00:00:00',	'2013-09-06 13:30:32'),
(57,	'Susan McLucas',	'partner/susan-mclucas',	'Sini Sanumen / Healthy Tomorrow',	'',	'<p><a href=\"http://www.stopexcision.net/\">http://www.stopexcision.net/</a></p>',	1,	'2011-08-01 00:00:00',	'2013-09-06 13:32:06'),
(58,	'Sachiko Mitsumori-',	'partner/sachiko-mitsumori-',	'Women’s Action against FGM - Japan',	'',	'<p><a href=\"http://connection.ebscohost.com/c/articles/2742331/womens-action-against-fgm-japan-waaf\">http://connection.ebscohost.com/c/articles/2742331/womens-action-against-fgm-japan-waaf</a></p>',	1,	'2011-08-01 00:00:00',	'2013-09-06 13:32:54'),
(59,	'Thomas von der Osten-Sacken',	'partner/thomas-von-der-osten-sacken',	'WADI',	'',	'<p><a href=\"http://www.wadi-online.de/\">http://www.wadi-online.de/</a></p>',	1,	'2011-08-01 00:00:00',	'2013-09-06 13:45:06'),
(60,	'Naana Otoo-Oyortey',	'partner/naana-otoo-oyortey',	'',	'',	'<p><a href=\"http://www.forwarduk.org.uk/\">http://www.forwarduk.org.uk/</a></p>',	1,	'2011-08-01 00:00:00',	'2013-09-06 13:37:38'),
(61,	'Holger Postulart and Elizabeth Wilson',	'partner/holger-postulart-and-elizabeth-wilson',	'Global Alliance against Female Genital Mutilation',	'',	'<p><a href=\"http://www.global-alliance-fgm.org/\">http://www.global-alliance-fgm.org/</a></p>',	1,	'2011-08-01 00:00:00',	'2013-09-06 13:38:21'),
(62,	'Rebecca Salonen',	'partner/rebecca-salonen',	'Godparents\' Association',	'',	'<p><a href=\"http://godparents.net/\">http://godparents.net/</a></p>',	1,	'2011-08-01 00:00:00',	'2013-09-06 13:39:12'),
(63,	'Dirk Wüstenberg and Ibrahim Gueye',	'partner/dirk-wustenberg-and-ibrahim-gueye',	'INTEGRA',	'',	'<p><a href=\"http://www.netzwerk-integra.de/\">http://www.netzwerk-integra.de/</a></p>',	1,	'2011-08-01 00:00:00',	'2013-09-06 13:39:52');

CREATE TABLE `paypal_cert` (
  `cert_id` smallint(5) unsigned NOT NULL AUTO_INCREMENT COMMENT 'Cert Id',
  `website_id` smallint(5) unsigned NOT NULL DEFAULT '0' COMMENT 'Website Id',
  `content` text COMMENT 'Content',
  `updated_at` timestamp NULL DEFAULT NULL COMMENT 'Updated At',
  PRIMARY KEY (`cert_id`),
  KEY `IDX_PAYPAL_CERT_WEBSITE_ID` (`website_id`),
  CONSTRAINT `FK_PAYPAL_CERT_WEBSITE_ID_CORE_WEBSITE_WEBSITE_ID` FOREIGN KEY (`website_id`) REFERENCES `core_website` (`website_id`) ON DELETE CASCADE ON UPDATE CASCADE
) ENGINE=InnoDB DEFAULT CHARSET=utf8 COMMENT='Paypal Certificate Table';


CREATE TABLE `paypal_payment_transaction` (
  `transaction_id` int(10) unsigned NOT NULL AUTO_INCREMENT COMMENT 'Entity Id',
  `txn_id` varchar(100) DEFAULT NULL COMMENT 'Txn Id',
  `additional_information` blob COMMENT 'Additional Information',
  `created_at` timestamp NULL DEFAULT NULL COMMENT 'Created At',
  PRIMARY KEY (`transaction_id`),
  UNIQUE KEY `UNQ_PAYPAL_PAYMENT_TRANSACTION_TXN_ID` (`txn_id`)
) ENGINE=InnoDB DEFAULT CHARSET=utf8 COMMENT='PayPal Payflow Link Payment Transaction';


CREATE TABLE `paypal_settlement_report` (
  `report_id` int(10) unsigned NOT NULL AUTO_INCREMENT COMMENT 'Report Id',
  `report_date` timestamp NULL DEFAULT NULL COMMENT 'Report Date',
  `account_id` varchar(64) DEFAULT NULL COMMENT 'Account Id',
  `filename` varchar(24) DEFAULT NULL COMMENT 'Filename',
  `last_modified` timestamp NULL DEFAULT NULL COMMENT 'Last Modified',
  PRIMARY KEY (`report_id`),
  UNIQUE KEY `UNQ_PAYPAL_SETTLEMENT_REPORT_REPORT_DATE_ACCOUNT_ID` (`report_date`,`account_id`)
) ENGINE=InnoDB DEFAULT CHARSET=utf8 COMMENT='Paypal Settlement Report Table';


CREATE TABLE `paypal_settlement_report_row` (
  `row_id` int(10) unsigned NOT NULL AUTO_INCREMENT COMMENT 'Row Id',
  `report_id` int(10) unsigned NOT NULL COMMENT 'Report Id',
  `transaction_id` varchar(19) DEFAULT NULL COMMENT 'Transaction Id',
  `invoice_id` varchar(127) DEFAULT NULL COMMENT 'Invoice Id',
  `paypal_reference_id` varchar(19) DEFAULT NULL COMMENT 'Paypal Reference Id',
  `paypal_reference_id_type` varchar(3) DEFAULT NULL COMMENT 'Paypal Reference Id Type',
  `transaction_event_code` varchar(5) DEFAULT NULL COMMENT 'Transaction Event Code',
  `transaction_initiation_date` timestamp NULL DEFAULT NULL COMMENT 'Transaction Initiation Date',
  `transaction_completion_date` timestamp NULL DEFAULT NULL COMMENT 'Transaction Completion Date',
  `transaction_debit_or_credit` varchar(2) NOT NULL DEFAULT 'CR' COMMENT 'Transaction Debit Or Credit',
  `gross_transaction_amount` decimal(20,6) NOT NULL DEFAULT '0.000000' COMMENT 'Gross Transaction Amount',
  `gross_transaction_currency` varchar(3) DEFAULT '' COMMENT 'Gross Transaction Currency',
  `fee_debit_or_credit` varchar(2) DEFAULT NULL COMMENT 'Fee Debit Or Credit',
  `fee_amount` decimal(20,6) NOT NULL DEFAULT '0.000000' COMMENT 'Fee Amount',
  `fee_currency` varchar(3) DEFAULT NULL COMMENT 'Fee Currency',
  `custom_field` varchar(255) DEFAULT NULL COMMENT 'Custom Field',
  `consumer_id` varchar(127) DEFAULT NULL COMMENT 'Consumer Id',
  `payment_tracking_id` varchar(255) DEFAULT NULL COMMENT 'Payment Tracking ID',
  `store_id` varchar(50) DEFAULT NULL COMMENT 'Store ID',
  PRIMARY KEY (`row_id`),
  KEY `IDX_PAYPAL_SETTLEMENT_REPORT_ROW_REPORT_ID` (`report_id`),
  CONSTRAINT `FK_E183E488F593E0DE10C6EBFFEBAC9B55` FOREIGN KEY (`report_id`) REFERENCES `paypal_settlement_report` (`report_id`) ON DELETE CASCADE ON UPDATE CASCADE
) ENGINE=InnoDB DEFAULT CHARSET=utf8 COMMENT='Paypal Settlement Report Row Table';


CREATE TABLE `permission_block` (
  `block_id` int(10) unsigned NOT NULL AUTO_INCREMENT COMMENT 'Block ID',
  `block_name` varchar(255) NOT NULL DEFAULT '' COMMENT 'Block Name',
  `is_allowed` tinyint(1) NOT NULL DEFAULT '0' COMMENT 'Mark that block can be processed by filters',
  PRIMARY KEY (`block_id`),
  UNIQUE KEY `UNQ_PERMISSION_BLOCK_BLOCK_NAME` (`block_name`)
) ENGINE=InnoDB DEFAULT CHARSET=utf8 COMMENT='System blocks that can be processed via content filter';

INSERT INTO `permission_block` (`block_id`, `block_name`, `is_allowed`) VALUES
(1,	'core/template',	1),
(2,	'catalog/product_new',	1);

CREATE TABLE `permission_variable` (
  `variable_id` int(10) unsigned NOT NULL AUTO_INCREMENT COMMENT 'Variable ID',
  `variable_name` varchar(255) NOT NULL DEFAULT '' COMMENT 'Config Path',
  `is_allowed` tinyint(1) NOT NULL DEFAULT '0' COMMENT 'Mark that config can be processed by filters',
  PRIMARY KEY (`variable_id`,`variable_name`),
  UNIQUE KEY `UNQ_PERMISSION_VARIABLE_VARIABLE_NAME` (`variable_name`)
) ENGINE=InnoDB DEFAULT CHARSET=utf8 COMMENT='System variables that can be processed via content filter';

INSERT INTO `permission_variable` (`variable_id`, `variable_name`, `is_allowed`) VALUES
(1,	'trans_email/ident_support/name',	1),
(2,	'trans_email/ident_support/email',	1),
(3,	'web/unsecure/base_url',	1),
(4,	'web/secure/base_url',	1),
(5,	'trans_email/ident_general/name',	1),
(6,	'trans_email/ident_general/email',	1),
(7,	'trans_email/ident_sales/name',	1),
(8,	'trans_email/ident_sales/email',	1),
(9,	'trans_email/ident_custom1/name',	1),
(10,	'trans_email/ident_custom1/email',	1),
(11,	'trans_email/ident_custom2/name',	1),
(12,	'trans_email/ident_custom2/email',	1),
(13,	'general/store_information/name',	1),
(14,	'general/store_information/phone',	1),
(15,	'general/store_information/address',	1);

CREATE TABLE `persistent_session` (
  `persistent_id` int(10) unsigned NOT NULL AUTO_INCREMENT COMMENT 'Session id',
  `key` varchar(50) NOT NULL COMMENT 'Unique cookie key',
  `customer_id` int(10) unsigned DEFAULT NULL COMMENT 'Customer id',
  `website_id` smallint(5) unsigned NOT NULL DEFAULT '0' COMMENT 'Website ID',
  `info` text COMMENT 'Session Data',
  `updated_at` timestamp NULL DEFAULT NULL COMMENT 'Updated At',
  PRIMARY KEY (`persistent_id`),
  UNIQUE KEY `IDX_PERSISTENT_SESSION_KEY` (`key`),
  UNIQUE KEY `IDX_PERSISTENT_SESSION_CUSTOMER_ID` (`customer_id`),
  KEY `IDX_PERSISTENT_SESSION_UPDATED_AT` (`updated_at`),
  KEY `FK_PERSISTENT_SESSION_WEBSITE_ID_CORE_WEBSITE_WEBSITE_ID` (`website_id`),
  CONSTRAINT `FK_PERSISTENT_SESSION_CUSTOMER_ID_CUSTOMER_ENTITY_ENTITY_ID` FOREIGN KEY (`customer_id`) REFERENCES `customer_entity` (`entity_id`) ON DELETE CASCADE ON UPDATE NO ACTION,
  CONSTRAINT `FK_PERSISTENT_SESSION_WEBSITE_ID_CORE_WEBSITE_WEBSITE_ID` FOREIGN KEY (`website_id`) REFERENCES `core_website` (`website_id`) ON DELETE CASCADE ON UPDATE NO ACTION
) ENGINE=InnoDB DEFAULT CHARSET=utf8 COMMENT='Persistent Session';


CREATE TABLE `poll` (
  `poll_id` int(10) unsigned NOT NULL AUTO_INCREMENT COMMENT 'Poll Id',
  `poll_title` varchar(255) DEFAULT NULL COMMENT 'Poll title',
  `votes_count` int(10) unsigned NOT NULL DEFAULT '0' COMMENT 'Votes Count',
  `store_id` smallint(5) unsigned NOT NULL DEFAULT '0' COMMENT 'Store id',
  `date_posted` timestamp NOT NULL DEFAULT '0000-00-00 00:00:00' COMMENT 'Date posted',
  `date_closed` timestamp NULL DEFAULT NULL COMMENT 'Date closed',
  `active` smallint(6) NOT NULL DEFAULT '1' COMMENT 'Is active',
  `closed` smallint(6) NOT NULL DEFAULT '0' COMMENT 'Is closed',
  `answers_display` smallint(6) DEFAULT NULL COMMENT 'Answers display',
  PRIMARY KEY (`poll_id`),
  KEY `IDX_POLL_STORE_ID` (`store_id`),
  CONSTRAINT `FK_POLL_STORE_ID_CORE_STORE_STORE_ID` FOREIGN KEY (`store_id`) REFERENCES `core_store` (`store_id`) ON DELETE CASCADE ON UPDATE CASCADE
) ENGINE=InnoDB DEFAULT CHARSET=utf8 COMMENT='Poll';


CREATE TABLE `poll_answer` (
  `answer_id` int(10) unsigned NOT NULL AUTO_INCREMENT COMMENT 'Answer Id',
  `poll_id` int(10) unsigned NOT NULL DEFAULT '0' COMMENT 'Poll Id',
  `answer_title` varchar(255) DEFAULT NULL COMMENT 'Answer title',
  `votes_count` int(10) unsigned NOT NULL DEFAULT '0' COMMENT 'Votes Count',
  `answer_order` smallint(6) NOT NULL DEFAULT '0' COMMENT 'Answers display',
  PRIMARY KEY (`answer_id`),
  KEY `IDX_POLL_ANSWER_POLL_ID` (`poll_id`),
  CONSTRAINT `FK_POLL_ANSWER_POLL_ID_POLL_POLL_ID` FOREIGN KEY (`poll_id`) REFERENCES `poll` (`poll_id`) ON DELETE CASCADE ON UPDATE CASCADE
) ENGINE=InnoDB DEFAULT CHARSET=utf8 COMMENT='Poll Answers';


CREATE TABLE `poll_store` (
  `poll_id` int(10) unsigned NOT NULL DEFAULT '0' COMMENT 'Poll Id',
  `store_id` smallint(5) unsigned NOT NULL DEFAULT '0' COMMENT 'Store id',
  PRIMARY KEY (`poll_id`,`store_id`),
  KEY `IDX_POLL_STORE_STORE_ID` (`store_id`),
  CONSTRAINT `FK_POLL_STORE_POLL_ID_POLL_POLL_ID` FOREIGN KEY (`poll_id`) REFERENCES `poll` (`poll_id`) ON DELETE CASCADE ON UPDATE CASCADE,
  CONSTRAINT `FK_POLL_STORE_STORE_ID_CORE_STORE_STORE_ID` FOREIGN KEY (`store_id`) REFERENCES `core_store` (`store_id`) ON DELETE CASCADE ON UPDATE CASCADE
) ENGINE=InnoDB DEFAULT CHARSET=utf8 COMMENT='Poll Store';


CREATE TABLE `poll_vote` (
  `vote_id` int(10) unsigned NOT NULL AUTO_INCREMENT COMMENT 'Vote Id',
  `poll_id` int(10) unsigned NOT NULL DEFAULT '0' COMMENT 'Poll Id',
  `poll_answer_id` int(10) unsigned NOT NULL DEFAULT '0' COMMENT 'Poll answer id',
  `ip_address` varbinary(16) DEFAULT NULL,
  `customer_id` int(11) DEFAULT NULL COMMENT 'Customer id',
  `vote_time` timestamp NULL DEFAULT NULL COMMENT 'Date closed',
  PRIMARY KEY (`vote_id`),
  KEY `IDX_POLL_VOTE_POLL_ANSWER_ID` (`poll_answer_id`),
  CONSTRAINT `FK_POLL_VOTE_POLL_ANSWER_ID_POLL_ANSWER_ANSWER_ID` FOREIGN KEY (`poll_answer_id`) REFERENCES `poll_answer` (`answer_id`) ON DELETE CASCADE ON UPDATE CASCADE
) ENGINE=InnoDB DEFAULT CHARSET=utf8 COMMENT='Poll Vote';


CREATE TABLE `product_alert_price` (
  `alert_price_id` int(10) unsigned NOT NULL AUTO_INCREMENT COMMENT 'Product alert price id',
  `customer_id` int(10) unsigned NOT NULL DEFAULT '0' COMMENT 'Customer id',
  `product_id` int(10) unsigned NOT NULL DEFAULT '0' COMMENT 'Product id',
  `price` decimal(12,4) NOT NULL DEFAULT '0.0000' COMMENT 'Price amount',
  `website_id` smallint(5) unsigned NOT NULL DEFAULT '0' COMMENT 'Website id',
  `add_date` timestamp NOT NULL DEFAULT '0000-00-00 00:00:00' COMMENT 'Product alert add date',
  `last_send_date` timestamp NULL DEFAULT NULL COMMENT 'Product alert last send date',
  `send_count` smallint(5) unsigned NOT NULL DEFAULT '0' COMMENT 'Product alert send count',
  `status` smallint(5) unsigned NOT NULL DEFAULT '0' COMMENT 'Product alert status',
  PRIMARY KEY (`alert_price_id`),
  KEY `IDX_PRODUCT_ALERT_PRICE_CUSTOMER_ID` (`customer_id`),
  KEY `IDX_PRODUCT_ALERT_PRICE_PRODUCT_ID` (`product_id`),
  KEY `IDX_PRODUCT_ALERT_PRICE_WEBSITE_ID` (`website_id`),
  CONSTRAINT `FK_PRD_ALERT_PRICE_PRD_ID_CAT_PRD_ENTT_ENTT_ID` FOREIGN KEY (`product_id`) REFERENCES `catalog_product_entity` (`entity_id`) ON DELETE CASCADE ON UPDATE CASCADE,
  CONSTRAINT `FK_PRODUCT_ALERT_PRICE_CUSTOMER_ID_CUSTOMER_ENTITY_ENTITY_ID` FOREIGN KEY (`customer_id`) REFERENCES `customer_entity` (`entity_id`) ON DELETE CASCADE ON UPDATE CASCADE,
  CONSTRAINT `FK_PRODUCT_ALERT_PRICE_WEBSITE_ID_CORE_WEBSITE_WEBSITE_ID` FOREIGN KEY (`website_id`) REFERENCES `core_website` (`website_id`) ON DELETE CASCADE ON UPDATE CASCADE
) ENGINE=InnoDB DEFAULT CHARSET=utf8 COMMENT='Product Alert Price';


CREATE TABLE `product_alert_stock` (
  `alert_stock_id` int(10) unsigned NOT NULL AUTO_INCREMENT COMMENT 'Product alert stock id',
  `customer_id` int(10) unsigned NOT NULL DEFAULT '0' COMMENT 'Customer id',
  `product_id` int(10) unsigned NOT NULL DEFAULT '0' COMMENT 'Product id',
  `website_id` smallint(5) unsigned NOT NULL DEFAULT '0' COMMENT 'Website id',
  `add_date` timestamp NOT NULL DEFAULT '0000-00-00 00:00:00' COMMENT 'Product alert add date',
  `send_date` timestamp NULL DEFAULT NULL COMMENT 'Product alert send date',
  `send_count` smallint(5) unsigned NOT NULL DEFAULT '0' COMMENT 'Send Count',
  `status` smallint(5) unsigned NOT NULL DEFAULT '0' COMMENT 'Product alert status',
  PRIMARY KEY (`alert_stock_id`),
  KEY `IDX_PRODUCT_ALERT_STOCK_CUSTOMER_ID` (`customer_id`),
  KEY `IDX_PRODUCT_ALERT_STOCK_PRODUCT_ID` (`product_id`),
  KEY `IDX_PRODUCT_ALERT_STOCK_WEBSITE_ID` (`website_id`),
  CONSTRAINT `FK_PRD_ALERT_STOCK_PRD_ID_CAT_PRD_ENTT_ENTT_ID` FOREIGN KEY (`product_id`) REFERENCES `catalog_product_entity` (`entity_id`) ON DELETE CASCADE ON UPDATE CASCADE,
  CONSTRAINT `FK_PRODUCT_ALERT_STOCK_CUSTOMER_ID_CUSTOMER_ENTITY_ENTITY_ID` FOREIGN KEY (`customer_id`) REFERENCES `customer_entity` (`entity_id`) ON DELETE CASCADE ON UPDATE CASCADE,
  CONSTRAINT `FK_PRODUCT_ALERT_STOCK_WEBSITE_ID_CORE_WEBSITE_WEBSITE_ID` FOREIGN KEY (`website_id`) REFERENCES `core_website` (`website_id`) ON DELETE CASCADE ON UPDATE CASCADE
) ENGINE=InnoDB DEFAULT CHARSET=utf8 COMMENT='Product Alert Stock';


CREATE TABLE `rating` (
  `rating_id` smallint(5) unsigned NOT NULL AUTO_INCREMENT COMMENT 'Rating Id',
  `entity_id` smallint(5) unsigned NOT NULL DEFAULT '0' COMMENT 'Entity Id',
  `rating_code` varchar(64) NOT NULL COMMENT 'Rating Code',
  `position` smallint(5) unsigned NOT NULL DEFAULT '0' COMMENT 'Rating Position On Frontend',
  PRIMARY KEY (`rating_id`),
  UNIQUE KEY `UNQ_RATING_RATING_CODE` (`rating_code`),
  KEY `IDX_RATING_ENTITY_ID` (`entity_id`),
  CONSTRAINT `FK_RATING_ENTITY_ID_RATING_ENTITY_ENTITY_ID` FOREIGN KEY (`entity_id`) REFERENCES `rating_entity` (`entity_id`) ON DELETE CASCADE ON UPDATE CASCADE
) ENGINE=InnoDB DEFAULT CHARSET=utf8 COMMENT='Ratings';

INSERT INTO `rating` (`rating_id`, `entity_id`, `rating_code`, `position`) VALUES
(1,	1,	'Quality',	0),
(2,	1,	'Value',	0),
(3,	1,	'Price',	0);

CREATE TABLE `rating_entity` (
  `entity_id` smallint(5) unsigned NOT NULL AUTO_INCREMENT COMMENT 'Entity Id',
  `entity_code` varchar(64) NOT NULL COMMENT 'Entity Code',
  PRIMARY KEY (`entity_id`),
  UNIQUE KEY `UNQ_RATING_ENTITY_ENTITY_CODE` (`entity_code`)
) ENGINE=InnoDB DEFAULT CHARSET=utf8 COMMENT='Rating entities';

INSERT INTO `rating_entity` (`entity_id`, `entity_code`) VALUES
(1,	'product'),
(2,	'product_review'),
(3,	'review');

CREATE TABLE `rating_option` (
  `option_id` int(10) unsigned NOT NULL AUTO_INCREMENT COMMENT 'Rating Option Id',
  `rating_id` smallint(5) unsigned NOT NULL DEFAULT '0' COMMENT 'Rating Id',
  `code` varchar(32) NOT NULL COMMENT 'Rating Option Code',
  `value` smallint(5) unsigned NOT NULL DEFAULT '0' COMMENT 'Rating Option Value',
  `position` smallint(5) unsigned NOT NULL DEFAULT '0' COMMENT 'Ration option position on frontend',
  PRIMARY KEY (`option_id`),
  KEY `IDX_RATING_OPTION_RATING_ID` (`rating_id`),
  CONSTRAINT `FK_RATING_OPTION_RATING_ID_RATING_RATING_ID` FOREIGN KEY (`rating_id`) REFERENCES `rating` (`rating_id`) ON DELETE CASCADE ON UPDATE CASCADE
) ENGINE=InnoDB DEFAULT CHARSET=utf8 COMMENT='Rating options';

INSERT INTO `rating_option` (`option_id`, `rating_id`, `code`, `value`, `position`) VALUES
(1,	1,	'1',	1,	1),
(2,	1,	'2',	2,	2),
(3,	1,	'3',	3,	3),
(4,	1,	'4',	4,	4),
(5,	1,	'5',	5,	5),
(6,	2,	'1',	1,	1),
(7,	2,	'2',	2,	2),
(8,	2,	'3',	3,	3),
(9,	2,	'4',	4,	4),
(10,	2,	'5',	5,	5),
(11,	3,	'1',	1,	1),
(12,	3,	'2',	2,	2),
(13,	3,	'3',	3,	3),
(14,	3,	'4',	4,	4),
(15,	3,	'5',	5,	5);

CREATE TABLE `rating_option_vote` (
  `vote_id` bigint(20) unsigned NOT NULL AUTO_INCREMENT COMMENT 'Vote id',
  `option_id` int(10) unsigned NOT NULL DEFAULT '0' COMMENT 'Vote option id',
  `remote_ip` varchar(50) DEFAULT NULL,
  `remote_ip_long` varbinary(16) DEFAULT NULL,
  `customer_id` int(10) unsigned DEFAULT '0' COMMENT 'Customer Id',
  `entity_pk_value` bigint(20) unsigned NOT NULL DEFAULT '0' COMMENT 'Product id',
  `rating_id` smallint(5) unsigned NOT NULL DEFAULT '0' COMMENT 'Rating id',
  `review_id` bigint(20) unsigned DEFAULT NULL COMMENT 'Review id',
  `percent` smallint(6) NOT NULL DEFAULT '0' COMMENT 'Percent amount',
  `value` smallint(6) NOT NULL DEFAULT '0' COMMENT 'Vote option value',
  PRIMARY KEY (`vote_id`),
  KEY `IDX_RATING_OPTION_VOTE_OPTION_ID` (`option_id`),
  KEY `FK_RATING_OPTION_VOTE_REVIEW_ID_REVIEW_REVIEW_ID` (`review_id`),
  CONSTRAINT `FK_RATING_OPTION_VOTE_OPTION_ID_RATING_OPTION_OPTION_ID` FOREIGN KEY (`option_id`) REFERENCES `rating_option` (`option_id`) ON DELETE CASCADE ON UPDATE CASCADE,
  CONSTRAINT `FK_RATING_OPTION_VOTE_REVIEW_ID_REVIEW_REVIEW_ID` FOREIGN KEY (`review_id`) REFERENCES `review` (`review_id`) ON DELETE CASCADE ON UPDATE CASCADE
) ENGINE=InnoDB DEFAULT CHARSET=utf8 COMMENT='Rating option values';


CREATE TABLE `rating_option_vote_aggregated` (
  `primary_id` int(11) NOT NULL AUTO_INCREMENT COMMENT 'Vote aggregation id',
  `rating_id` smallint(5) unsigned NOT NULL DEFAULT '0' COMMENT 'Rating id',
  `entity_pk_value` bigint(20) unsigned NOT NULL DEFAULT '0' COMMENT 'Product id',
  `vote_count` int(10) unsigned NOT NULL DEFAULT '0' COMMENT 'Vote dty',
  `vote_value_sum` int(10) unsigned NOT NULL DEFAULT '0' COMMENT 'General vote sum',
  `percent` smallint(6) NOT NULL DEFAULT '0' COMMENT 'Vote percent',
  `percent_approved` smallint(6) DEFAULT '0' COMMENT 'Vote percent approved by admin',
  `store_id` smallint(5) unsigned NOT NULL DEFAULT '0' COMMENT 'Store Id',
  PRIMARY KEY (`primary_id`),
  KEY `IDX_RATING_OPTION_VOTE_AGGREGATED_RATING_ID` (`rating_id`),
  KEY `IDX_RATING_OPTION_VOTE_AGGREGATED_STORE_ID` (`store_id`),
  CONSTRAINT `FK_RATING_OPTION_VOTE_AGGREGATED_RATING_ID_RATING_RATING_ID` FOREIGN KEY (`rating_id`) REFERENCES `rating` (`rating_id`) ON DELETE CASCADE ON UPDATE CASCADE,
  CONSTRAINT `FK_RATING_OPTION_VOTE_AGGREGATED_STORE_ID_CORE_STORE_STORE_ID` FOREIGN KEY (`store_id`) REFERENCES `core_store` (`store_id`) ON DELETE CASCADE ON UPDATE CASCADE
) ENGINE=InnoDB DEFAULT CHARSET=utf8 COMMENT='Rating vote aggregated';


CREATE TABLE `rating_store` (
  `rating_id` smallint(5) unsigned NOT NULL DEFAULT '0' COMMENT 'Rating id',
  `store_id` smallint(5) unsigned NOT NULL DEFAULT '0' COMMENT 'Store id',
  PRIMARY KEY (`rating_id`,`store_id`),
  KEY `IDX_RATING_STORE_STORE_ID` (`store_id`),
  CONSTRAINT `FK_RATING_STORE_RATING_ID_RATING_RATING_ID` FOREIGN KEY (`rating_id`) REFERENCES `rating` (`rating_id`) ON DELETE CASCADE ON UPDATE NO ACTION,
  CONSTRAINT `FK_RATING_STORE_STORE_ID_CORE_STORE_STORE_ID` FOREIGN KEY (`store_id`) REFERENCES `core_store` (`store_id`) ON DELETE CASCADE ON UPDATE CASCADE
) ENGINE=InnoDB DEFAULT CHARSET=utf8 COMMENT='Rating Store';


CREATE TABLE `rating_title` (
  `rating_id` smallint(5) unsigned NOT NULL DEFAULT '0' COMMENT 'Rating Id',
  `store_id` smallint(5) unsigned NOT NULL DEFAULT '0' COMMENT 'Store Id',
  `value` varchar(255) NOT NULL COMMENT 'Rating Label',
  PRIMARY KEY (`rating_id`,`store_id`),
  KEY `IDX_RATING_TITLE_STORE_ID` (`store_id`),
  CONSTRAINT `FK_RATING_TITLE_RATING_ID_RATING_RATING_ID` FOREIGN KEY (`rating_id`) REFERENCES `rating` (`rating_id`) ON DELETE CASCADE ON UPDATE CASCADE,
  CONSTRAINT `FK_RATING_TITLE_STORE_ID_CORE_STORE_STORE_ID` FOREIGN KEY (`store_id`) REFERENCES `core_store` (`store_id`) ON DELETE CASCADE ON UPDATE CASCADE
) ENGINE=InnoDB DEFAULT CHARSET=utf8 COMMENT='Rating Title';


CREATE TABLE `report_compared_product_index` (
  `index_id` bigint(20) unsigned NOT NULL AUTO_INCREMENT COMMENT 'Index Id',
  `visitor_id` int(10) unsigned DEFAULT NULL COMMENT 'Visitor Id',
  `customer_id` int(10) unsigned DEFAULT NULL COMMENT 'Customer Id',
  `product_id` int(10) unsigned NOT NULL COMMENT 'Product Id',
  `store_id` smallint(5) unsigned DEFAULT NULL COMMENT 'Store Id',
  `added_at` timestamp NOT NULL DEFAULT '0000-00-00 00:00:00' COMMENT 'Added At',
  PRIMARY KEY (`index_id`),
  UNIQUE KEY `UNQ_REPORT_COMPARED_PRODUCT_INDEX_VISITOR_ID_PRODUCT_ID` (`visitor_id`,`product_id`),
  UNIQUE KEY `UNQ_REPORT_COMPARED_PRODUCT_INDEX_CUSTOMER_ID_PRODUCT_ID` (`customer_id`,`product_id`),
  KEY `IDX_REPORT_COMPARED_PRODUCT_INDEX_STORE_ID` (`store_id`),
  KEY `IDX_REPORT_COMPARED_PRODUCT_INDEX_ADDED_AT` (`added_at`),
  KEY `IDX_REPORT_COMPARED_PRODUCT_INDEX_PRODUCT_ID` (`product_id`),
  CONSTRAINT `FK_REPORT_CMPD_PRD_IDX_CSTR_ID_CSTR_ENTT_ENTT_ID` FOREIGN KEY (`customer_id`) REFERENCES `customer_entity` (`entity_id`) ON DELETE CASCADE ON UPDATE CASCADE,
  CONSTRAINT `FK_REPORT_CMPD_PRD_IDX_PRD_ID_CAT_PRD_ENTT_ENTT_ID` FOREIGN KEY (`product_id`) REFERENCES `catalog_product_entity` (`entity_id`) ON DELETE CASCADE ON UPDATE CASCADE,
  CONSTRAINT `FK_REPORT_COMPARED_PRODUCT_INDEX_STORE_ID_CORE_STORE_STORE_ID` FOREIGN KEY (`store_id`) REFERENCES `core_store` (`store_id`) ON DELETE SET NULL ON UPDATE CASCADE
) ENGINE=InnoDB DEFAULT CHARSET=utf8 COMMENT='Reports Compared Product Index Table';


CREATE TABLE `report_event` (
  `event_id` bigint(20) unsigned NOT NULL AUTO_INCREMENT COMMENT 'Event Id',
  `logged_at` timestamp NOT NULL DEFAULT '0000-00-00 00:00:00' COMMENT 'Logged At',
  `event_type_id` smallint(5) unsigned NOT NULL DEFAULT '0' COMMENT 'Event Type Id',
  `object_id` int(10) unsigned NOT NULL DEFAULT '0' COMMENT 'Object Id',
  `subject_id` int(10) unsigned NOT NULL DEFAULT '0' COMMENT 'Subject Id',
  `subtype` smallint(5) unsigned NOT NULL DEFAULT '0' COMMENT 'Subtype',
  `store_id` smallint(5) unsigned NOT NULL COMMENT 'Store Id',
  PRIMARY KEY (`event_id`),
  KEY `IDX_REPORT_EVENT_EVENT_TYPE_ID` (`event_type_id`),
  KEY `IDX_REPORT_EVENT_SUBJECT_ID` (`subject_id`),
  KEY `IDX_REPORT_EVENT_OBJECT_ID` (`object_id`),
  KEY `IDX_REPORT_EVENT_SUBTYPE` (`subtype`),
  KEY `IDX_REPORT_EVENT_STORE_ID` (`store_id`),
  CONSTRAINT `FK_REPORT_EVENT_EVENT_TYPE_ID_REPORT_EVENT_TYPES_EVENT_TYPE_ID` FOREIGN KEY (`event_type_id`) REFERENCES `report_event_types` (`event_type_id`) ON DELETE CASCADE ON UPDATE CASCADE,
  CONSTRAINT `FK_REPORT_EVENT_STORE_ID_CORE_STORE_STORE_ID` FOREIGN KEY (`store_id`) REFERENCES `core_store` (`store_id`) ON DELETE CASCADE ON UPDATE CASCADE
) ENGINE=InnoDB DEFAULT CHARSET=utf8 COMMENT='Reports Event Table';


CREATE TABLE `report_event_types` (
  `event_type_id` smallint(5) unsigned NOT NULL AUTO_INCREMENT COMMENT 'Event Type Id',
  `event_name` varchar(64) NOT NULL COMMENT 'Event Name',
  `customer_login` smallint(5) unsigned NOT NULL DEFAULT '0' COMMENT 'Customer Login',
  PRIMARY KEY (`event_type_id`)
) ENGINE=InnoDB DEFAULT CHARSET=utf8 COMMENT='Reports Event Type Table';

INSERT INTO `report_event_types` (`event_type_id`, `event_name`, `customer_login`) VALUES
(1,	'catalog_product_view',	0),
(2,	'sendfriend_product',	0),
(3,	'catalog_product_compare_add_product',	0),
(4,	'checkout_cart_add_product',	0),
(5,	'wishlist_add_product',	0),
(6,	'wishlist_share',	0);

CREATE TABLE `report_viewed_product_aggregated_daily` (
  `id` int(10) unsigned NOT NULL AUTO_INCREMENT COMMENT 'Id',
  `period` date DEFAULT NULL COMMENT 'Period',
  `store_id` smallint(5) unsigned DEFAULT NULL COMMENT 'Store Id',
  `product_id` int(10) unsigned DEFAULT NULL COMMENT 'Product Id',
  `product_name` varchar(255) DEFAULT NULL COMMENT 'Product Name',
  `product_price` decimal(12,4) NOT NULL DEFAULT '0.0000' COMMENT 'Product Price',
  `views_num` int(11) NOT NULL DEFAULT '0' COMMENT 'Number of Views',
  `rating_pos` smallint(5) unsigned NOT NULL DEFAULT '0' COMMENT 'Rating Pos',
  PRIMARY KEY (`id`),
  UNIQUE KEY `UNQ_REPORT_VIEWED_PRD_AGGRED_DAILY_PERIOD_STORE_ID_PRD_ID` (`period`,`store_id`,`product_id`),
  KEY `IDX_REPORT_VIEWED_PRODUCT_AGGREGATED_DAILY_STORE_ID` (`store_id`),
  KEY `IDX_REPORT_VIEWED_PRODUCT_AGGREGATED_DAILY_PRODUCT_ID` (`product_id`),
  CONSTRAINT `FK_REPORT_VIEWED_PRD_AGGRED_DAILY_PRD_ID_CAT_PRD_ENTT_ENTT_ID` FOREIGN KEY (`product_id`) REFERENCES `catalog_product_entity` (`entity_id`) ON DELETE CASCADE ON UPDATE CASCADE,
  CONSTRAINT `FK_REPORT_VIEWED_PRD_AGGRED_DAILY_STORE_ID_CORE_STORE_STORE_ID` FOREIGN KEY (`store_id`) REFERENCES `core_store` (`store_id`) ON DELETE CASCADE ON UPDATE CASCADE
) ENGINE=InnoDB DEFAULT CHARSET=utf8 COMMENT='Most Viewed Products Aggregated Daily';

INSERT INTO `report_viewed_product_aggregated_daily` (`id`, `period`, `store_id`, `product_id`, `product_name`, `product_price`, `views_num`, `rating_pos`) VALUES
(1,	'2018-01-15',	1,	2,	'Undoing FGM',	17.0000,	1,	2),
(2,	'2018-01-15',	1,	4,	'Waging Empathy',	17.0000,	1,	3),
(3,	'2018-01-15',	1,	7,	'Taboo',	17.0000,	1,	4),
(4,	'2018-01-15',	1,	9,	'In the Name of Tradition',	17.0000,	3,	1),
(5,	'2018-01-16',	1,	8,	'Stones: A Novel',	16.1100,	1,	1),
(6,	'2018-01-16',	1,	9,	'In the Name of Tradition',	17.0000,	1,	2),
(7,	'2018-01-17',	1,	4,	'Waging Empathy',	17.0000,	1,	1),
(8,	'2018-01-17',	1,	8,	'Stones: A Novel',	16.1100,	1,	2),
(9,	'2018-01-18',	1,	1,	'Blood Stains. A Child of Africa Reclaims Her Human Rights',	17.0000,	2,	5),
(10,	'2018-01-18',	1,	2,	'Undoing FGM',	17.0000,	4,	2),
(11,	'2018-01-18',	1,	4,	'Waging Empathy',	17.0000,	2,	4),
(12,	'2018-01-18',	1,	8,	'Stones: A Novel',	16.1100,	8,	1),
(13,	'2018-01-18',	1,	9,	'In the Name of Tradition',	17.0000,	3,	3),
(14,	'2018-01-19',	1,	7,	'Taboo',	17.0000,	1,	3),
(15,	'2018-01-19',	1,	8,	'Stones: A Novel',	16.1100,	9,	1),
(16,	'2018-01-19',	1,	9,	'In the Name of Tradition',	17.0000,	5,	2),
(17,	'2018-01-21',	1,	9,	'In the Name of Tradition',	17.0000,	1,	1),
(18,	'2018-01-22',	1,	4,	'Waging Empathy',	17.0000,	6,	1),
(19,	'2018-01-22',	1,	7,	'Taboo',	17.0000,	1,	2),
(20,	'2018-01-22',	1,	8,	'Stones: A Novel',	16.1100,	1,	3),
(21,	'2018-01-22',	1,	9,	'In the Name of Tradition',	17.0000,	1,	4),
(22,	'2018-01-28',	1,	4,	'Waging Empathy',	17.0000,	3,	1),
(23,	'2018-01-29',	1,	4,	'Waging Empathy',	17.0000,	3,	1),
(24,	'2018-01-30',	1,	1,	'Blood Stains. A Child of Africa Reclaims Her Human Rights',	17.0000,	3,	3),
(25,	'2018-01-30',	1,	2,	'Undoing FGM',	17.0000,	1,	6),
(26,	'2018-01-30',	1,	3,	'WAAFRIKA 123. 1992. Kenya. Two womyn fall in love',	17.0000,	1,	7),
(27,	'2018-01-30',	1,	4,	'Waging Empathy',	17.0000,	13,	2),
(28,	'2018-01-30',	1,	5,	'Kiminta',	17.0000,	1,	8),
(29,	'2018-01-30',	1,	6,	'Rose Lore',	17.0000,	1,	9),
(30,	'2018-01-30',	1,	7,	'Taboo',	17.0000,	2,	5),
(31,	'2018-01-30',	1,	8,	'Stones: A Novel',	16.1100,	2,	4),
(32,	'2018-01-30',	1,	9,	'In the Name of Tradition',	17.0000,	15,	1),
(33,	'2018-01-31',	1,	1,	'Blood Stains. A Child of Africa Reclaims Her Human Rights',	17.0000,	8,	1),
(34,	'2018-01-31',	1,	4,	'Waging Empathy',	17.0000,	5,	3),
(35,	'2018-01-31',	1,	8,	'Stones: A Novel',	16.1100,	1,	4),
(36,	'2018-01-31',	1,	9,	'In the Name of Tradition',	17.0000,	7,	2),
(37,	'2018-02-02',	1,	1,	'Blood Stains. A Child of Africa Reclaims Her Human Rights',	17.0000,	12,	1),
(38,	'2018-02-02',	1,	4,	'Waging Empathy',	17.0000,	1,	3),
(39,	'2018-02-02',	1,	9,	'In the Name of Tradition',	17.0000,	10,	2),
(40,	'2018-02-05',	1,	4,	'Waging Empathy',	17.0000,	5,	1),
(41,	'2018-02-09',	1,	1,	'Blood Stains. A Child of Africa Reclaims Her Human Rights',	17.0000,	2,	3),
(42,	'2018-02-09',	1,	2,	'Undoing FGM',	17.0000,	1,	9),
(43,	'2018-02-09',	1,	3,	'WAAFRIKA 123. 1992. Kenya. Two womyn fall in love',	17.0000,	5,	2),
(44,	'2018-02-09',	1,	4,	'Waging Empathy',	17.0000,	1,	4),
(45,	'2018-02-09',	1,	5,	'Kiminta',	17.0000,	1,	5),
(46,	'2018-02-09',	1,	6,	'Rose Lore',	17.0000,	1,	6),
(47,	'2018-02-09',	1,	7,	'Taboo',	17.0000,	1,	7),
(48,	'2018-02-09',	1,	8,	'Stones: A Novel',	16.1100,	1,	8),
(49,	'2018-02-09',	1,	9,	'In the Name of Tradition',	17.0000,	6,	1),
(50,	'2018-02-21',	1,	9,	'In the Name of Tradition',	17.0000,	1,	1),
(51,	'2018-02-28',	1,	6,	'Rose Lore',	17.0000,	1,	1),
(52,	'2018-03-06',	1,	9,	'In the Name of Tradition',	17.0000,	1,	1),
(53,	'2018-05-28',	1,	4,	'Waging Empathy',	17.0000,	3,	1),
(54,	'2018-05-30',	1,	1,	'Blood Stains. A Child of Africa Reclaims Her Human Rights',	17.0000,	2,	6),
(55,	'2018-05-30',	1,	2,	'Undoing FGM',	17.0000,	2,	8),
(56,	'2018-05-30',	1,	3,	'WAAFRIKA 123. 1992. Kenya. Two womyn fall in love',	17.0000,	2,	1),
(57,	'2018-05-30',	1,	4,	'Waging Empathy',	17.0000,	2,	2),
(58,	'2018-05-30',	1,	5,	'Kiminta',	17.0000,	2,	3),
(59,	'2018-05-30',	1,	6,	'Rose Lore',	17.0000,	2,	4),
(60,	'2018-05-30',	1,	7,	'Taboo',	17.0000,	2,	5),
(61,	'2018-05-30',	1,	8,	'Stones: A Novel',	16.1100,	2,	7),
(62,	'2018-05-30',	1,	9,	'In the Name of Tradition',	17.0000,	2,	9),
(63,	'2018-06-21',	1,	3,	'WAAFRIKA 123. 1992. Kenya. Two womyn fall in love',	17.0000,	1,	2),
(64,	'2018-06-21',	1,	4,	'Waging Empathy',	17.0000,	2,	1),
(65,	'2018-06-25',	1,	3,	'WAAFRIKA 123. 1992. Kenya. Two womyn fall in love',	17.0000,	1,	2),
(66,	'2018-06-25',	1,	4,	'Waging Empathy',	17.0000,	1,	3),
(67,	'2018-06-25',	1,	8,	'Stones: A Novel',	16.1100,	2,	1),
(68,	'2018-06-26',	1,	3,	'WAAFRIKA 123. 1992. Kenya. Two womyn fall in love',	17.0000,	3,	1),
(69,	'2018-06-27',	1,	1,	'Blood Stains. A Child of Africa Reclaims Her Human Rights',	17.0000,	1,	4),
(70,	'2018-06-27',	1,	2,	'Undoing FGM',	17.0000,	1,	6),
(71,	'2018-06-27',	1,	3,	'WAAFRIKA 123. 1992. Kenya. Two womyn fall in love',	17.0000,	1,	7),
(72,	'2018-06-27',	1,	4,	'Waging Empathy',	17.0000,	3,	3),
(73,	'2018-06-27',	1,	6,	'Rose Lore',	17.0000,	5,	1),
(74,	'2018-06-27',	1,	7,	'Taboo',	17.0000,	1,	8),
(75,	'2018-06-27',	1,	8,	'Stones: A Novel',	16.1100,	4,	2),
(76,	'2018-06-27',	1,	9,	'In the Name of Tradition',	17.0000,	1,	5);

CREATE TABLE `report_viewed_product_aggregated_monthly` (
  `id` int(10) unsigned NOT NULL AUTO_INCREMENT COMMENT 'Id',
  `period` date DEFAULT NULL COMMENT 'Period',
  `store_id` smallint(5) unsigned DEFAULT NULL COMMENT 'Store Id',
  `product_id` int(10) unsigned DEFAULT NULL COMMENT 'Product Id',
  `product_name` varchar(255) DEFAULT NULL COMMENT 'Product Name',
  `product_price` decimal(12,4) NOT NULL DEFAULT '0.0000' COMMENT 'Product Price',
  `views_num` int(11) NOT NULL DEFAULT '0' COMMENT 'Number of Views',
  `rating_pos` smallint(5) unsigned NOT NULL DEFAULT '0' COMMENT 'Rating Pos',
  PRIMARY KEY (`id`),
  UNIQUE KEY `UNQ_REPORT_VIEWED_PRD_AGGRED_MONTHLY_PERIOD_STORE_ID_PRD_ID` (`period`,`store_id`,`product_id`),
  KEY `IDX_REPORT_VIEWED_PRODUCT_AGGREGATED_MONTHLY_STORE_ID` (`store_id`),
  KEY `IDX_REPORT_VIEWED_PRODUCT_AGGREGATED_MONTHLY_PRODUCT_ID` (`product_id`),
  CONSTRAINT `FK_REPORT_VIEWED_PRD_AGGRED_MONTHLY_PRD_ID_CAT_PRD_ENTT_ENTT_ID` FOREIGN KEY (`product_id`) REFERENCES `catalog_product_entity` (`entity_id`) ON DELETE CASCADE ON UPDATE CASCADE,
  CONSTRAINT `FK_REPORT_VIEWED_PRD_AGGRED_MONTHLY_STORE_ID_CORE_STORE_STORE_ID` FOREIGN KEY (`store_id`) REFERENCES `core_store` (`store_id`) ON DELETE CASCADE ON UPDATE CASCADE
) ENGINE=InnoDB DEFAULT CHARSET=utf8 COMMENT='Most Viewed Products Aggregated Monthly';

INSERT INTO `report_viewed_product_aggregated_monthly` (`id`, `period`, `store_id`, `product_id`, `product_name`, `product_price`, `views_num`, `rating_pos`) VALUES
(1,	'2017-09-01',	1,	4,	'Waging Empathy',	22.0000,	51,	1),
(2,	'2017-09-01',	1,	3,	'WAAFRIKA 123. 1992. Kenya. Two womyn fall in love',	19.9000,	6,	2),
(3,	'2017-09-01',	1,	1,	'Blood Stains. A Child of Africa Reclaims Her Human Rights',	26.9000,	2,	3),
(4,	'2017-09-01',	1,	2,	'Undoing FGM',	26.9000,	1,	4),
(5,	'2017-10-01',	1,	4,	'Waging Empathy',	22.0000,	26,	1),
(6,	'2017-10-01',	1,	3,	'WAAFRIKA 123. 1992. Kenya. Two womyn fall in love',	19.9000,	17,	2),
(7,	'2017-10-01',	1,	2,	'Undoing FGM',	26.9000,	3,	3),
(8,	'2017-10-01',	1,	1,	'Blood Stains. A Child of Africa Reclaims Her Human Rights',	26.9000,	3,	4),
(9,	'2017-12-01',	1,	1,	'Blood Stains. A Child of Africa Reclaims Her Human Rights',	26.9000,	38,	1),
(10,	'2017-12-01',	1,	4,	'Waging Empathy',	22.0000,	17,	2),
(11,	'2017-12-01',	1,	2,	'Undoing FGM',	26.9000,	10,	3),
(12,	'2017-12-01',	1,	3,	'WAAFRIKA 123. 1992. Kenya. Two womyn fall in love',	19.9000,	6,	4),
(13,	'2017-12-01',	1,	5,	'Kiminta',	0.0000,	3,	5),
(14,	'2018-01-01',	1,	9,	'In the Name of Tradition',	17.0000,	36,	1),
(15,	'2018-01-01',	1,	4,	'Waging Empathy',	17.0000,	34,	2),
(16,	'2018-01-01',	1,	8,	'Stones: A Novel',	16.1100,	23,	3),
(17,	'2018-01-01',	1,	1,	'Blood Stains. A Child of Africa Reclaims Her Human Rights',	17.0000,	13,	4),
(18,	'2018-01-01',	1,	2,	'Undoing FGM',	17.0000,	6,	5),
(19,	'2018-01-01',	1,	7,	'Taboo',	17.0000,	5,	6),
(20,	'2018-01-01',	1,	6,	'Rose Lore',	17.0000,	1,	8),
(21,	'2018-01-01',	1,	3,	'WAAFRIKA 123. 1992. Kenya. Two womyn fall in love',	17.0000,	1,	9),
(22,	'2018-01-01',	1,	5,	'Kiminta',	17.0000,	1,	7),
(23,	'2018-02-01',	1,	1,	'Blood Stains. A Child of Africa Reclaims Her Human Rights',	17.0000,	14,	2),
(24,	'2018-02-01',	1,	9,	'In the Name of Tradition',	17.0000,	17,	1),
(25,	'2018-02-01',	1,	4,	'Waging Empathy',	17.0000,	7,	3),
(26,	'2018-02-01',	1,	3,	'WAAFRIKA 123. 1992. Kenya. Two womyn fall in love',	17.0000,	5,	4),
(27,	'2018-02-01',	1,	7,	'Taboo',	17.0000,	1,	9),
(28,	'2018-02-01',	1,	5,	'Kiminta',	17.0000,	1,	6),
(29,	'2018-02-01',	1,	2,	'Undoing FGM',	17.0000,	1,	7),
(30,	'2018-02-01',	1,	8,	'Stones: A Novel',	16.1100,	1,	8),
(31,	'2018-02-01',	1,	6,	'Rose Lore',	17.0000,	2,	5),
(32,	'2018-03-01',	1,	9,	'In the Name of Tradition',	17.0000,	1,	1),
(33,	'2018-05-01',	1,	4,	'Waging Empathy',	17.0000,	5,	1),
(34,	'2018-05-01',	1,	8,	'Stones: A Novel',	16.1100,	2,	2),
(35,	'2018-05-01',	1,	6,	'Rose Lore',	17.0000,	2,	3),
(36,	'2018-05-01',	1,	3,	'WAAFRIKA 123. 1992. Kenya. Two womyn fall in love',	17.0000,	2,	4),
(37,	'2018-05-01',	1,	9,	'In the Name of Tradition',	17.0000,	2,	5),
(38,	'2018-05-01',	1,	1,	'Blood Stains. A Child of Africa Reclaims Her Human Rights',	17.0000,	2,	6),
(39,	'2018-05-01',	1,	7,	'Taboo',	17.0000,	2,	7),
(40,	'2018-05-01',	1,	5,	'Kiminta',	17.0000,	2,	8),
(41,	'2018-05-01',	1,	2,	'Undoing FGM',	17.0000,	2,	9),
(42,	'2018-06-01',	1,	4,	'Waging Empathy',	17.0000,	6,	1),
(43,	'2018-06-01',	1,	8,	'Stones: A Novel',	16.1100,	6,	2),
(44,	'2018-06-01',	1,	3,	'WAAFRIKA 123. 1992. Kenya. Two womyn fall in love',	17.0000,	6,	3),
(45,	'2018-06-01',	1,	6,	'Rose Lore',	17.0000,	5,	4),
(46,	'2018-06-01',	1,	1,	'Blood Stains. A Child of Africa Reclaims Her Human Rights',	17.0000,	1,	5),
(47,	'2018-06-01',	1,	7,	'Taboo',	17.0000,	1,	6),
(48,	'2018-06-01',	1,	2,	'Undoing FGM',	17.0000,	1,	7),
(49,	'2018-06-01',	1,	9,	'In the Name of Tradition',	17.0000,	1,	8);

CREATE TABLE `report_viewed_product_aggregated_yearly` (
  `id` int(10) unsigned NOT NULL AUTO_INCREMENT COMMENT 'Id',
  `period` date DEFAULT NULL COMMENT 'Period',
  `store_id` smallint(5) unsigned DEFAULT NULL COMMENT 'Store Id',
  `product_id` int(10) unsigned DEFAULT NULL COMMENT 'Product Id',
  `product_name` varchar(255) DEFAULT NULL COMMENT 'Product Name',
  `product_price` decimal(12,4) NOT NULL DEFAULT '0.0000' COMMENT 'Product Price',
  `views_num` int(11) NOT NULL DEFAULT '0' COMMENT 'Number of Views',
  `rating_pos` smallint(5) unsigned NOT NULL DEFAULT '0' COMMENT 'Rating Pos',
  PRIMARY KEY (`id`),
  UNIQUE KEY `UNQ_REPORT_VIEWED_PRD_AGGRED_YEARLY_PERIOD_STORE_ID_PRD_ID` (`period`,`store_id`,`product_id`),
  KEY `IDX_REPORT_VIEWED_PRODUCT_AGGREGATED_YEARLY_STORE_ID` (`store_id`),
  KEY `IDX_REPORT_VIEWED_PRODUCT_AGGREGATED_YEARLY_PRODUCT_ID` (`product_id`),
  CONSTRAINT `FK_REPORT_VIEWED_PRD_AGGRED_YEARLY_PRD_ID_CAT_PRD_ENTT_ENTT_ID` FOREIGN KEY (`product_id`) REFERENCES `catalog_product_entity` (`entity_id`) ON DELETE CASCADE ON UPDATE CASCADE,
  CONSTRAINT `FK_REPORT_VIEWED_PRD_AGGRED_YEARLY_STORE_ID_CORE_STORE_STORE_ID` FOREIGN KEY (`store_id`) REFERENCES `core_store` (`store_id`) ON DELETE CASCADE ON UPDATE CASCADE
) ENGINE=InnoDB DEFAULT CHARSET=utf8 COMMENT='Most Viewed Products Aggregated Yearly';

INSERT INTO `report_viewed_product_aggregated_yearly` (`id`, `period`, `store_id`, `product_id`, `product_name`, `product_price`, `views_num`, `rating_pos`) VALUES
(1,	'2017-01-01',	1,	4,	'Waging Empathy',	22.0000,	94,	1),
(2,	'2017-01-01',	1,	1,	'Blood Stains. A Child of Africa Reclaims Her Human Rights',	26.9000,	43,	2),
(3,	'2017-01-01',	1,	3,	'WAAFRIKA 123. 1992. Kenya. Two womyn fall in love',	19.9000,	29,	3),
(4,	'2017-01-01',	1,	2,	'Undoing FGM',	26.9000,	14,	4),
(5,	'2017-01-01',	1,	5,	'Kiminta',	0.0000,	3,	5),
(6,	'2018-01-01',	1,	9,	'In the Name of Tradition',	17.0000,	57,	1),
(7,	'2018-01-01',	1,	4,	'Waging Empathy',	17.0000,	52,	2),
(8,	'2018-01-01',	1,	1,	'Blood Stains. A Child of Africa Reclaims Her Human Rights',	17.0000,	30,	4),
(9,	'2018-01-01',	1,	8,	'Stones: A Novel',	16.1100,	32,	3),
(10,	'2018-01-01',	1,	2,	'Undoing FGM',	17.0000,	10,	6),
(11,	'2018-01-01',	1,	7,	'Taboo',	17.0000,	9,	8),
(12,	'2018-01-01',	1,	6,	'Rose Lore',	17.0000,	10,	7),
(13,	'2018-01-01',	1,	3,	'WAAFRIKA 123. 1992. Kenya. Two womyn fall in love',	17.0000,	14,	5),
(14,	'2018-01-01',	1,	5,	'Kiminta',	17.0000,	4,	9);

CREATE TABLE `report_viewed_product_index` (
  `index_id` bigint(20) unsigned NOT NULL AUTO_INCREMENT COMMENT 'Index Id',
  `visitor_id` int(10) unsigned DEFAULT NULL COMMENT 'Visitor Id',
  `customer_id` int(10) unsigned DEFAULT NULL COMMENT 'Customer Id',
  `product_id` int(10) unsigned NOT NULL COMMENT 'Product Id',
  `store_id` smallint(5) unsigned DEFAULT NULL COMMENT 'Store Id',
  `added_at` timestamp NOT NULL DEFAULT '0000-00-00 00:00:00' COMMENT 'Added At',
  PRIMARY KEY (`index_id`),
  UNIQUE KEY `UNQ_REPORT_VIEWED_PRODUCT_INDEX_VISITOR_ID_PRODUCT_ID` (`visitor_id`,`product_id`),
  UNIQUE KEY `UNQ_REPORT_VIEWED_PRODUCT_INDEX_CUSTOMER_ID_PRODUCT_ID` (`customer_id`,`product_id`),
  KEY `IDX_REPORT_VIEWED_PRODUCT_INDEX_STORE_ID` (`store_id`),
  KEY `IDX_REPORT_VIEWED_PRODUCT_INDEX_ADDED_AT` (`added_at`),
  KEY `IDX_REPORT_VIEWED_PRODUCT_INDEX_PRODUCT_ID` (`product_id`),
  CONSTRAINT `FK_REPORT_VIEWED_PRD_IDX_CSTR_ID_CSTR_ENTT_ENTT_ID` FOREIGN KEY (`customer_id`) REFERENCES `customer_entity` (`entity_id`) ON DELETE CASCADE ON UPDATE CASCADE,
  CONSTRAINT `FK_REPORT_VIEWED_PRD_IDX_PRD_ID_CAT_PRD_ENTT_ENTT_ID` FOREIGN KEY (`product_id`) REFERENCES `catalog_product_entity` (`entity_id`) ON DELETE CASCADE ON UPDATE CASCADE,
  CONSTRAINT `FK_REPORT_VIEWED_PRODUCT_INDEX_STORE_ID_CORE_STORE_STORE_ID` FOREIGN KEY (`store_id`) REFERENCES `core_store` (`store_id`) ON DELETE SET NULL ON UPDATE CASCADE
) ENGINE=InnoDB DEFAULT CHARSET=utf8 COMMENT='Reports Viewed Product Index Table';


CREATE TABLE `review` (
  `review_id` bigint(20) unsigned NOT NULL AUTO_INCREMENT COMMENT 'Review id',
  `created_at` timestamp NOT NULL DEFAULT '0000-00-00 00:00:00' COMMENT 'Review create date',
  `entity_id` smallint(5) unsigned NOT NULL DEFAULT '0' COMMENT 'Entity id',
  `entity_pk_value` int(10) unsigned NOT NULL DEFAULT '0' COMMENT 'Product id',
  `status_id` smallint(5) unsigned NOT NULL DEFAULT '0' COMMENT 'Status code',
  PRIMARY KEY (`review_id`),
  KEY `IDX_REVIEW_ENTITY_ID` (`entity_id`),
  KEY `IDX_REVIEW_STATUS_ID` (`status_id`),
  KEY `IDX_REVIEW_ENTITY_PK_VALUE` (`entity_pk_value`),
  CONSTRAINT `FK_REVIEW_ENTITY_ID_REVIEW_ENTITY_ENTITY_ID` FOREIGN KEY (`entity_id`) REFERENCES `review_entity` (`entity_id`) ON DELETE CASCADE ON UPDATE CASCADE,
  CONSTRAINT `FK_REVIEW_STATUS_ID_REVIEW_STATUS_STATUS_ID` FOREIGN KEY (`status_id`) REFERENCES `review_status` (`status_id`) ON DELETE NO ACTION ON UPDATE NO ACTION
) ENGINE=InnoDB DEFAULT CHARSET=utf8 COMMENT='Review base information';

INSERT INTO `review` (`review_id`, `created_at`, `entity_id`, `entity_pk_value`, `status_id`) VALUES
(1,	'2017-09-08 18:38:05',	1,	2,	1),
(2,	'2017-09-08 18:39:19',	1,	1,	1),
(3,	'2017-12-20 14:22:12',	1,	7,	1),
(4,	'2017-12-20 15:13:48',	1,	8,	1),
(5,	'2017-12-20 19:42:11',	1,	9,	1);

CREATE TABLE `review_detail` (
  `detail_id` bigint(20) unsigned NOT NULL AUTO_INCREMENT COMMENT 'Review detail id',
  `review_id` bigint(20) unsigned NOT NULL DEFAULT '0' COMMENT 'Review id',
  `store_id` smallint(5) unsigned DEFAULT '0' COMMENT 'Store id',
  `title` varchar(255) NOT NULL COMMENT 'Title',
  `detail` text NOT NULL COMMENT 'Detail description',
  `nickname` varchar(128) NOT NULL COMMENT 'User nickname',
  `customer_id` int(10) unsigned DEFAULT NULL COMMENT 'Customer Id',
  PRIMARY KEY (`detail_id`),
  KEY `IDX_REVIEW_DETAIL_REVIEW_ID` (`review_id`),
  KEY `IDX_REVIEW_DETAIL_STORE_ID` (`store_id`),
  KEY `IDX_REVIEW_DETAIL_CUSTOMER_ID` (`customer_id`),
  CONSTRAINT `FK_REVIEW_DETAIL_CUSTOMER_ID_CUSTOMER_ENTITY_ENTITY_ID` FOREIGN KEY (`customer_id`) REFERENCES `customer_entity` (`entity_id`) ON DELETE SET NULL ON UPDATE CASCADE,
  CONSTRAINT `FK_REVIEW_DETAIL_REVIEW_ID_REVIEW_REVIEW_ID` FOREIGN KEY (`review_id`) REFERENCES `review` (`review_id`) ON DELETE CASCADE ON UPDATE CASCADE,
  CONSTRAINT `FK_REVIEW_DETAIL_STORE_ID_CORE_STORE_STORE_ID` FOREIGN KEY (`store_id`) REFERENCES `core_store` (`store_id`) ON DELETE SET NULL ON UPDATE CASCADE
) ENGINE=InnoDB DEFAULT CHARSET=utf8 COMMENT='Review detail information';

INSERT INTO `review_detail` (`detail_id`, `review_id`, `store_id`, `title`, `detail`, `nickname`, `customer_id`) VALUES
(1,	1,	0,	'Yayehyirad Kitaw, MD/MPH',	'A highly readable and tantalizing book, Foldes restores what should never have been cut. His dedication to the health and well-being of women makes clear that FGM must stop.',	'Yayehyirad Kitaw, MD/MPH',	NULL),
(2,	2,	0,	'Prof. Henry Louis Gates, Jr., Harvard University',	'What we think of as the unspeakable pain and suffering of FGM must be shouted and given voice, relentlessly. Khady\'s account is wrenching and necessary reading.',	'Prof. Henry Louis Gates, Jr., Harvard University',	NULL),
(3,	3,	0,	'Novelist Jeanie Kortum, author of Stones',	'This book is simply astonishing. The interviews with these women transcend simple storytelling, boundaries and differences, begging this one succinct question: what are we all going to do to stop this regrettable practice?',	'Novelist Jeanie Kortum, author of Stones',	NULL),
(4,	4,	0,	'Anne Lamott',	'Everything Jeanie Kortum writes (and does!) is informed by a huge heart, a gentle and tenacious intelligence, a fierce longing to tell truth stories, a passionate dedication to the betterment of humanity. She is a wonderful writer.',	'Anne Lamott',	NULL),
(5,	5,	0,	'Hilary Burrage',	'No more can it be said that genital ablation is a problem in Africa alone. Ahmady and his colleagues have uncovered data critical to stopping a harmful tradition in Iran. Enhanced with photographs, tables and charts, Ahmady’s study offers insight into the challenges faced by Iranian authorities if women and girls are to remain intact. Based on solid scholarship, this book contributes to ending FGM.',	'Hilary Burrage',	NULL);

CREATE TABLE `review_entity` (
  `entity_id` smallint(5) unsigned NOT NULL AUTO_INCREMENT COMMENT 'Review entity id',
  `entity_code` varchar(32) NOT NULL COMMENT 'Review entity code',
  PRIMARY KEY (`entity_id`)
) ENGINE=InnoDB DEFAULT CHARSET=utf8 COMMENT='Review entities';

INSERT INTO `review_entity` (`entity_id`, `entity_code`) VALUES
(1,	'product'),
(2,	'customer'),
(3,	'category');

CREATE TABLE `review_entity_summary` (
  `primary_id` bigint(20) NOT NULL AUTO_INCREMENT COMMENT 'Summary review entity id',
  `entity_pk_value` bigint(20) NOT NULL DEFAULT '0' COMMENT 'Product id',
  `entity_type` smallint(6) NOT NULL DEFAULT '0' COMMENT 'Entity type id',
  `reviews_count` smallint(6) NOT NULL DEFAULT '0' COMMENT 'Qty of reviews',
  `rating_summary` smallint(6) NOT NULL DEFAULT '0' COMMENT 'Summarized rating',
  `store_id` smallint(5) unsigned NOT NULL DEFAULT '0' COMMENT 'Store id',
  PRIMARY KEY (`primary_id`),
  KEY `IDX_REVIEW_ENTITY_SUMMARY_STORE_ID` (`store_id`),
  CONSTRAINT `FK_REVIEW_ENTITY_SUMMARY_STORE_ID_CORE_STORE_STORE_ID` FOREIGN KEY (`store_id`) REFERENCES `core_store` (`store_id`) ON DELETE CASCADE ON UPDATE CASCADE
) ENGINE=InnoDB DEFAULT CHARSET=utf8 COMMENT='Review aggregates';

INSERT INTO `review_entity_summary` (`primary_id`, `entity_pk_value`, `entity_type`, `reviews_count`, `rating_summary`, `store_id`) VALUES
(1,	2,	1,	1,	0,	1),
(2,	1,	1,	1,	0,	1),
(3,	7,	1,	1,	0,	1),
(4,	8,	1,	1,	0,	1),
(5,	9,	1,	1,	0,	1);

CREATE TABLE `review_status` (
  `status_id` smallint(5) unsigned NOT NULL AUTO_INCREMENT COMMENT 'Status id',
  `status_code` varchar(32) NOT NULL COMMENT 'Status code',
  PRIMARY KEY (`status_id`)
) ENGINE=InnoDB DEFAULT CHARSET=utf8 COMMENT='Review statuses';

INSERT INTO `review_status` (`status_id`, `status_code`) VALUES
(1,	'Approved'),
(2,	'Pending'),
(3,	'Not Approved');

CREATE TABLE `review_store` (
  `review_id` bigint(20) unsigned NOT NULL COMMENT 'Review Id',
  `store_id` smallint(5) unsigned NOT NULL COMMENT 'Store Id',
  PRIMARY KEY (`review_id`,`store_id`),
  KEY `IDX_REVIEW_STORE_STORE_ID` (`store_id`),
  CONSTRAINT `FK_REVIEW_STORE_REVIEW_ID_REVIEW_REVIEW_ID` FOREIGN KEY (`review_id`) REFERENCES `review` (`review_id`) ON DELETE CASCADE ON UPDATE CASCADE,
  CONSTRAINT `FK_REVIEW_STORE_STORE_ID_CORE_STORE_STORE_ID` FOREIGN KEY (`store_id`) REFERENCES `core_store` (`store_id`) ON DELETE CASCADE ON UPDATE CASCADE
) ENGINE=InnoDB DEFAULT CHARSET=utf8 COMMENT='Review Store';

INSERT INTO `review_store` (`review_id`, `store_id`) VALUES
(1,	0),
(2,	0),
(3,	0),
(4,	0),
(5,	0),
(1,	1),
(2,	1),
(3,	1),
(4,	1),
(5,	1);

CREATE TABLE `salesrule` (
  `rule_id` int(10) unsigned NOT NULL AUTO_INCREMENT COMMENT 'Rule Id',
  `name` varchar(255) DEFAULT NULL COMMENT 'Name',
  `description` text COMMENT 'Description',
  `from_date` date DEFAULT NULL,
  `to_date` date DEFAULT NULL,
  `uses_per_customer` int(11) NOT NULL DEFAULT '0' COMMENT 'Uses Per Customer',
  `is_active` smallint(6) NOT NULL DEFAULT '0' COMMENT 'Is Active',
  `conditions_serialized` mediumtext COMMENT 'Conditions Serialized',
  `actions_serialized` mediumtext COMMENT 'Actions Serialized',
  `stop_rules_processing` smallint(6) NOT NULL DEFAULT '1' COMMENT 'Stop Rules Processing',
  `is_advanced` smallint(5) unsigned NOT NULL DEFAULT '1' COMMENT 'Is Advanced',
  `product_ids` text COMMENT 'Product Ids',
  `sort_order` int(10) unsigned NOT NULL DEFAULT '0' COMMENT 'Sort Order',
  `simple_action` varchar(32) DEFAULT NULL COMMENT 'Simple Action',
  `discount_amount` decimal(12,4) NOT NULL DEFAULT '0.0000' COMMENT 'Discount Amount',
  `discount_qty` decimal(12,4) DEFAULT NULL COMMENT 'Discount Qty',
  `discount_step` int(10) unsigned NOT NULL COMMENT 'Discount Step',
  `simple_free_shipping` smallint(5) unsigned NOT NULL DEFAULT '0' COMMENT 'Simple Free Shipping',
  `apply_to_shipping` smallint(5) unsigned NOT NULL DEFAULT '0' COMMENT 'Apply To Shipping',
  `times_used` int(10) unsigned NOT NULL DEFAULT '0' COMMENT 'Times Used',
  `is_rss` smallint(6) NOT NULL DEFAULT '0' COMMENT 'Is Rss',
  `coupon_type` smallint(5) unsigned NOT NULL DEFAULT '1' COMMENT 'Coupon Type',
  `use_auto_generation` smallint(6) NOT NULL DEFAULT '0' COMMENT 'Use Auto Generation',
  `uses_per_coupon` int(11) NOT NULL DEFAULT '0' COMMENT 'Uses Per Coupon',
  PRIMARY KEY (`rule_id`),
  KEY `IDX_SALESRULE_IS_ACTIVE_SORT_ORDER_TO_DATE_FROM_DATE` (`is_active`,`sort_order`,`to_date`,`from_date`)
) ENGINE=InnoDB DEFAULT CHARSET=utf8 COMMENT='Salesrule';

INSERT INTO `salesrule` (`rule_id`, `name`, `description`, `from_date`, `to_date`, `uses_per_customer`, `is_active`, `conditions_serialized`, `actions_serialized`, `stop_rules_processing`, `is_advanced`, `product_ids`, `sort_order`, `simple_action`, `discount_amount`, `discount_qty`, `discount_step`, `simple_free_shipping`, `apply_to_shipping`, `times_used`, `is_rss`, `coupon_type`, `use_auto_generation`, `uses_per_coupon`) VALUES
(1,	'25% Discount',	'25% discount for purchasing 10 or more books',	NULL,	NULL,	0,	1,	'a:7:{s:4:\"type\";s:32:\"salesrule/rule_condition_combine\";s:9:\"attribute\";N;s:8:\"operator\";N;s:5:\"value\";s:1:\"1\";s:18:\"is_value_processed\";N;s:10:\"aggregator\";s:3:\"all\";s:10:\"conditions\";a:1:{i:0;a:7:{s:4:\"type\";s:38:\"salesrule/rule_condition_product_found\";s:9:\"attribute\";N;s:8:\"operator\";N;s:5:\"value\";s:1:\"1\";s:18:\"is_value_processed\";N;s:10:\"aggregator\";s:3:\"all\";s:10:\"conditions\";a:1:{i:0;a:5:{s:4:\"type\";s:32:\"salesrule/rule_condition_product\";s:9:\"attribute\";s:14:\"quote_item_qty\";s:8:\"operator\";s:2:\">=\";s:5:\"value\";s:2:\"10\";s:18:\"is_value_processed\";b:0;}}}}}',	'a:7:{s:4:\"type\";s:40:\"salesrule/rule_condition_product_combine\";s:9:\"attribute\";N;s:8:\"operator\";N;s:5:\"value\";s:1:\"1\";s:18:\"is_value_processed\";N;s:10:\"aggregator\";s:3:\"all\";s:10:\"conditions\";a:1:{i:0;a:5:{s:4:\"type\";s:32:\"salesrule/rule_condition_product\";s:9:\"attribute\";s:14:\"quote_item_qty\";s:8:\"operator\";s:2:\">=\";s:5:\"value\";s:2:\"10\";s:18:\"is_value_processed\";b:0;}}}',	1,	1,	NULL,	0,	'by_percent',	25.0000,	NULL,	0,	0,	0,	0,	1,	1,	0,	0);

CREATE TABLE `salesrule_coupon` (
  `coupon_id` int(10) unsigned NOT NULL AUTO_INCREMENT COMMENT 'Coupon Id',
  `rule_id` int(10) unsigned NOT NULL COMMENT 'Rule Id',
  `code` varchar(255) DEFAULT NULL COMMENT 'Code',
  `usage_limit` int(10) unsigned DEFAULT NULL COMMENT 'Usage Limit',
  `usage_per_customer` int(10) unsigned DEFAULT NULL COMMENT 'Usage Per Customer',
  `times_used` int(10) unsigned NOT NULL DEFAULT '0' COMMENT 'Times Used',
  `expiration_date` timestamp NULL DEFAULT NULL COMMENT 'Expiration Date',
  `is_primary` smallint(5) unsigned DEFAULT NULL COMMENT 'Is Primary',
  `created_at` timestamp NOT NULL DEFAULT CURRENT_TIMESTAMP COMMENT 'Coupon Code Creation Date',
  `type` smallint(6) DEFAULT '0' COMMENT 'Coupon Code Type',
  PRIMARY KEY (`coupon_id`),
  UNIQUE KEY `UNQ_SALESRULE_COUPON_CODE` (`code`),
  UNIQUE KEY `UNQ_SALESRULE_COUPON_RULE_ID_IS_PRIMARY` (`rule_id`,`is_primary`),
  KEY `IDX_SALESRULE_COUPON_RULE_ID` (`rule_id`),
  CONSTRAINT `FK_SALESRULE_COUPON_RULE_ID_SALESRULE_RULE_ID` FOREIGN KEY (`rule_id`) REFERENCES `salesrule` (`rule_id`) ON DELETE CASCADE ON UPDATE CASCADE
) ENGINE=InnoDB DEFAULT CHARSET=utf8 COMMENT='Salesrule Coupon';


CREATE TABLE `salesrule_coupon_usage` (
  `coupon_id` int(10) unsigned NOT NULL COMMENT 'Coupon Id',
  `customer_id` int(10) unsigned NOT NULL COMMENT 'Customer Id',
  `times_used` int(10) unsigned NOT NULL DEFAULT '0' COMMENT 'Times Used',
  PRIMARY KEY (`coupon_id`,`customer_id`),
  KEY `IDX_SALESRULE_COUPON_USAGE_COUPON_ID` (`coupon_id`),
  KEY `IDX_SALESRULE_COUPON_USAGE_CUSTOMER_ID` (`customer_id`),
  CONSTRAINT `FK_SALESRULE_COUPON_USAGE_COUPON_ID_SALESRULE_COUPON_COUPON_ID` FOREIGN KEY (`coupon_id`) REFERENCES `salesrule_coupon` (`coupon_id`) ON DELETE CASCADE ON UPDATE CASCADE,
  CONSTRAINT `FK_SALESRULE_COUPON_USAGE_CUSTOMER_ID_CUSTOMER_ENTITY_ENTITY_ID` FOREIGN KEY (`customer_id`) REFERENCES `customer_entity` (`entity_id`) ON DELETE CASCADE ON UPDATE CASCADE
) ENGINE=InnoDB DEFAULT CHARSET=utf8 COMMENT='Salesrule Coupon Usage';


CREATE TABLE `salesrule_customer` (
  `rule_customer_id` int(10) unsigned NOT NULL AUTO_INCREMENT COMMENT 'Rule Customer Id',
  `rule_id` int(10) unsigned NOT NULL DEFAULT '0' COMMENT 'Rule Id',
  `customer_id` int(10) unsigned NOT NULL DEFAULT '0' COMMENT 'Customer Id',
  `times_used` smallint(5) unsigned NOT NULL DEFAULT '0' COMMENT 'Times Used',
  PRIMARY KEY (`rule_customer_id`),
  KEY `IDX_SALESRULE_CUSTOMER_RULE_ID_CUSTOMER_ID` (`rule_id`,`customer_id`),
  KEY `IDX_SALESRULE_CUSTOMER_CUSTOMER_ID_RULE_ID` (`customer_id`,`rule_id`),
  CONSTRAINT `FK_SALESRULE_CUSTOMER_CUSTOMER_ID_CUSTOMER_ENTITY_ENTITY_ID` FOREIGN KEY (`customer_id`) REFERENCES `customer_entity` (`entity_id`) ON DELETE CASCADE ON UPDATE CASCADE,
  CONSTRAINT `FK_SALESRULE_CUSTOMER_RULE_ID_SALESRULE_RULE_ID` FOREIGN KEY (`rule_id`) REFERENCES `salesrule` (`rule_id`) ON DELETE CASCADE ON UPDATE CASCADE
) ENGINE=InnoDB DEFAULT CHARSET=utf8 COMMENT='Salesrule Customer';


CREATE TABLE `salesrule_customer_group` (
  `rule_id` int(10) unsigned NOT NULL COMMENT 'Rule Id',
  `customer_group_id` smallint(5) unsigned NOT NULL COMMENT 'Customer Group Id',
  PRIMARY KEY (`rule_id`,`customer_group_id`),
  KEY `IDX_SALESRULE_CUSTOMER_GROUP_RULE_ID` (`rule_id`),
  KEY `IDX_SALESRULE_CUSTOMER_GROUP_CUSTOMER_GROUP_ID` (`customer_group_id`),
  CONSTRAINT `FK_SALESRULE_CSTR_GROUP_CSTR_GROUP_ID_CSTR_GROUP_CSTR_GROUP_ID` FOREIGN KEY (`customer_group_id`) REFERENCES `customer_group` (`customer_group_id`) ON DELETE CASCADE ON UPDATE CASCADE,
  CONSTRAINT `FK_SALESRULE_CUSTOMER_GROUP_RULE_ID_SALESRULE_RULE_ID` FOREIGN KEY (`rule_id`) REFERENCES `salesrule` (`rule_id`) ON DELETE CASCADE ON UPDATE CASCADE
) ENGINE=InnoDB DEFAULT CHARSET=utf8 COMMENT='Sales Rules To Customer Groups Relations';

INSERT INTO `salesrule_customer_group` (`rule_id`, `customer_group_id`) VALUES
(1,	0),
(1,	1),
(1,	2),
(1,	3);

CREATE TABLE `salesrule_label` (
  `label_id` int(10) unsigned NOT NULL AUTO_INCREMENT COMMENT 'Label Id',
  `rule_id` int(10) unsigned NOT NULL COMMENT 'Rule Id',
  `store_id` smallint(5) unsigned NOT NULL COMMENT 'Store Id',
  `label` varchar(255) DEFAULT NULL COMMENT 'Label',
  PRIMARY KEY (`label_id`),
  UNIQUE KEY `UNQ_SALESRULE_LABEL_RULE_ID_STORE_ID` (`rule_id`,`store_id`),
  KEY `IDX_SALESRULE_LABEL_STORE_ID` (`store_id`),
  KEY `IDX_SALESRULE_LABEL_RULE_ID` (`rule_id`),
  CONSTRAINT `FK_SALESRULE_LABEL_RULE_ID_SALESRULE_RULE_ID` FOREIGN KEY (`rule_id`) REFERENCES `salesrule` (`rule_id`) ON DELETE CASCADE ON UPDATE CASCADE,
  CONSTRAINT `FK_SALESRULE_LABEL_STORE_ID_CORE_STORE_STORE_ID` FOREIGN KEY (`store_id`) REFERENCES `core_store` (`store_id`) ON DELETE CASCADE ON UPDATE CASCADE
) ENGINE=InnoDB DEFAULT CHARSET=utf8 COMMENT='Salesrule Label';

INSERT INTO `salesrule_label` (`label_id`, `rule_id`, `store_id`, `label`) VALUES
(1,	1,	0,	'25% Discount'),
(2,	1,	1,	'25% Discount');

CREATE TABLE `salesrule_product_attribute` (
  `rule_id` int(10) unsigned NOT NULL COMMENT 'Rule Id',
  `website_id` smallint(5) unsigned NOT NULL COMMENT 'Website Id',
  `customer_group_id` smallint(5) unsigned NOT NULL COMMENT 'Customer Group Id',
  `attribute_id` smallint(5) unsigned NOT NULL COMMENT 'Attribute Id',
  PRIMARY KEY (`rule_id`,`website_id`,`customer_group_id`,`attribute_id`),
  KEY `IDX_SALESRULE_PRODUCT_ATTRIBUTE_WEBSITE_ID` (`website_id`),
  KEY `IDX_SALESRULE_PRODUCT_ATTRIBUTE_CUSTOMER_GROUP_ID` (`customer_group_id`),
  KEY `IDX_SALESRULE_PRODUCT_ATTRIBUTE_ATTRIBUTE_ID` (`attribute_id`),
  CONSTRAINT `FK_SALESRULE_PRD_ATTR_ATTR_ID_EAV_ATTR_ATTR_ID` FOREIGN KEY (`attribute_id`) REFERENCES `eav_attribute` (`attribute_id`) ON DELETE CASCADE ON UPDATE NO ACTION,
  CONSTRAINT `FK_SALESRULE_PRD_ATTR_CSTR_GROUP_ID_CSTR_GROUP_CSTR_GROUP_ID` FOREIGN KEY (`customer_group_id`) REFERENCES `customer_group` (`customer_group_id`) ON DELETE CASCADE ON UPDATE NO ACTION,
  CONSTRAINT `FK_SALESRULE_PRD_ATTR_WS_ID_CORE_WS_WS_ID` FOREIGN KEY (`website_id`) REFERENCES `core_website` (`website_id`) ON DELETE CASCADE ON UPDATE NO ACTION,
  CONSTRAINT `FK_SALESRULE_PRODUCT_ATTRIBUTE_RULE_ID_SALESRULE_RULE_ID` FOREIGN KEY (`rule_id`) REFERENCES `salesrule` (`rule_id`) ON DELETE CASCADE ON UPDATE NO ACTION
) ENGINE=InnoDB DEFAULT CHARSET=utf8 COMMENT='Salesrule Product Attribute';


CREATE TABLE `salesrule_website` (
  `rule_id` int(10) unsigned NOT NULL COMMENT 'Rule Id',
  `website_id` smallint(5) unsigned NOT NULL COMMENT 'Website Id',
  PRIMARY KEY (`rule_id`,`website_id`),
  KEY `IDX_SALESRULE_WEBSITE_RULE_ID` (`rule_id`),
  KEY `IDX_SALESRULE_WEBSITE_WEBSITE_ID` (`website_id`),
  CONSTRAINT `FK_SALESRULE_WEBSITE_RULE_ID_SALESRULE_RULE_ID` FOREIGN KEY (`rule_id`) REFERENCES `salesrule` (`rule_id`) ON DELETE CASCADE ON UPDATE CASCADE,
  CONSTRAINT `FK_SALESRULE_WEBSITE_WEBSITE_ID_CORE_WEBSITE_WEBSITE_ID` FOREIGN KEY (`website_id`) REFERENCES `core_website` (`website_id`) ON DELETE CASCADE ON UPDATE CASCADE
) ENGINE=InnoDB DEFAULT CHARSET=utf8 COMMENT='Sales Rules To Websites Relations';

INSERT INTO `salesrule_website` (`rule_id`, `website_id`) VALUES
(1,	1);

CREATE TABLE `sales_bestsellers_aggregated_daily` (
  `id` int(10) unsigned NOT NULL AUTO_INCREMENT COMMENT 'Id',
  `period` date DEFAULT NULL COMMENT 'Period',
  `store_id` smallint(5) unsigned DEFAULT NULL COMMENT 'Store Id',
  `product_id` int(10) unsigned DEFAULT NULL COMMENT 'Product Id',
  `product_type_id` varchar(32) NOT NULL DEFAULT 'simple' COMMENT 'Product Type Id',
  `product_name` varchar(255) DEFAULT NULL COMMENT 'Product Name',
  `product_price` decimal(12,4) NOT NULL DEFAULT '0.0000' COMMENT 'Product Price',
  `qty_ordered` decimal(12,4) NOT NULL DEFAULT '0.0000' COMMENT 'Qty Ordered',
  `rating_pos` smallint(5) unsigned NOT NULL DEFAULT '0' COMMENT 'Rating Pos',
  PRIMARY KEY (`id`),
  UNIQUE KEY `UNQ_SALES_BESTSELLERS_AGGRED_DAILY_PERIOD_STORE_ID_PRD_ID` (`period`,`store_id`,`product_id`),
  KEY `IDX_SALES_BESTSELLERS_AGGREGATED_DAILY_STORE_ID` (`store_id`),
  KEY `IDX_SALES_BESTSELLERS_AGGREGATED_DAILY_PRODUCT_ID` (`product_id`),
  CONSTRAINT `FK_SALES_BESTSELLERS_AGGRED_DAILY_PRD_ID_CAT_PRD_ENTT_ENTT_ID` FOREIGN KEY (`product_id`) REFERENCES `catalog_product_entity` (`entity_id`) ON DELETE CASCADE ON UPDATE CASCADE,
  CONSTRAINT `FK_SALES_BESTSELLERS_AGGRED_DAILY_STORE_ID_CORE_STORE_STORE_ID` FOREIGN KEY (`store_id`) REFERENCES `core_store` (`store_id`) ON DELETE CASCADE ON UPDATE CASCADE
) ENGINE=InnoDB DEFAULT CHARSET=utf8 COMMENT='Sales Bestsellers Aggregated Daily';


CREATE TABLE `sales_bestsellers_aggregated_monthly` (
  `id` int(10) unsigned NOT NULL AUTO_INCREMENT COMMENT 'Id',
  `period` date DEFAULT NULL COMMENT 'Period',
  `store_id` smallint(5) unsigned DEFAULT NULL COMMENT 'Store Id',
  `product_id` int(10) unsigned DEFAULT NULL COMMENT 'Product Id',
  `product_type_id` varchar(32) NOT NULL DEFAULT 'simple' COMMENT 'Product Type Id',
  `product_name` varchar(255) DEFAULT NULL COMMENT 'Product Name',
  `product_price` decimal(12,4) NOT NULL DEFAULT '0.0000' COMMENT 'Product Price',
  `qty_ordered` decimal(12,4) NOT NULL DEFAULT '0.0000' COMMENT 'Qty Ordered',
  `rating_pos` smallint(5) unsigned NOT NULL DEFAULT '0' COMMENT 'Rating Pos',
  PRIMARY KEY (`id`),
  UNIQUE KEY `UNQ_SALES_BESTSELLERS_AGGRED_MONTHLY_PERIOD_STORE_ID_PRD_ID` (`period`,`store_id`,`product_id`),
  KEY `IDX_SALES_BESTSELLERS_AGGREGATED_MONTHLY_STORE_ID` (`store_id`),
  KEY `IDX_SALES_BESTSELLERS_AGGREGATED_MONTHLY_PRODUCT_ID` (`product_id`),
  CONSTRAINT `FK_SALES_BESTSELLERS_AGGRED_MONTHLY_PRD_ID_CAT_PRD_ENTT_ENTT_ID` FOREIGN KEY (`product_id`) REFERENCES `catalog_product_entity` (`entity_id`) ON DELETE CASCADE ON UPDATE CASCADE,
  CONSTRAINT `FK_SALES_BESTSELLERS_AGGRED_MONTHLY_STORE_ID_CORE_STORE_STORE_ID` FOREIGN KEY (`store_id`) REFERENCES `core_store` (`store_id`) ON DELETE CASCADE ON UPDATE CASCADE
) ENGINE=InnoDB DEFAULT CHARSET=utf8 COMMENT='Sales Bestsellers Aggregated Monthly';


CREATE TABLE `sales_bestsellers_aggregated_yearly` (
  `id` int(10) unsigned NOT NULL AUTO_INCREMENT COMMENT 'Id',
  `period` date DEFAULT NULL COMMENT 'Period',
  `store_id` smallint(5) unsigned DEFAULT NULL COMMENT 'Store Id',
  `product_id` int(10) unsigned DEFAULT NULL COMMENT 'Product Id',
  `product_type_id` varchar(32) NOT NULL DEFAULT 'simple' COMMENT 'Product Type Id',
  `product_name` varchar(255) DEFAULT NULL COMMENT 'Product Name',
  `product_price` decimal(12,4) NOT NULL DEFAULT '0.0000' COMMENT 'Product Price',
  `qty_ordered` decimal(12,4) NOT NULL DEFAULT '0.0000' COMMENT 'Qty Ordered',
  `rating_pos` smallint(5) unsigned NOT NULL DEFAULT '0' COMMENT 'Rating Pos',
  PRIMARY KEY (`id`),
  UNIQUE KEY `UNQ_SALES_BESTSELLERS_AGGRED_YEARLY_PERIOD_STORE_ID_PRD_ID` (`period`,`store_id`,`product_id`),
  KEY `IDX_SALES_BESTSELLERS_AGGREGATED_YEARLY_STORE_ID` (`store_id`),
  KEY `IDX_SALES_BESTSELLERS_AGGREGATED_YEARLY_PRODUCT_ID` (`product_id`),
  CONSTRAINT `FK_SALES_BESTSELLERS_AGGRED_YEARLY_PRD_ID_CAT_PRD_ENTT_ENTT_ID` FOREIGN KEY (`product_id`) REFERENCES `catalog_product_entity` (`entity_id`) ON DELETE CASCADE ON UPDATE CASCADE,
  CONSTRAINT `FK_SALES_BESTSELLERS_AGGRED_YEARLY_STORE_ID_CORE_STORE_STORE_ID` FOREIGN KEY (`store_id`) REFERENCES `core_store` (`store_id`) ON DELETE CASCADE ON UPDATE CASCADE
) ENGINE=InnoDB DEFAULT CHARSET=utf8 COMMENT='Sales Bestsellers Aggregated Yearly';


CREATE TABLE `sales_billing_agreement` (
  `agreement_id` int(10) unsigned NOT NULL AUTO_INCREMENT COMMENT 'Agreement Id',
  `customer_id` int(10) unsigned NOT NULL COMMENT 'Customer Id',
  `method_code` varchar(32) NOT NULL COMMENT 'Method Code',
  `reference_id` varchar(32) NOT NULL COMMENT 'Reference Id',
  `status` varchar(20) NOT NULL COMMENT 'Status',
  `created_at` timestamp NOT NULL DEFAULT '0000-00-00 00:00:00' COMMENT 'Created At',
  `updated_at` timestamp NULL DEFAULT NULL COMMENT 'Updated At',
  `store_id` smallint(5) unsigned DEFAULT NULL COMMENT 'Store Id',
  `agreement_label` varchar(255) DEFAULT NULL COMMENT 'Agreement Label',
  PRIMARY KEY (`agreement_id`),
  KEY `IDX_SALES_BILLING_AGREEMENT_CUSTOMER_ID` (`customer_id`),
  KEY `IDX_SALES_BILLING_AGREEMENT_STORE_ID` (`store_id`),
  CONSTRAINT `FK_SALES_BILLING_AGREEMENT_CUSTOMER_ID_CUSTOMER_ENTITY_ENTITY_ID` FOREIGN KEY (`customer_id`) REFERENCES `customer_entity` (`entity_id`) ON DELETE CASCADE ON UPDATE CASCADE,
  CONSTRAINT `FK_SALES_BILLING_AGREEMENT_STORE_ID_CORE_STORE_STORE_ID` FOREIGN KEY (`store_id`) REFERENCES `core_store` (`store_id`) ON DELETE SET NULL ON UPDATE CASCADE
) ENGINE=InnoDB DEFAULT CHARSET=utf8 COMMENT='Sales Billing Agreement';


CREATE TABLE `sales_billing_agreement_order` (
  `agreement_id` int(10) unsigned NOT NULL COMMENT 'Agreement Id',
  `order_id` int(10) unsigned NOT NULL COMMENT 'Order Id',
  PRIMARY KEY (`agreement_id`,`order_id`),
  KEY `IDX_SALES_BILLING_AGREEMENT_ORDER_ORDER_ID` (`order_id`),
  CONSTRAINT `FK_SALES_BILLING_AGRT_ORDER_AGRT_ID_SALES_BILLING_AGRT_AGRT_ID` FOREIGN KEY (`agreement_id`) REFERENCES `sales_billing_agreement` (`agreement_id`) ON DELETE CASCADE ON UPDATE CASCADE,
  CONSTRAINT `FK_SALES_BILLING_AGRT_ORDER_ORDER_ID_SALES_FLAT_ORDER_ENTT_ID` FOREIGN KEY (`order_id`) REFERENCES `sales_flat_order` (`entity_id`) ON DELETE CASCADE ON UPDATE CASCADE
) ENGINE=InnoDB DEFAULT CHARSET=utf8 COMMENT='Sales Billing Agreement Order';


CREATE TABLE `sales_flat_creditmemo` (
  `entity_id` int(10) unsigned NOT NULL AUTO_INCREMENT COMMENT 'Entity Id',
  `store_id` smallint(5) unsigned DEFAULT NULL COMMENT 'Store Id',
  `adjustment_positive` decimal(12,4) DEFAULT NULL COMMENT 'Adjustment Positive',
  `base_shipping_tax_amount` decimal(12,4) DEFAULT NULL COMMENT 'Base Shipping Tax Amount',
  `store_to_order_rate` decimal(12,4) DEFAULT NULL COMMENT 'Store To Order Rate',
  `base_discount_amount` decimal(12,4) DEFAULT NULL COMMENT 'Base Discount Amount',
  `base_to_order_rate` decimal(12,4) DEFAULT NULL COMMENT 'Base To Order Rate',
  `grand_total` decimal(12,4) DEFAULT NULL COMMENT 'Grand Total',
  `base_adjustment_negative` decimal(12,4) DEFAULT NULL COMMENT 'Base Adjustment Negative',
  `base_subtotal_incl_tax` decimal(12,4) DEFAULT NULL COMMENT 'Base Subtotal Incl Tax',
  `shipping_amount` decimal(12,4) DEFAULT NULL COMMENT 'Shipping Amount',
  `subtotal_incl_tax` decimal(12,4) DEFAULT NULL COMMENT 'Subtotal Incl Tax',
  `adjustment_negative` decimal(12,4) DEFAULT NULL COMMENT 'Adjustment Negative',
  `base_shipping_amount` decimal(12,4) DEFAULT NULL COMMENT 'Base Shipping Amount',
  `store_to_base_rate` decimal(12,4) DEFAULT NULL COMMENT 'Store To Base Rate',
  `base_to_global_rate` decimal(12,4) DEFAULT NULL COMMENT 'Base To Global Rate',
  `base_adjustment` decimal(12,4) DEFAULT NULL COMMENT 'Base Adjustment',
  `base_subtotal` decimal(12,4) DEFAULT NULL COMMENT 'Base Subtotal',
  `discount_amount` decimal(12,4) DEFAULT NULL COMMENT 'Discount Amount',
  `subtotal` decimal(12,4) DEFAULT NULL COMMENT 'Subtotal',
  `adjustment` decimal(12,4) DEFAULT NULL COMMENT 'Adjustment',
  `base_grand_total` decimal(12,4) DEFAULT NULL COMMENT 'Base Grand Total',
  `base_adjustment_positive` decimal(12,4) DEFAULT NULL COMMENT 'Base Adjustment Positive',
  `base_tax_amount` decimal(12,4) DEFAULT NULL COMMENT 'Base Tax Amount',
  `shipping_tax_amount` decimal(12,4) DEFAULT NULL COMMENT 'Shipping Tax Amount',
  `tax_amount` decimal(12,4) DEFAULT NULL COMMENT 'Tax Amount',
  `order_id` int(10) unsigned NOT NULL COMMENT 'Order Id',
  `email_sent` smallint(5) unsigned DEFAULT NULL COMMENT 'Email Sent',
  `creditmemo_status` int(11) DEFAULT NULL COMMENT 'Creditmemo Status',
  `state` int(11) DEFAULT NULL COMMENT 'State',
  `shipping_address_id` int(11) DEFAULT NULL COMMENT 'Shipping Address Id',
  `billing_address_id` int(11) DEFAULT NULL COMMENT 'Billing Address Id',
  `invoice_id` int(11) DEFAULT NULL COMMENT 'Invoice Id',
  `store_currency_code` varchar(3) DEFAULT NULL COMMENT 'Store Currency Code',
  `order_currency_code` varchar(3) DEFAULT NULL COMMENT 'Order Currency Code',
  `base_currency_code` varchar(3) DEFAULT NULL COMMENT 'Base Currency Code',
  `global_currency_code` varchar(3) DEFAULT NULL COMMENT 'Global Currency Code',
  `transaction_id` varchar(255) DEFAULT NULL COMMENT 'Transaction Id',
  `increment_id` varchar(50) DEFAULT NULL COMMENT 'Increment Id',
  `created_at` timestamp NULL DEFAULT NULL COMMENT 'Created At',
  `updated_at` timestamp NULL DEFAULT NULL COMMENT 'Updated At',
  `hidden_tax_amount` decimal(12,4) DEFAULT NULL COMMENT 'Hidden Tax Amount',
  `base_hidden_tax_amount` decimal(12,4) DEFAULT NULL COMMENT 'Base Hidden Tax Amount',
  `shipping_hidden_tax_amount` decimal(12,4) DEFAULT NULL COMMENT 'Shipping Hidden Tax Amount',
  `base_shipping_hidden_tax_amnt` decimal(12,4) DEFAULT NULL COMMENT 'Base Shipping Hidden Tax Amount',
  `shipping_incl_tax` decimal(12,4) DEFAULT NULL COMMENT 'Shipping Incl Tax',
  `base_shipping_incl_tax` decimal(12,4) DEFAULT NULL COMMENT 'Base Shipping Incl Tax',
  `discount_description` varchar(255) DEFAULT NULL COMMENT 'Discount Description',
  PRIMARY KEY (`entity_id`),
  UNIQUE KEY `UNQ_SALES_FLAT_CREDITMEMO_INCREMENT_ID` (`increment_id`),
  KEY `IDX_SALES_FLAT_CREDITMEMO_STORE_ID` (`store_id`),
  KEY `IDX_SALES_FLAT_CREDITMEMO_ORDER_ID` (`order_id`),
  KEY `IDX_SALES_FLAT_CREDITMEMO_CREDITMEMO_STATUS` (`creditmemo_status`),
  KEY `IDX_SALES_FLAT_CREDITMEMO_STATE` (`state`),
  KEY `IDX_SALES_FLAT_CREDITMEMO_CREATED_AT` (`created_at`),
  CONSTRAINT `FK_SALES_FLAT_CREDITMEMO_ORDER_ID_SALES_FLAT_ORDER_ENTITY_ID` FOREIGN KEY (`order_id`) REFERENCES `sales_flat_order` (`entity_id`) ON DELETE CASCADE ON UPDATE CASCADE,
  CONSTRAINT `FK_SALES_FLAT_CREDITMEMO_STORE_ID_CORE_STORE_STORE_ID` FOREIGN KEY (`store_id`) REFERENCES `core_store` (`store_id`) ON DELETE SET NULL ON UPDATE CASCADE
) ENGINE=InnoDB DEFAULT CHARSET=utf8 COMMENT='Sales Flat Creditmemo';


CREATE TABLE `sales_flat_creditmemo_comment` (
  `entity_id` int(10) unsigned NOT NULL AUTO_INCREMENT COMMENT 'Entity Id',
  `parent_id` int(10) unsigned NOT NULL COMMENT 'Parent Id',
  `is_customer_notified` int(11) DEFAULT NULL COMMENT 'Is Customer Notified',
  `is_visible_on_front` smallint(5) unsigned NOT NULL DEFAULT '0' COMMENT 'Is Visible On Front',
  `comment` text COMMENT 'Comment',
  `created_at` timestamp NULL DEFAULT NULL COMMENT 'Created At',
  PRIMARY KEY (`entity_id`),
  KEY `IDX_SALES_FLAT_CREDITMEMO_COMMENT_CREATED_AT` (`created_at`),
  KEY `IDX_SALES_FLAT_CREDITMEMO_COMMENT_PARENT_ID` (`parent_id`),
  CONSTRAINT `FK_B0FCB0B5467075BE63D474F2CD5F7804` FOREIGN KEY (`parent_id`) REFERENCES `sales_flat_creditmemo` (`entity_id`) ON DELETE CASCADE ON UPDATE CASCADE
) ENGINE=InnoDB DEFAULT CHARSET=utf8 COMMENT='Sales Flat Creditmemo Comment';


CREATE TABLE `sales_flat_creditmemo_grid` (
  `entity_id` int(10) unsigned NOT NULL COMMENT 'Entity Id',
  `store_id` smallint(5) unsigned DEFAULT NULL COMMENT 'Store Id',
  `store_to_order_rate` decimal(12,4) DEFAULT NULL COMMENT 'Store To Order Rate',
  `base_to_order_rate` decimal(12,4) DEFAULT NULL COMMENT 'Base To Order Rate',
  `grand_total` decimal(12,4) DEFAULT NULL COMMENT 'Grand Total',
  `store_to_base_rate` decimal(12,4) DEFAULT NULL COMMENT 'Store To Base Rate',
  `base_to_global_rate` decimal(12,4) DEFAULT NULL COMMENT 'Base To Global Rate',
  `base_grand_total` decimal(12,4) DEFAULT NULL COMMENT 'Base Grand Total',
  `order_id` int(10) unsigned NOT NULL COMMENT 'Order Id',
  `creditmemo_status` int(11) DEFAULT NULL COMMENT 'Creditmemo Status',
  `state` int(11) DEFAULT NULL COMMENT 'State',
  `invoice_id` int(11) DEFAULT NULL COMMENT 'Invoice Id',
  `store_currency_code` varchar(3) DEFAULT NULL COMMENT 'Store Currency Code',
  `order_currency_code` varchar(3) DEFAULT NULL COMMENT 'Order Currency Code',
  `base_currency_code` varchar(3) DEFAULT NULL COMMENT 'Base Currency Code',
  `global_currency_code` varchar(3) DEFAULT NULL COMMENT 'Global Currency Code',
  `increment_id` varchar(50) DEFAULT NULL COMMENT 'Increment Id',
  `order_increment_id` varchar(50) DEFAULT NULL COMMENT 'Order Increment Id',
  `created_at` timestamp NULL DEFAULT NULL COMMENT 'Created At',
  `order_created_at` timestamp NULL DEFAULT NULL COMMENT 'Order Created At',
  `billing_name` varchar(255) DEFAULT NULL COMMENT 'Billing Name',
  PRIMARY KEY (`entity_id`),
  UNIQUE KEY `UNQ_SALES_FLAT_CREDITMEMO_GRID_INCREMENT_ID` (`increment_id`),
  KEY `IDX_SALES_FLAT_CREDITMEMO_GRID_STORE_ID` (`store_id`),
  KEY `IDX_SALES_FLAT_CREDITMEMO_GRID_GRAND_TOTAL` (`grand_total`),
  KEY `IDX_SALES_FLAT_CREDITMEMO_GRID_BASE_GRAND_TOTAL` (`base_grand_total`),
  KEY `IDX_SALES_FLAT_CREDITMEMO_GRID_ORDER_ID` (`order_id`),
  KEY `IDX_SALES_FLAT_CREDITMEMO_GRID_CREDITMEMO_STATUS` (`creditmemo_status`),
  KEY `IDX_SALES_FLAT_CREDITMEMO_GRID_STATE` (`state`),
  KEY `IDX_SALES_FLAT_CREDITMEMO_GRID_ORDER_INCREMENT_ID` (`order_increment_id`),
  KEY `IDX_SALES_FLAT_CREDITMEMO_GRID_CREATED_AT` (`created_at`),
  KEY `IDX_SALES_FLAT_CREDITMEMO_GRID_ORDER_CREATED_AT` (`order_created_at`),
  KEY `IDX_SALES_FLAT_CREDITMEMO_GRID_BILLING_NAME` (`billing_name`),
  CONSTRAINT `FK_78C711B225167A11CC077B03D1C8E1CC` FOREIGN KEY (`entity_id`) REFERENCES `sales_flat_creditmemo` (`entity_id`) ON DELETE CASCADE ON UPDATE CASCADE,
  CONSTRAINT `FK_SALES_FLAT_CREDITMEMO_GRID_STORE_ID_CORE_STORE_STORE_ID` FOREIGN KEY (`store_id`) REFERENCES `core_store` (`store_id`) ON DELETE SET NULL ON UPDATE CASCADE
) ENGINE=InnoDB DEFAULT CHARSET=utf8 COMMENT='Sales Flat Creditmemo Grid';


CREATE TABLE `sales_flat_creditmemo_item` (
  `entity_id` int(10) unsigned NOT NULL AUTO_INCREMENT COMMENT 'Entity Id',
  `parent_id` int(10) unsigned NOT NULL COMMENT 'Parent Id',
  `base_price` decimal(12,4) DEFAULT NULL COMMENT 'Base Price',
  `tax_amount` decimal(12,4) DEFAULT NULL COMMENT 'Tax Amount',
  `base_row_total` decimal(12,4) DEFAULT NULL COMMENT 'Base Row Total',
  `discount_amount` decimal(12,4) DEFAULT NULL COMMENT 'Discount Amount',
  `row_total` decimal(12,4) DEFAULT NULL COMMENT 'Row Total',
  `base_discount_amount` decimal(12,4) DEFAULT NULL COMMENT 'Base Discount Amount',
  `price_incl_tax` decimal(12,4) DEFAULT NULL COMMENT 'Price Incl Tax',
  `base_tax_amount` decimal(12,4) DEFAULT NULL COMMENT 'Base Tax Amount',
  `base_price_incl_tax` decimal(12,4) DEFAULT NULL COMMENT 'Base Price Incl Tax',
  `qty` decimal(12,4) DEFAULT NULL COMMENT 'Qty',
  `base_cost` decimal(12,4) DEFAULT NULL COMMENT 'Base Cost',
  `price` decimal(12,4) DEFAULT NULL COMMENT 'Price',
  `base_row_total_incl_tax` decimal(12,4) DEFAULT NULL COMMENT 'Base Row Total Incl Tax',
  `row_total_incl_tax` decimal(12,4) DEFAULT NULL COMMENT 'Row Total Incl Tax',
  `product_id` int(11) DEFAULT NULL COMMENT 'Product Id',
  `order_item_id` int(11) DEFAULT NULL COMMENT 'Order Item Id',
  `additional_data` text COMMENT 'Additional Data',
  `description` text COMMENT 'Description',
  `sku` varchar(255) DEFAULT NULL COMMENT 'Sku',
  `name` varchar(255) DEFAULT NULL COMMENT 'Name',
  `hidden_tax_amount` decimal(12,4) DEFAULT NULL COMMENT 'Hidden Tax Amount',
  `base_hidden_tax_amount` decimal(12,4) DEFAULT NULL COMMENT 'Base Hidden Tax Amount',
  `weee_tax_disposition` decimal(12,4) DEFAULT NULL COMMENT 'Weee Tax Disposition',
  `weee_tax_row_disposition` decimal(12,4) DEFAULT NULL COMMENT 'Weee Tax Row Disposition',
  `base_weee_tax_disposition` decimal(12,4) DEFAULT NULL COMMENT 'Base Weee Tax Disposition',
  `base_weee_tax_row_disposition` decimal(12,4) DEFAULT NULL COMMENT 'Base Weee Tax Row Disposition',
  `weee_tax_applied` text COMMENT 'Weee Tax Applied',
  `base_weee_tax_applied_amount` decimal(12,4) DEFAULT NULL COMMENT 'Base Weee Tax Applied Amount',
  `base_weee_tax_applied_row_amnt` decimal(12,4) DEFAULT NULL COMMENT 'Base Weee Tax Applied Row Amnt',
  `weee_tax_applied_amount` decimal(12,4) DEFAULT NULL COMMENT 'Weee Tax Applied Amount',
  `weee_tax_applied_row_amount` decimal(12,4) DEFAULT NULL COMMENT 'Weee Tax Applied Row Amount',
  PRIMARY KEY (`entity_id`),
  KEY `IDX_SALES_FLAT_CREDITMEMO_ITEM_PARENT_ID` (`parent_id`),
  CONSTRAINT `FK_306DAC836C699F0B5E13BE486557AC8A` FOREIGN KEY (`parent_id`) REFERENCES `sales_flat_creditmemo` (`entity_id`) ON DELETE CASCADE ON UPDATE CASCADE
) ENGINE=InnoDB DEFAULT CHARSET=utf8 COMMENT='Sales Flat Creditmemo Item';


CREATE TABLE `sales_flat_invoice` (
  `entity_id` int(10) unsigned NOT NULL AUTO_INCREMENT COMMENT 'Entity Id',
  `store_id` smallint(5) unsigned DEFAULT NULL COMMENT 'Store Id',
  `base_grand_total` decimal(12,4) DEFAULT NULL COMMENT 'Base Grand Total',
  `shipping_tax_amount` decimal(12,4) DEFAULT NULL COMMENT 'Shipping Tax Amount',
  `tax_amount` decimal(12,4) DEFAULT NULL COMMENT 'Tax Amount',
  `base_tax_amount` decimal(12,4) DEFAULT NULL COMMENT 'Base Tax Amount',
  `store_to_order_rate` decimal(12,4) DEFAULT NULL COMMENT 'Store To Order Rate',
  `base_shipping_tax_amount` decimal(12,4) DEFAULT NULL COMMENT 'Base Shipping Tax Amount',
  `base_discount_amount` decimal(12,4) DEFAULT NULL COMMENT 'Base Discount Amount',
  `base_to_order_rate` decimal(12,4) DEFAULT NULL COMMENT 'Base To Order Rate',
  `grand_total` decimal(12,4) DEFAULT NULL COMMENT 'Grand Total',
  `shipping_amount` decimal(12,4) DEFAULT NULL COMMENT 'Shipping Amount',
  `subtotal_incl_tax` decimal(12,4) DEFAULT NULL COMMENT 'Subtotal Incl Tax',
  `base_subtotal_incl_tax` decimal(12,4) DEFAULT NULL COMMENT 'Base Subtotal Incl Tax',
  `store_to_base_rate` decimal(12,4) DEFAULT NULL COMMENT 'Store To Base Rate',
  `base_shipping_amount` decimal(12,4) DEFAULT NULL COMMENT 'Base Shipping Amount',
  `total_qty` decimal(12,4) DEFAULT NULL COMMENT 'Total Qty',
  `base_to_global_rate` decimal(12,4) DEFAULT NULL COMMENT 'Base To Global Rate',
  `subtotal` decimal(12,4) DEFAULT NULL COMMENT 'Subtotal',
  `base_subtotal` decimal(12,4) DEFAULT NULL COMMENT 'Base Subtotal',
  `discount_amount` decimal(12,4) DEFAULT NULL COMMENT 'Discount Amount',
  `billing_address_id` int(11) DEFAULT NULL COMMENT 'Billing Address Id',
  `is_used_for_refund` smallint(5) unsigned DEFAULT NULL COMMENT 'Is Used For Refund',
  `order_id` int(10) unsigned NOT NULL COMMENT 'Order Id',
  `email_sent` smallint(5) unsigned DEFAULT NULL COMMENT 'Email Sent',
  `can_void_flag` smallint(5) unsigned DEFAULT NULL COMMENT 'Can Void Flag',
  `state` int(11) DEFAULT NULL COMMENT 'State',
  `shipping_address_id` int(11) DEFAULT NULL COMMENT 'Shipping Address Id',
  `store_currency_code` varchar(3) DEFAULT NULL COMMENT 'Store Currency Code',
  `transaction_id` varchar(255) DEFAULT NULL COMMENT 'Transaction Id',
  `order_currency_code` varchar(3) DEFAULT NULL COMMENT 'Order Currency Code',
  `base_currency_code` varchar(3) DEFAULT NULL COMMENT 'Base Currency Code',
  `global_currency_code` varchar(3) DEFAULT NULL COMMENT 'Global Currency Code',
  `increment_id` varchar(50) DEFAULT NULL COMMENT 'Increment Id',
  `created_at` timestamp NULL DEFAULT NULL COMMENT 'Created At',
  `updated_at` timestamp NULL DEFAULT NULL COMMENT 'Updated At',
  `hidden_tax_amount` decimal(12,4) DEFAULT NULL COMMENT 'Hidden Tax Amount',
  `base_hidden_tax_amount` decimal(12,4) DEFAULT NULL COMMENT 'Base Hidden Tax Amount',
  `shipping_hidden_tax_amount` decimal(12,4) DEFAULT NULL COMMENT 'Shipping Hidden Tax Amount',
  `base_shipping_hidden_tax_amnt` decimal(12,4) DEFAULT NULL COMMENT 'Base Shipping Hidden Tax Amount',
  `shipping_incl_tax` decimal(12,4) DEFAULT NULL COMMENT 'Shipping Incl Tax',
  `base_shipping_incl_tax` decimal(12,4) DEFAULT NULL COMMENT 'Base Shipping Incl Tax',
  `base_total_refunded` decimal(12,4) DEFAULT NULL COMMENT 'Base Total Refunded',
  `discount_description` varchar(255) DEFAULT NULL COMMENT 'Discount Description',
  PRIMARY KEY (`entity_id`),
  UNIQUE KEY `UNQ_SALES_FLAT_INVOICE_INCREMENT_ID` (`increment_id`),
  KEY `IDX_SALES_FLAT_INVOICE_STORE_ID` (`store_id`),
  KEY `IDX_SALES_FLAT_INVOICE_GRAND_TOTAL` (`grand_total`),
  KEY `IDX_SALES_FLAT_INVOICE_ORDER_ID` (`order_id`),
  KEY `IDX_SALES_FLAT_INVOICE_STATE` (`state`),
  KEY `IDX_SALES_FLAT_INVOICE_CREATED_AT` (`created_at`),
  CONSTRAINT `FK_SALES_FLAT_INVOICE_ORDER_ID_SALES_FLAT_ORDER_ENTITY_ID` FOREIGN KEY (`order_id`) REFERENCES `sales_flat_order` (`entity_id`) ON DELETE CASCADE ON UPDATE CASCADE,
  CONSTRAINT `FK_SALES_FLAT_INVOICE_STORE_ID_CORE_STORE_STORE_ID` FOREIGN KEY (`store_id`) REFERENCES `core_store` (`store_id`) ON DELETE SET NULL ON UPDATE CASCADE
) ENGINE=InnoDB DEFAULT CHARSET=utf8 COMMENT='Sales Flat Invoice';


CREATE TABLE `sales_flat_invoice_comment` (
  `entity_id` int(10) unsigned NOT NULL AUTO_INCREMENT COMMENT 'Entity Id',
  `parent_id` int(10) unsigned NOT NULL COMMENT 'Parent Id',
  `is_customer_notified` smallint(5) unsigned DEFAULT NULL COMMENT 'Is Customer Notified',
  `is_visible_on_front` smallint(5) unsigned NOT NULL DEFAULT '0' COMMENT 'Is Visible On Front',
  `comment` text COMMENT 'Comment',
  `created_at` timestamp NULL DEFAULT NULL COMMENT 'Created At',
  PRIMARY KEY (`entity_id`),
  KEY `IDX_SALES_FLAT_INVOICE_COMMENT_CREATED_AT` (`created_at`),
  KEY `IDX_SALES_FLAT_INVOICE_COMMENT_PARENT_ID` (`parent_id`),
  CONSTRAINT `FK_5C4B36BBE5231A76AB8018B281ED50BC` FOREIGN KEY (`parent_id`) REFERENCES `sales_flat_invoice` (`entity_id`) ON DELETE CASCADE ON UPDATE CASCADE
) ENGINE=InnoDB DEFAULT CHARSET=utf8 COMMENT='Sales Flat Invoice Comment';


CREATE TABLE `sales_flat_invoice_grid` (
  `entity_id` int(10) unsigned NOT NULL COMMENT 'Entity Id',
  `store_id` smallint(5) unsigned DEFAULT NULL COMMENT 'Store Id',
  `base_grand_total` decimal(12,4) DEFAULT NULL COMMENT 'Base Grand Total',
  `grand_total` decimal(12,4) DEFAULT NULL COMMENT 'Grand Total',
  `order_id` int(10) unsigned NOT NULL COMMENT 'Order Id',
  `state` int(11) DEFAULT NULL COMMENT 'State',
  `store_currency_code` varchar(3) DEFAULT NULL COMMENT 'Store Currency Code',
  `order_currency_code` varchar(3) DEFAULT NULL COMMENT 'Order Currency Code',
  `base_currency_code` varchar(3) DEFAULT NULL COMMENT 'Base Currency Code',
  `global_currency_code` varchar(3) DEFAULT NULL COMMENT 'Global Currency Code',
  `increment_id` varchar(50) DEFAULT NULL COMMENT 'Increment Id',
  `order_increment_id` varchar(50) DEFAULT NULL COMMENT 'Order Increment Id',
  `created_at` timestamp NULL DEFAULT NULL COMMENT 'Created At',
  `order_created_at` timestamp NULL DEFAULT NULL COMMENT 'Order Created At',
  `billing_name` varchar(255) DEFAULT NULL COMMENT 'Billing Name',
  PRIMARY KEY (`entity_id`),
  UNIQUE KEY `UNQ_SALES_FLAT_INVOICE_GRID_INCREMENT_ID` (`increment_id`),
  KEY `IDX_SALES_FLAT_INVOICE_GRID_STORE_ID` (`store_id`),
  KEY `IDX_SALES_FLAT_INVOICE_GRID_GRAND_TOTAL` (`grand_total`),
  KEY `IDX_SALES_FLAT_INVOICE_GRID_ORDER_ID` (`order_id`),
  KEY `IDX_SALES_FLAT_INVOICE_GRID_STATE` (`state`),
  KEY `IDX_SALES_FLAT_INVOICE_GRID_ORDER_INCREMENT_ID` (`order_increment_id`),
  KEY `IDX_SALES_FLAT_INVOICE_GRID_CREATED_AT` (`created_at`),
  KEY `IDX_SALES_FLAT_INVOICE_GRID_ORDER_CREATED_AT` (`order_created_at`),
  KEY `IDX_SALES_FLAT_INVOICE_GRID_BILLING_NAME` (`billing_name`),
  CONSTRAINT `FK_SALES_FLAT_INVOICE_GRID_ENTT_ID_SALES_FLAT_INVOICE_ENTT_ID` FOREIGN KEY (`entity_id`) REFERENCES `sales_flat_invoice` (`entity_id`) ON DELETE CASCADE ON UPDATE CASCADE,
  CONSTRAINT `FK_SALES_FLAT_INVOICE_GRID_STORE_ID_CORE_STORE_STORE_ID` FOREIGN KEY (`store_id`) REFERENCES `core_store` (`store_id`) ON DELETE SET NULL ON UPDATE CASCADE
) ENGINE=InnoDB DEFAULT CHARSET=utf8 COMMENT='Sales Flat Invoice Grid';


CREATE TABLE `sales_flat_invoice_item` (
  `entity_id` int(10) unsigned NOT NULL AUTO_INCREMENT COMMENT 'Entity Id',
  `parent_id` int(10) unsigned NOT NULL COMMENT 'Parent Id',
  `base_price` decimal(12,4) DEFAULT NULL COMMENT 'Base Price',
  `tax_amount` decimal(12,4) DEFAULT NULL COMMENT 'Tax Amount',
  `base_row_total` decimal(12,4) DEFAULT NULL COMMENT 'Base Row Total',
  `discount_amount` decimal(12,4) DEFAULT NULL COMMENT 'Discount Amount',
  `row_total` decimal(12,4) DEFAULT NULL COMMENT 'Row Total',
  `base_discount_amount` decimal(12,4) DEFAULT NULL COMMENT 'Base Discount Amount',
  `price_incl_tax` decimal(12,4) DEFAULT NULL COMMENT 'Price Incl Tax',
  `base_tax_amount` decimal(12,4) DEFAULT NULL COMMENT 'Base Tax Amount',
  `base_price_incl_tax` decimal(12,4) DEFAULT NULL COMMENT 'Base Price Incl Tax',
  `qty` decimal(12,4) DEFAULT NULL COMMENT 'Qty',
  `base_cost` decimal(12,4) DEFAULT NULL COMMENT 'Base Cost',
  `price` decimal(12,4) DEFAULT NULL COMMENT 'Price',
  `base_row_total_incl_tax` decimal(12,4) DEFAULT NULL COMMENT 'Base Row Total Incl Tax',
  `row_total_incl_tax` decimal(12,4) DEFAULT NULL COMMENT 'Row Total Incl Tax',
  `product_id` int(11) DEFAULT NULL COMMENT 'Product Id',
  `order_item_id` int(11) DEFAULT NULL COMMENT 'Order Item Id',
  `additional_data` text COMMENT 'Additional Data',
  `description` text COMMENT 'Description',
  `sku` varchar(255) DEFAULT NULL COMMENT 'Sku',
  `name` varchar(255) DEFAULT NULL COMMENT 'Name',
  `hidden_tax_amount` decimal(12,4) DEFAULT NULL COMMENT 'Hidden Tax Amount',
  `base_hidden_tax_amount` decimal(12,4) DEFAULT NULL COMMENT 'Base Hidden Tax Amount',
  `base_weee_tax_applied_amount` decimal(12,4) DEFAULT NULL COMMENT 'Base Weee Tax Applied Amount',
  `base_weee_tax_applied_row_amnt` decimal(12,4) DEFAULT NULL COMMENT 'Base Weee Tax Applied Row Amnt',
  `weee_tax_applied_amount` decimal(12,4) DEFAULT NULL COMMENT 'Weee Tax Applied Amount',
  `weee_tax_applied_row_amount` decimal(12,4) DEFAULT NULL COMMENT 'Weee Tax Applied Row Amount',
  `weee_tax_applied` text COMMENT 'Weee Tax Applied',
  `weee_tax_disposition` decimal(12,4) DEFAULT NULL COMMENT 'Weee Tax Disposition',
  `weee_tax_row_disposition` decimal(12,4) DEFAULT NULL COMMENT 'Weee Tax Row Disposition',
  `base_weee_tax_disposition` decimal(12,4) DEFAULT NULL COMMENT 'Base Weee Tax Disposition',
  `base_weee_tax_row_disposition` decimal(12,4) DEFAULT NULL COMMENT 'Base Weee Tax Row Disposition',
  PRIMARY KEY (`entity_id`),
  KEY `IDX_SALES_FLAT_INVOICE_ITEM_PARENT_ID` (`parent_id`),
  CONSTRAINT `FK_SALES_FLAT_INVOICE_ITEM_PARENT_ID_SALES_FLAT_INVOICE_ENTT_ID` FOREIGN KEY (`parent_id`) REFERENCES `sales_flat_invoice` (`entity_id`) ON DELETE CASCADE ON UPDATE CASCADE
) ENGINE=InnoDB DEFAULT CHARSET=utf8 COMMENT='Sales Flat Invoice Item';


CREATE TABLE `sales_flat_order` (
  `entity_id` int(10) unsigned NOT NULL AUTO_INCREMENT COMMENT 'Entity Id',
  `state` varchar(32) DEFAULT NULL COMMENT 'State',
  `status` varchar(32) DEFAULT NULL COMMENT 'Status',
  `coupon_code` varchar(255) DEFAULT NULL COMMENT 'Coupon Code',
  `protect_code` varchar(255) DEFAULT NULL COMMENT 'Protect Code',
  `shipping_description` varchar(255) DEFAULT NULL COMMENT 'Shipping Description',
  `is_virtual` smallint(5) unsigned DEFAULT NULL COMMENT 'Is Virtual',
  `store_id` smallint(5) unsigned DEFAULT NULL COMMENT 'Store Id',
  `customer_id` int(10) unsigned DEFAULT NULL COMMENT 'Customer Id',
  `base_discount_amount` decimal(12,4) DEFAULT NULL COMMENT 'Base Discount Amount',
  `base_discount_canceled` decimal(12,4) DEFAULT NULL COMMENT 'Base Discount Canceled',
  `base_discount_invoiced` decimal(12,4) DEFAULT NULL COMMENT 'Base Discount Invoiced',
  `base_discount_refunded` decimal(12,4) DEFAULT NULL COMMENT 'Base Discount Refunded',
  `base_grand_total` decimal(12,4) DEFAULT NULL COMMENT 'Base Grand Total',
  `base_shipping_amount` decimal(12,4) DEFAULT NULL COMMENT 'Base Shipping Amount',
  `base_shipping_canceled` decimal(12,4) DEFAULT NULL COMMENT 'Base Shipping Canceled',
  `base_shipping_invoiced` decimal(12,4) DEFAULT NULL COMMENT 'Base Shipping Invoiced',
  `base_shipping_refunded` decimal(12,4) DEFAULT NULL COMMENT 'Base Shipping Refunded',
  `base_shipping_tax_amount` decimal(12,4) DEFAULT NULL COMMENT 'Base Shipping Tax Amount',
  `base_shipping_tax_refunded` decimal(12,4) DEFAULT NULL COMMENT 'Base Shipping Tax Refunded',
  `base_subtotal` decimal(12,4) DEFAULT NULL COMMENT 'Base Subtotal',
  `base_subtotal_canceled` decimal(12,4) DEFAULT NULL COMMENT 'Base Subtotal Canceled',
  `base_subtotal_invoiced` decimal(12,4) DEFAULT NULL COMMENT 'Base Subtotal Invoiced',
  `base_subtotal_refunded` decimal(12,4) DEFAULT NULL COMMENT 'Base Subtotal Refunded',
  `base_tax_amount` decimal(12,4) DEFAULT NULL COMMENT 'Base Tax Amount',
  `base_tax_canceled` decimal(12,4) DEFAULT NULL COMMENT 'Base Tax Canceled',
  `base_tax_invoiced` decimal(12,4) DEFAULT NULL COMMENT 'Base Tax Invoiced',
  `base_tax_refunded` decimal(12,4) DEFAULT NULL COMMENT 'Base Tax Refunded',
  `base_to_global_rate` decimal(12,4) DEFAULT NULL COMMENT 'Base To Global Rate',
  `base_to_order_rate` decimal(12,4) DEFAULT NULL COMMENT 'Base To Order Rate',
  `base_total_canceled` decimal(12,4) DEFAULT NULL COMMENT 'Base Total Canceled',
  `base_total_invoiced` decimal(12,4) DEFAULT NULL COMMENT 'Base Total Invoiced',
  `base_total_invoiced_cost` decimal(12,4) DEFAULT NULL COMMENT 'Base Total Invoiced Cost',
  `base_total_offline_refunded` decimal(12,4) DEFAULT NULL COMMENT 'Base Total Offline Refunded',
  `base_total_online_refunded` decimal(12,4) DEFAULT NULL COMMENT 'Base Total Online Refunded',
  `base_total_paid` decimal(12,4) DEFAULT NULL COMMENT 'Base Total Paid',
  `base_total_qty_ordered` decimal(12,4) DEFAULT NULL COMMENT 'Base Total Qty Ordered',
  `base_total_refunded` decimal(12,4) DEFAULT NULL COMMENT 'Base Total Refunded',
  `discount_amount` decimal(12,4) DEFAULT NULL COMMENT 'Discount Amount',
  `discount_canceled` decimal(12,4) DEFAULT NULL COMMENT 'Discount Canceled',
  `discount_invoiced` decimal(12,4) DEFAULT NULL COMMENT 'Discount Invoiced',
  `discount_refunded` decimal(12,4) DEFAULT NULL COMMENT 'Discount Refunded',
  `grand_total` decimal(12,4) DEFAULT NULL COMMENT 'Grand Total',
  `shipping_amount` decimal(12,4) DEFAULT NULL COMMENT 'Shipping Amount',
  `shipping_canceled` decimal(12,4) DEFAULT NULL COMMENT 'Shipping Canceled',
  `shipping_invoiced` decimal(12,4) DEFAULT NULL COMMENT 'Shipping Invoiced',
  `shipping_refunded` decimal(12,4) DEFAULT NULL COMMENT 'Shipping Refunded',
  `shipping_tax_amount` decimal(12,4) DEFAULT NULL COMMENT 'Shipping Tax Amount',
  `shipping_tax_refunded` decimal(12,4) DEFAULT NULL COMMENT 'Shipping Tax Refunded',
  `store_to_base_rate` decimal(12,4) DEFAULT NULL COMMENT 'Store To Base Rate',
  `store_to_order_rate` decimal(12,4) DEFAULT NULL COMMENT 'Store To Order Rate',
  `subtotal` decimal(12,4) DEFAULT NULL COMMENT 'Subtotal',
  `subtotal_canceled` decimal(12,4) DEFAULT NULL COMMENT 'Subtotal Canceled',
  `subtotal_invoiced` decimal(12,4) DEFAULT NULL COMMENT 'Subtotal Invoiced',
  `subtotal_refunded` decimal(12,4) DEFAULT NULL COMMENT 'Subtotal Refunded',
  `tax_amount` decimal(12,4) DEFAULT NULL COMMENT 'Tax Amount',
  `tax_canceled` decimal(12,4) DEFAULT NULL COMMENT 'Tax Canceled',
  `tax_invoiced` decimal(12,4) DEFAULT NULL COMMENT 'Tax Invoiced',
  `tax_refunded` decimal(12,4) DEFAULT NULL COMMENT 'Tax Refunded',
  `total_canceled` decimal(12,4) DEFAULT NULL COMMENT 'Total Canceled',
  `total_invoiced` decimal(12,4) DEFAULT NULL COMMENT 'Total Invoiced',
  `total_offline_refunded` decimal(12,4) DEFAULT NULL COMMENT 'Total Offline Refunded',
  `total_online_refunded` decimal(12,4) DEFAULT NULL COMMENT 'Total Online Refunded',
  `total_paid` decimal(12,4) DEFAULT NULL COMMENT 'Total Paid',
  `total_qty_ordered` decimal(12,4) DEFAULT NULL COMMENT 'Total Qty Ordered',
  `total_refunded` decimal(12,4) DEFAULT NULL COMMENT 'Total Refunded',
  `can_ship_partially` smallint(5) unsigned DEFAULT NULL COMMENT 'Can Ship Partially',
  `can_ship_partially_item` smallint(5) unsigned DEFAULT NULL COMMENT 'Can Ship Partially Item',
  `customer_is_guest` smallint(5) unsigned DEFAULT NULL COMMENT 'Customer Is Guest',
  `customer_note_notify` smallint(5) unsigned DEFAULT NULL COMMENT 'Customer Note Notify',
  `billing_address_id` int(11) DEFAULT NULL COMMENT 'Billing Address Id',
  `customer_group_id` smallint(6) DEFAULT NULL COMMENT 'Customer Group Id',
  `edit_increment` int(11) DEFAULT NULL COMMENT 'Edit Increment',
  `email_sent` smallint(5) unsigned DEFAULT NULL COMMENT 'Email Sent',
  `forced_shipment_with_invoice` smallint(5) unsigned DEFAULT NULL COMMENT 'Forced Do Shipment With Invoice',
  `payment_auth_expiration` int(11) DEFAULT NULL COMMENT 'Payment Authorization Expiration',
  `quote_address_id` int(11) DEFAULT NULL COMMENT 'Quote Address Id',
  `quote_id` int(11) DEFAULT NULL COMMENT 'Quote Id',
  `shipping_address_id` int(11) DEFAULT NULL COMMENT 'Shipping Address Id',
  `adjustment_negative` decimal(12,4) DEFAULT NULL COMMENT 'Adjustment Negative',
  `adjustment_positive` decimal(12,4) DEFAULT NULL COMMENT 'Adjustment Positive',
  `base_adjustment_negative` decimal(12,4) DEFAULT NULL COMMENT 'Base Adjustment Negative',
  `base_adjustment_positive` decimal(12,4) DEFAULT NULL COMMENT 'Base Adjustment Positive',
  `base_shipping_discount_amount` decimal(12,4) DEFAULT NULL COMMENT 'Base Shipping Discount Amount',
  `base_subtotal_incl_tax` decimal(12,4) DEFAULT NULL COMMENT 'Base Subtotal Incl Tax',
  `base_total_due` decimal(12,4) DEFAULT NULL COMMENT 'Base Total Due',
  `payment_authorization_amount` decimal(12,4) DEFAULT NULL COMMENT 'Payment Authorization Amount',
  `shipping_discount_amount` decimal(12,4) DEFAULT NULL COMMENT 'Shipping Discount Amount',
  `subtotal_incl_tax` decimal(12,4) DEFAULT NULL COMMENT 'Subtotal Incl Tax',
  `total_due` decimal(12,4) DEFAULT NULL COMMENT 'Total Due',
  `weight` decimal(12,4) DEFAULT NULL COMMENT 'Weight',
  `customer_dob` datetime DEFAULT NULL COMMENT 'Customer Dob',
  `increment_id` varchar(50) DEFAULT NULL COMMENT 'Increment Id',
  `applied_rule_ids` varchar(255) DEFAULT NULL COMMENT 'Applied Rule Ids',
  `base_currency_code` varchar(3) DEFAULT NULL COMMENT 'Base Currency Code',
  `customer_email` varchar(255) DEFAULT NULL COMMENT 'Customer Email',
  `customer_firstname` varchar(255) DEFAULT NULL COMMENT 'Customer Firstname',
  `customer_lastname` varchar(255) DEFAULT NULL COMMENT 'Customer Lastname',
  `customer_middlename` varchar(255) DEFAULT NULL COMMENT 'Customer Middlename',
  `customer_prefix` varchar(255) DEFAULT NULL COMMENT 'Customer Prefix',
  `customer_suffix` varchar(255) DEFAULT NULL COMMENT 'Customer Suffix',
  `customer_taxvat` varchar(255) DEFAULT NULL COMMENT 'Customer Taxvat',
  `discount_description` varchar(255) DEFAULT NULL COMMENT 'Discount Description',
  `ext_customer_id` varchar(255) DEFAULT NULL COMMENT 'Ext Customer Id',
  `ext_order_id` varchar(255) DEFAULT NULL COMMENT 'Ext Order Id',
  `global_currency_code` varchar(3) DEFAULT NULL COMMENT 'Global Currency Code',
  `hold_before_state` varchar(255) DEFAULT NULL COMMENT 'Hold Before State',
  `hold_before_status` varchar(255) DEFAULT NULL COMMENT 'Hold Before Status',
  `order_currency_code` varchar(255) DEFAULT NULL COMMENT 'Order Currency Code',
  `original_increment_id` varchar(50) DEFAULT NULL COMMENT 'Original Increment Id',
  `relation_child_id` varchar(32) DEFAULT NULL COMMENT 'Relation Child Id',
  `relation_child_real_id` varchar(32) DEFAULT NULL COMMENT 'Relation Child Real Id',
  `relation_parent_id` varchar(32) DEFAULT NULL COMMENT 'Relation Parent Id',
  `relation_parent_real_id` varchar(32) DEFAULT NULL COMMENT 'Relation Parent Real Id',
  `remote_ip` varchar(255) DEFAULT NULL COMMENT 'Remote Ip',
  `shipping_method` varchar(255) DEFAULT NULL COMMENT 'Shipping Method',
  `store_currency_code` varchar(3) DEFAULT NULL COMMENT 'Store Currency Code',
  `store_name` varchar(255) DEFAULT NULL COMMENT 'Store Name',
  `x_forwarded_for` varchar(255) DEFAULT NULL COMMENT 'X Forwarded For',
  `customer_note` text COMMENT 'Customer Note',
  `created_at` timestamp NULL DEFAULT NULL COMMENT 'Created At',
  `updated_at` timestamp NULL DEFAULT NULL COMMENT 'Updated At',
  `total_item_count` smallint(5) unsigned NOT NULL DEFAULT '0' COMMENT 'Total Item Count',
  `customer_gender` int(11) DEFAULT NULL COMMENT 'Customer Gender',
  `hidden_tax_amount` decimal(12,4) DEFAULT NULL COMMENT 'Hidden Tax Amount',
  `base_hidden_tax_amount` decimal(12,4) DEFAULT NULL COMMENT 'Base Hidden Tax Amount',
  `shipping_hidden_tax_amount` decimal(12,4) DEFAULT NULL COMMENT 'Shipping Hidden Tax Amount',
  `base_shipping_hidden_tax_amnt` decimal(12,4) DEFAULT NULL COMMENT 'Base Shipping Hidden Tax Amount',
  `hidden_tax_invoiced` decimal(12,4) DEFAULT NULL COMMENT 'Hidden Tax Invoiced',
  `base_hidden_tax_invoiced` decimal(12,4) DEFAULT NULL COMMENT 'Base Hidden Tax Invoiced',
  `hidden_tax_refunded` decimal(12,4) DEFAULT NULL COMMENT 'Hidden Tax Refunded',
  `base_hidden_tax_refunded` decimal(12,4) DEFAULT NULL COMMENT 'Base Hidden Tax Refunded',
  `shipping_incl_tax` decimal(12,4) DEFAULT NULL COMMENT 'Shipping Incl Tax',
  `base_shipping_incl_tax` decimal(12,4) DEFAULT NULL COMMENT 'Base Shipping Incl Tax',
  `coupon_rule_name` varchar(255) DEFAULT NULL COMMENT 'Coupon Sales Rule Name',
  `paypal_ipn_customer_notified` int(11) DEFAULT '0' COMMENT 'Paypal Ipn Customer Notified',
  `gift_message_id` int(11) DEFAULT NULL COMMENT 'Gift Message Id',
  PRIMARY KEY (`entity_id`),
  UNIQUE KEY `UNQ_SALES_FLAT_ORDER_INCREMENT_ID` (`increment_id`),
  KEY `IDX_SALES_FLAT_ORDER_STATUS` (`status`),
  KEY `IDX_SALES_FLAT_ORDER_STATE` (`state`),
  KEY `IDX_SALES_FLAT_ORDER_STORE_ID` (`store_id`),
  KEY `IDX_SALES_FLAT_ORDER_CREATED_AT` (`created_at`),
  KEY `IDX_SALES_FLAT_ORDER_CUSTOMER_ID` (`customer_id`),
  KEY `IDX_SALES_FLAT_ORDER_EXT_ORDER_ID` (`ext_order_id`),
  KEY `IDX_SALES_FLAT_ORDER_QUOTE_ID` (`quote_id`),
  KEY `IDX_SALES_FLAT_ORDER_UPDATED_AT` (`updated_at`),
  CONSTRAINT `FK_SALES_FLAT_ORDER_CUSTOMER_ID_CUSTOMER_ENTITY_ENTITY_ID` FOREIGN KEY (`customer_id`) REFERENCES `customer_entity` (`entity_id`) ON DELETE SET NULL ON UPDATE CASCADE,
  CONSTRAINT `FK_SALES_FLAT_ORDER_STORE_ID_CORE_STORE_STORE_ID` FOREIGN KEY (`store_id`) REFERENCES `core_store` (`store_id`) ON DELETE SET NULL ON UPDATE CASCADE
) ENGINE=InnoDB DEFAULT CHARSET=utf8 COMMENT='Sales Flat Order';


CREATE TABLE `sales_flat_order_address` (
  `entity_id` int(10) unsigned NOT NULL AUTO_INCREMENT COMMENT 'Entity Id',
  `parent_id` int(10) unsigned DEFAULT NULL COMMENT 'Parent Id',
  `customer_address_id` int(11) DEFAULT NULL COMMENT 'Customer Address Id',
  `quote_address_id` int(11) DEFAULT NULL COMMENT 'Quote Address Id',
  `region_id` int(11) DEFAULT NULL COMMENT 'Region Id',
  `customer_id` int(11) DEFAULT NULL COMMENT 'Customer Id',
  `fax` varchar(255) DEFAULT NULL COMMENT 'Fax',
  `region` varchar(255) DEFAULT NULL COMMENT 'Region',
  `postcode` varchar(255) DEFAULT NULL COMMENT 'Postcode',
  `lastname` varchar(255) DEFAULT NULL COMMENT 'Lastname',
  `street` varchar(255) DEFAULT NULL COMMENT 'Street',
  `city` varchar(255) DEFAULT NULL COMMENT 'City',
  `email` varchar(255) DEFAULT NULL COMMENT 'Email',
  `telephone` varchar(255) DEFAULT NULL COMMENT 'Telephone',
  `country_id` varchar(2) DEFAULT NULL COMMENT 'Country Id',
  `firstname` varchar(255) DEFAULT NULL COMMENT 'Firstname',
  `address_type` varchar(255) DEFAULT NULL COMMENT 'Address Type',
  `prefix` varchar(255) DEFAULT NULL COMMENT 'Prefix',
  `middlename` varchar(255) DEFAULT NULL COMMENT 'Middlename',
  `suffix` varchar(255) DEFAULT NULL COMMENT 'Suffix',
  `company` varchar(255) DEFAULT NULL COMMENT 'Company',
  `vat_id` text COMMENT 'Vat Id',
  `vat_is_valid` smallint(6) DEFAULT NULL COMMENT 'Vat Is Valid',
  `vat_request_id` text COMMENT 'Vat Request Id',
  `vat_request_date` text COMMENT 'Vat Request Date',
  `vat_request_success` smallint(6) DEFAULT NULL COMMENT 'Vat Request Success',
  PRIMARY KEY (`entity_id`),
  KEY `IDX_SALES_FLAT_ORDER_ADDRESS_PARENT_ID` (`parent_id`),
  CONSTRAINT `FK_SALES_FLAT_ORDER_ADDRESS_PARENT_ID_SALES_FLAT_ORDER_ENTITY_ID` FOREIGN KEY (`parent_id`) REFERENCES `sales_flat_order` (`entity_id`) ON DELETE CASCADE ON UPDATE CASCADE
) ENGINE=InnoDB DEFAULT CHARSET=utf8 COMMENT='Sales Flat Order Address';


CREATE TABLE `sales_flat_order_grid` (
  `entity_id` int(10) unsigned NOT NULL COMMENT 'Entity Id',
  `status` varchar(32) DEFAULT NULL COMMENT 'Status',
  `store_id` smallint(5) unsigned DEFAULT NULL COMMENT 'Store Id',
  `store_name` varchar(255) DEFAULT NULL COMMENT 'Store Name',
  `customer_id` int(10) unsigned DEFAULT NULL COMMENT 'Customer Id',
  `base_grand_total` decimal(12,4) DEFAULT NULL COMMENT 'Base Grand Total',
  `base_total_paid` decimal(12,4) DEFAULT NULL COMMENT 'Base Total Paid',
  `grand_total` decimal(12,4) DEFAULT NULL COMMENT 'Grand Total',
  `total_paid` decimal(12,4) DEFAULT NULL COMMENT 'Total Paid',
  `increment_id` varchar(50) DEFAULT NULL COMMENT 'Increment Id',
  `base_currency_code` varchar(3) DEFAULT NULL COMMENT 'Base Currency Code',
  `order_currency_code` varchar(255) DEFAULT NULL COMMENT 'Order Currency Code',
  `shipping_name` varchar(255) DEFAULT NULL COMMENT 'Shipping Name',
  `billing_name` varchar(255) DEFAULT NULL COMMENT 'Billing Name',
  `created_at` timestamp NULL DEFAULT NULL COMMENT 'Created At',
  `updated_at` timestamp NULL DEFAULT NULL COMMENT 'Updated At',
  PRIMARY KEY (`entity_id`),
  UNIQUE KEY `UNQ_SALES_FLAT_ORDER_GRID_INCREMENT_ID` (`increment_id`),
  KEY `IDX_SALES_FLAT_ORDER_GRID_STATUS` (`status`),
  KEY `IDX_SALES_FLAT_ORDER_GRID_STORE_ID` (`store_id`),
  KEY `IDX_SALES_FLAT_ORDER_GRID_BASE_GRAND_TOTAL` (`base_grand_total`),
  KEY `IDX_SALES_FLAT_ORDER_GRID_BASE_TOTAL_PAID` (`base_total_paid`),
  KEY `IDX_SALES_FLAT_ORDER_GRID_GRAND_TOTAL` (`grand_total`),
  KEY `IDX_SALES_FLAT_ORDER_GRID_TOTAL_PAID` (`total_paid`),
  KEY `IDX_SALES_FLAT_ORDER_GRID_SHIPPING_NAME` (`shipping_name`),
  KEY `IDX_SALES_FLAT_ORDER_GRID_BILLING_NAME` (`billing_name`),
  KEY `IDX_SALES_FLAT_ORDER_GRID_CREATED_AT` (`created_at`),
  KEY `IDX_SALES_FLAT_ORDER_GRID_CUSTOMER_ID` (`customer_id`),
  KEY `IDX_SALES_FLAT_ORDER_GRID_UPDATED_AT` (`updated_at`),
  CONSTRAINT `FK_SALES_FLAT_ORDER_GRID_CUSTOMER_ID_CUSTOMER_ENTITY_ENTITY_ID` FOREIGN KEY (`customer_id`) REFERENCES `customer_entity` (`entity_id`) ON DELETE SET NULL ON UPDATE CASCADE,
  CONSTRAINT `FK_SALES_FLAT_ORDER_GRID_ENTITY_ID_SALES_FLAT_ORDER_ENTITY_ID` FOREIGN KEY (`entity_id`) REFERENCES `sales_flat_order` (`entity_id`) ON DELETE CASCADE ON UPDATE CASCADE,
  CONSTRAINT `FK_SALES_FLAT_ORDER_GRID_STORE_ID_CORE_STORE_STORE_ID` FOREIGN KEY (`store_id`) REFERENCES `core_store` (`store_id`) ON DELETE SET NULL ON UPDATE CASCADE
) ENGINE=InnoDB DEFAULT CHARSET=utf8 COMMENT='Sales Flat Order Grid';


CREATE TABLE `sales_flat_order_item` (
  `item_id` int(10) unsigned NOT NULL AUTO_INCREMENT COMMENT 'Item Id',
  `order_id` int(10) unsigned NOT NULL DEFAULT '0' COMMENT 'Order Id',
  `parent_item_id` int(10) unsigned DEFAULT NULL COMMENT 'Parent Item Id',
  `quote_item_id` int(10) unsigned DEFAULT NULL COMMENT 'Quote Item Id',
  `store_id` smallint(5) unsigned DEFAULT NULL COMMENT 'Store Id',
  `created_at` timestamp NOT NULL DEFAULT '0000-00-00 00:00:00' COMMENT 'Created At',
  `updated_at` timestamp NOT NULL DEFAULT '0000-00-00 00:00:00' COMMENT 'Updated At',
  `product_id` int(10) unsigned DEFAULT NULL COMMENT 'Product Id',
  `product_type` varchar(255) DEFAULT NULL COMMENT 'Product Type',
  `product_options` text COMMENT 'Product Options',
  `weight` decimal(12,4) DEFAULT '0.0000' COMMENT 'Weight',
  `is_virtual` smallint(5) unsigned DEFAULT NULL COMMENT 'Is Virtual',
  `sku` varchar(255) DEFAULT NULL COMMENT 'Sku',
  `name` varchar(255) DEFAULT NULL COMMENT 'Name',
  `description` text COMMENT 'Description',
  `applied_rule_ids` text COMMENT 'Applied Rule Ids',
  `additional_data` text COMMENT 'Additional Data',
  `free_shipping` smallint(5) unsigned NOT NULL DEFAULT '0' COMMENT 'Free Shipping',
  `is_qty_decimal` smallint(5) unsigned DEFAULT NULL COMMENT 'Is Qty Decimal',
  `no_discount` smallint(5) unsigned NOT NULL DEFAULT '0' COMMENT 'No Discount',
  `qty_backordered` decimal(12,4) DEFAULT '0.0000' COMMENT 'Qty Backordered',
  `qty_canceled` decimal(12,4) DEFAULT '0.0000' COMMENT 'Qty Canceled',
  `qty_invoiced` decimal(12,4) DEFAULT '0.0000' COMMENT 'Qty Invoiced',
  `qty_ordered` decimal(12,4) DEFAULT '0.0000' COMMENT 'Qty Ordered',
  `qty_refunded` decimal(12,4) DEFAULT '0.0000' COMMENT 'Qty Refunded',
  `qty_shipped` decimal(12,4) DEFAULT '0.0000' COMMENT 'Qty Shipped',
  `base_cost` decimal(12,4) DEFAULT '0.0000' COMMENT 'Base Cost',
  `price` decimal(12,4) NOT NULL DEFAULT '0.0000' COMMENT 'Price',
  `base_price` decimal(12,4) NOT NULL DEFAULT '0.0000' COMMENT 'Base Price',
  `original_price` decimal(12,4) DEFAULT NULL COMMENT 'Original Price',
  `base_original_price` decimal(12,4) DEFAULT NULL COMMENT 'Base Original Price',
  `tax_percent` decimal(12,4) DEFAULT '0.0000' COMMENT 'Tax Percent',
  `tax_amount` decimal(12,4) DEFAULT '0.0000' COMMENT 'Tax Amount',
  `base_tax_amount` decimal(12,4) DEFAULT '0.0000' COMMENT 'Base Tax Amount',
  `tax_invoiced` decimal(12,4) DEFAULT '0.0000' COMMENT 'Tax Invoiced',
  `base_tax_invoiced` decimal(12,4) DEFAULT '0.0000' COMMENT 'Base Tax Invoiced',
  `discount_percent` decimal(12,4) DEFAULT '0.0000' COMMENT 'Discount Percent',
  `discount_amount` decimal(12,4) DEFAULT '0.0000' COMMENT 'Discount Amount',
  `base_discount_amount` decimal(12,4) DEFAULT '0.0000' COMMENT 'Base Discount Amount',
  `discount_invoiced` decimal(12,4) DEFAULT '0.0000' COMMENT 'Discount Invoiced',
  `base_discount_invoiced` decimal(12,4) DEFAULT '0.0000' COMMENT 'Base Discount Invoiced',
  `amount_refunded` decimal(12,4) DEFAULT '0.0000' COMMENT 'Amount Refunded',
  `base_amount_refunded` decimal(12,4) DEFAULT '0.0000' COMMENT 'Base Amount Refunded',
  `row_total` decimal(12,4) NOT NULL DEFAULT '0.0000' COMMENT 'Row Total',
  `base_row_total` decimal(12,4) NOT NULL DEFAULT '0.0000' COMMENT 'Base Row Total',
  `row_invoiced` decimal(12,4) NOT NULL DEFAULT '0.0000' COMMENT 'Row Invoiced',
  `base_row_invoiced` decimal(12,4) NOT NULL DEFAULT '0.0000' COMMENT 'Base Row Invoiced',
  `row_weight` decimal(12,4) DEFAULT '0.0000' COMMENT 'Row Weight',
  `base_tax_before_discount` decimal(12,4) DEFAULT NULL COMMENT 'Base Tax Before Discount',
  `tax_before_discount` decimal(12,4) DEFAULT NULL COMMENT 'Tax Before Discount',
  `ext_order_item_id` varchar(255) DEFAULT NULL COMMENT 'Ext Order Item Id',
  `locked_do_invoice` smallint(5) unsigned DEFAULT NULL COMMENT 'Locked Do Invoice',
  `locked_do_ship` smallint(5) unsigned DEFAULT NULL COMMENT 'Locked Do Ship',
  `price_incl_tax` decimal(12,4) DEFAULT NULL COMMENT 'Price Incl Tax',
  `base_price_incl_tax` decimal(12,4) DEFAULT NULL COMMENT 'Base Price Incl Tax',
  `row_total_incl_tax` decimal(12,4) DEFAULT NULL COMMENT 'Row Total Incl Tax',
  `base_row_total_incl_tax` decimal(12,4) DEFAULT NULL COMMENT 'Base Row Total Incl Tax',
  `hidden_tax_amount` decimal(12,4) DEFAULT NULL COMMENT 'Hidden Tax Amount',
  `base_hidden_tax_amount` decimal(12,4) DEFAULT NULL COMMENT 'Base Hidden Tax Amount',
  `hidden_tax_invoiced` decimal(12,4) DEFAULT NULL COMMENT 'Hidden Tax Invoiced',
  `base_hidden_tax_invoiced` decimal(12,4) DEFAULT NULL COMMENT 'Base Hidden Tax Invoiced',
  `hidden_tax_refunded` decimal(12,4) DEFAULT NULL COMMENT 'Hidden Tax Refunded',
  `base_hidden_tax_refunded` decimal(12,4) DEFAULT NULL COMMENT 'Base Hidden Tax Refunded',
  `is_nominal` int(11) NOT NULL DEFAULT '0' COMMENT 'Is Nominal',
  `tax_canceled` decimal(12,4) DEFAULT NULL COMMENT 'Tax Canceled',
  `hidden_tax_canceled` decimal(12,4) DEFAULT NULL COMMENT 'Hidden Tax Canceled',
  `tax_refunded` decimal(12,4) DEFAULT NULL COMMENT 'Tax Refunded',
  `base_tax_refunded` decimal(12,4) DEFAULT NULL COMMENT 'Base Tax Refunded',
  `discount_refunded` decimal(12,4) DEFAULT NULL COMMENT 'Discount Refunded',
  `base_discount_refunded` decimal(12,4) DEFAULT NULL COMMENT 'Base Discount Refunded',
  `gift_message_id` int(11) DEFAULT NULL COMMENT 'Gift Message Id',
  `gift_message_available` int(11) DEFAULT NULL COMMENT 'Gift Message Available',
  `base_weee_tax_applied_amount` decimal(12,4) DEFAULT NULL COMMENT 'Base Weee Tax Applied Amount',
  `base_weee_tax_applied_row_amnt` decimal(12,4) DEFAULT NULL COMMENT 'Base Weee Tax Applied Row Amnt',
  `weee_tax_applied_amount` decimal(12,4) DEFAULT NULL COMMENT 'Weee Tax Applied Amount',
  `weee_tax_applied_row_amount` decimal(12,4) DEFAULT NULL COMMENT 'Weee Tax Applied Row Amount',
  `weee_tax_applied` text COMMENT 'Weee Tax Applied',
  `weee_tax_disposition` decimal(12,4) DEFAULT NULL COMMENT 'Weee Tax Disposition',
  `weee_tax_row_disposition` decimal(12,4) DEFAULT NULL COMMENT 'Weee Tax Row Disposition',
  `base_weee_tax_disposition` decimal(12,4) DEFAULT NULL COMMENT 'Base Weee Tax Disposition',
  `base_weee_tax_row_disposition` decimal(12,4) DEFAULT NULL COMMENT 'Base Weee Tax Row Disposition',
  PRIMARY KEY (`item_id`),
  KEY `IDX_SALES_FLAT_ORDER_ITEM_ORDER_ID` (`order_id`),
  KEY `IDX_SALES_FLAT_ORDER_ITEM_STORE_ID` (`store_id`),
  CONSTRAINT `FK_SALES_FLAT_ORDER_ITEM_ORDER_ID_SALES_FLAT_ORDER_ENTITY_ID` FOREIGN KEY (`order_id`) REFERENCES `sales_flat_order` (`entity_id`) ON DELETE CASCADE ON UPDATE CASCADE,
  CONSTRAINT `FK_SALES_FLAT_ORDER_ITEM_STORE_ID_CORE_STORE_STORE_ID` FOREIGN KEY (`store_id`) REFERENCES `core_store` (`store_id`) ON DELETE SET NULL ON UPDATE CASCADE
) ENGINE=InnoDB DEFAULT CHARSET=utf8 COMMENT='Sales Flat Order Item';


CREATE TABLE `sales_flat_order_payment` (
  `entity_id` int(10) unsigned NOT NULL AUTO_INCREMENT COMMENT 'Entity Id',
  `parent_id` int(10) unsigned NOT NULL COMMENT 'Parent Id',
  `base_shipping_captured` decimal(12,4) DEFAULT NULL COMMENT 'Base Shipping Captured',
  `shipping_captured` decimal(12,4) DEFAULT NULL COMMENT 'Shipping Captured',
  `amount_refunded` decimal(12,4) DEFAULT NULL COMMENT 'Amount Refunded',
  `base_amount_paid` decimal(12,4) DEFAULT NULL COMMENT 'Base Amount Paid',
  `amount_canceled` decimal(12,4) DEFAULT NULL COMMENT 'Amount Canceled',
  `base_amount_authorized` decimal(12,4) DEFAULT NULL COMMENT 'Base Amount Authorized',
  `base_amount_paid_online` decimal(12,4) DEFAULT NULL COMMENT 'Base Amount Paid Online',
  `base_amount_refunded_online` decimal(12,4) DEFAULT NULL COMMENT 'Base Amount Refunded Online',
  `base_shipping_amount` decimal(12,4) DEFAULT NULL COMMENT 'Base Shipping Amount',
  `shipping_amount` decimal(12,4) DEFAULT NULL COMMENT 'Shipping Amount',
  `amount_paid` decimal(12,4) DEFAULT NULL COMMENT 'Amount Paid',
  `amount_authorized` decimal(12,4) DEFAULT NULL COMMENT 'Amount Authorized',
  `base_amount_ordered` decimal(12,4) DEFAULT NULL COMMENT 'Base Amount Ordered',
  `base_shipping_refunded` decimal(12,4) DEFAULT NULL COMMENT 'Base Shipping Refunded',
  `shipping_refunded` decimal(12,4) DEFAULT NULL COMMENT 'Shipping Refunded',
  `base_amount_refunded` decimal(12,4) DEFAULT NULL COMMENT 'Base Amount Refunded',
  `amount_ordered` decimal(12,4) DEFAULT NULL COMMENT 'Amount Ordered',
  `base_amount_canceled` decimal(12,4) DEFAULT NULL COMMENT 'Base Amount Canceled',
  `quote_payment_id` int(11) DEFAULT NULL COMMENT 'Quote Payment Id',
  `additional_data` text COMMENT 'Additional Data',
  `cc_exp_month` varchar(255) DEFAULT NULL COMMENT 'Cc Exp Month',
  `cc_ss_start_year` varchar(255) DEFAULT NULL COMMENT 'Cc Ss Start Year',
  `echeck_bank_name` varchar(255) DEFAULT NULL COMMENT 'Echeck Bank Name',
  `method` varchar(255) DEFAULT NULL COMMENT 'Method',
  `cc_debug_request_body` varchar(255) DEFAULT NULL COMMENT 'Cc Debug Request Body',
  `cc_secure_verify` varchar(255) DEFAULT NULL COMMENT 'Cc Secure Verify',
  `protection_eligibility` varchar(255) DEFAULT NULL COMMENT 'Protection Eligibility',
  `cc_approval` varchar(255) DEFAULT NULL COMMENT 'Cc Approval',
  `cc_last4` varchar(255) DEFAULT NULL COMMENT 'Cc Last4',
  `cc_status_description` varchar(255) DEFAULT NULL COMMENT 'Cc Status Description',
  `echeck_type` varchar(255) DEFAULT NULL COMMENT 'Echeck Type',
  `cc_debug_response_serialized` varchar(255) DEFAULT NULL COMMENT 'Cc Debug Response Serialized',
  `cc_ss_start_month` varchar(255) DEFAULT NULL COMMENT 'Cc Ss Start Month',
  `echeck_account_type` varchar(255) DEFAULT NULL COMMENT 'Echeck Account Type',
  `last_trans_id` varchar(255) DEFAULT NULL COMMENT 'Last Trans Id',
  `cc_cid_status` varchar(255) DEFAULT NULL COMMENT 'Cc Cid Status',
  `cc_owner` varchar(255) DEFAULT NULL COMMENT 'Cc Owner',
  `cc_type` varchar(255) DEFAULT NULL COMMENT 'Cc Type',
  `po_number` varchar(255) DEFAULT NULL COMMENT 'Po Number',
  `cc_exp_year` varchar(255) DEFAULT NULL COMMENT 'Cc Exp Year',
  `cc_status` varchar(255) DEFAULT NULL COMMENT 'Cc Status',
  `echeck_routing_number` varchar(255) DEFAULT NULL COMMENT 'Echeck Routing Number',
  `account_status` varchar(255) DEFAULT NULL COMMENT 'Account Status',
  `anet_trans_method` varchar(255) DEFAULT NULL COMMENT 'Anet Trans Method',
  `cc_debug_response_body` varchar(255) DEFAULT NULL COMMENT 'Cc Debug Response Body',
  `cc_ss_issue` varchar(255) DEFAULT NULL COMMENT 'Cc Ss Issue',
  `echeck_account_name` varchar(255) DEFAULT NULL COMMENT 'Echeck Account Name',
  `cc_avs_status` varchar(255) DEFAULT NULL COMMENT 'Cc Avs Status',
  `cc_number_enc` varchar(255) DEFAULT NULL COMMENT 'Cc Number Enc',
  `cc_trans_id` varchar(255) DEFAULT NULL COMMENT 'Cc Trans Id',
  `paybox_request_number` varchar(255) DEFAULT NULL COMMENT 'Paybox Request Number',
  `address_status` varchar(255) DEFAULT NULL COMMENT 'Address Status',
  `additional_information` text COMMENT 'Additional Information',
  PRIMARY KEY (`entity_id`),
  KEY `IDX_SALES_FLAT_ORDER_PAYMENT_PARENT_ID` (`parent_id`),
  CONSTRAINT `FK_SALES_FLAT_ORDER_PAYMENT_PARENT_ID_SALES_FLAT_ORDER_ENTITY_ID` FOREIGN KEY (`parent_id`) REFERENCES `sales_flat_order` (`entity_id`) ON DELETE CASCADE ON UPDATE CASCADE
) ENGINE=InnoDB DEFAULT CHARSET=utf8 COMMENT='Sales Flat Order Payment';


CREATE TABLE `sales_flat_order_status_history` (
  `entity_id` int(10) unsigned NOT NULL AUTO_INCREMENT COMMENT 'Entity Id',
  `parent_id` int(10) unsigned NOT NULL COMMENT 'Parent Id',
  `is_customer_notified` int(11) DEFAULT NULL COMMENT 'Is Customer Notified',
  `is_visible_on_front` smallint(5) unsigned NOT NULL DEFAULT '0' COMMENT 'Is Visible On Front',
  `comment` text COMMENT 'Comment',
  `status` varchar(32) DEFAULT NULL COMMENT 'Status',
  `created_at` timestamp NULL DEFAULT NULL COMMENT 'Created At',
  `entity_name` varchar(32) DEFAULT NULL COMMENT 'Shows what entity history is bind to.',
  PRIMARY KEY (`entity_id`),
  KEY `IDX_SALES_FLAT_ORDER_STATUS_HISTORY_PARENT_ID` (`parent_id`),
  KEY `IDX_SALES_FLAT_ORDER_STATUS_HISTORY_CREATED_AT` (`created_at`),
  CONSTRAINT `FK_CE7C71E74CB74DDACED337CEE6753D5E` FOREIGN KEY (`parent_id`) REFERENCES `sales_flat_order` (`entity_id`) ON DELETE CASCADE ON UPDATE CASCADE
) ENGINE=InnoDB DEFAULT CHARSET=utf8 COMMENT='Sales Flat Order Status History';


CREATE TABLE `sales_flat_quote` (
  `entity_id` int(10) unsigned NOT NULL AUTO_INCREMENT COMMENT 'Entity Id',
  `store_id` smallint(5) unsigned NOT NULL DEFAULT '0' COMMENT 'Store Id',
  `created_at` timestamp NOT NULL DEFAULT '0000-00-00 00:00:00' COMMENT 'Created At',
  `updated_at` timestamp NOT NULL DEFAULT '0000-00-00 00:00:00' COMMENT 'Updated At',
  `converted_at` timestamp NULL DEFAULT NULL COMMENT 'Converted At',
  `is_active` smallint(5) unsigned DEFAULT '1' COMMENT 'Is Active',
  `is_virtual` smallint(5) unsigned DEFAULT '0' COMMENT 'Is Virtual',
  `is_multi_shipping` smallint(5) unsigned DEFAULT '0' COMMENT 'Is Multi Shipping',
  `items_count` int(10) unsigned DEFAULT '0' COMMENT 'Items Count',
  `items_qty` decimal(12,4) DEFAULT '0.0000' COMMENT 'Items Qty',
  `orig_order_id` int(10) unsigned DEFAULT '0' COMMENT 'Orig Order Id',
  `store_to_base_rate` decimal(12,4) DEFAULT '0.0000' COMMENT 'Store To Base Rate',
  `store_to_quote_rate` decimal(12,4) DEFAULT '0.0000' COMMENT 'Store To Quote Rate',
  `base_currency_code` varchar(255) DEFAULT NULL COMMENT 'Base Currency Code',
  `store_currency_code` varchar(255) DEFAULT NULL COMMENT 'Store Currency Code',
  `quote_currency_code` varchar(255) DEFAULT NULL COMMENT 'Quote Currency Code',
  `grand_total` decimal(12,4) DEFAULT '0.0000' COMMENT 'Grand Total',
  `base_grand_total` decimal(12,4) DEFAULT '0.0000' COMMENT 'Base Grand Total',
  `checkout_method` varchar(255) DEFAULT NULL COMMENT 'Checkout Method',
  `customer_id` int(10) unsigned DEFAULT '0' COMMENT 'Customer Id',
  `customer_tax_class_id` int(10) unsigned DEFAULT '0' COMMENT 'Customer Tax Class Id',
  `customer_group_id` int(10) unsigned DEFAULT '0' COMMENT 'Customer Group Id',
  `customer_email` varchar(255) DEFAULT NULL COMMENT 'Customer Email',
  `customer_prefix` varchar(40) DEFAULT NULL COMMENT 'Customer Prefix',
  `customer_firstname` varchar(255) DEFAULT NULL COMMENT 'Customer Firstname',
  `customer_middlename` varchar(40) DEFAULT NULL COMMENT 'Customer Middlename',
  `customer_lastname` varchar(255) DEFAULT NULL COMMENT 'Customer Lastname',
  `customer_suffix` varchar(40) DEFAULT NULL COMMENT 'Customer Suffix',
  `customer_dob` datetime DEFAULT NULL COMMENT 'Customer Dob',
  `customer_note` varchar(255) DEFAULT NULL COMMENT 'Customer Note',
  `customer_note_notify` smallint(5) unsigned DEFAULT '1' COMMENT 'Customer Note Notify',
  `customer_is_guest` smallint(5) unsigned DEFAULT '0' COMMENT 'Customer Is Guest',
  `remote_ip` varchar(255) DEFAULT NULL COMMENT 'Remote Ip',
  `applied_rule_ids` varchar(255) DEFAULT NULL COMMENT 'Applied Rule Ids',
  `reserved_order_id` varchar(64) DEFAULT NULL COMMENT 'Reserved Order Id',
  `password_hash` varchar(255) DEFAULT NULL COMMENT 'Password Hash',
  `coupon_code` varchar(255) DEFAULT NULL COMMENT 'Coupon Code',
  `global_currency_code` varchar(255) DEFAULT NULL COMMENT 'Global Currency Code',
  `base_to_global_rate` decimal(12,4) DEFAULT NULL COMMENT 'Base To Global Rate',
  `base_to_quote_rate` decimal(12,4) DEFAULT NULL COMMENT 'Base To Quote Rate',
  `customer_taxvat` varchar(255) DEFAULT NULL COMMENT 'Customer Taxvat',
  `customer_gender` varchar(255) DEFAULT NULL COMMENT 'Customer Gender',
  `subtotal` decimal(12,4) DEFAULT NULL COMMENT 'Subtotal',
  `base_subtotal` decimal(12,4) DEFAULT NULL COMMENT 'Base Subtotal',
  `subtotal_with_discount` decimal(12,4) DEFAULT NULL COMMENT 'Subtotal With Discount',
  `base_subtotal_with_discount` decimal(12,4) DEFAULT NULL COMMENT 'Base Subtotal With Discount',
  `is_changed` int(10) unsigned DEFAULT NULL COMMENT 'Is Changed',
  `trigger_recollect` smallint(6) NOT NULL DEFAULT '0' COMMENT 'Trigger Recollect',
  `ext_shipping_info` text COMMENT 'Ext Shipping Info',
  `gift_message_id` int(11) DEFAULT NULL COMMENT 'Gift Message Id',
  `is_persistent` smallint(5) unsigned DEFAULT '0' COMMENT 'Is Quote Persistent',
  PRIMARY KEY (`entity_id`),
  KEY `IDX_SALES_FLAT_QUOTE_CUSTOMER_ID_STORE_ID_IS_ACTIVE` (`customer_id`,`store_id`,`is_active`),
  KEY `IDX_SALES_FLAT_QUOTE_STORE_ID` (`store_id`),
  CONSTRAINT `FK_SALES_FLAT_QUOTE_STORE_ID_CORE_STORE_STORE_ID` FOREIGN KEY (`store_id`) REFERENCES `core_store` (`store_id`) ON DELETE CASCADE ON UPDATE CASCADE
) ENGINE=InnoDB DEFAULT CHARSET=utf8 COMMENT='Sales Flat Quote';

INSERT INTO `sales_flat_quote` (`entity_id`, `store_id`, `created_at`, `updated_at`, `converted_at`, `is_active`, `is_virtual`, `is_multi_shipping`, `items_count`, `items_qty`, `orig_order_id`, `store_to_base_rate`, `store_to_quote_rate`, `base_currency_code`, `store_currency_code`, `quote_currency_code`, `grand_total`, `base_grand_total`, `checkout_method`, `customer_id`, `customer_tax_class_id`, `customer_group_id`, `customer_email`, `customer_prefix`, `customer_firstname`, `customer_middlename`, `customer_lastname`, `customer_suffix`, `customer_dob`, `customer_note`, `customer_note_notify`, `customer_is_guest`, `remote_ip`, `applied_rule_ids`, `reserved_order_id`, `password_hash`, `coupon_code`, `global_currency_code`, `base_to_global_rate`, `base_to_quote_rate`, `customer_taxvat`, `customer_gender`, `subtotal`, `base_subtotal`, `subtotal_with_discount`, `base_subtotal_with_discount`, `is_changed`, `trigger_recollect`, `ext_shipping_info`, `gift_message_id`, `is_persistent`) VALUES
(1,	1,	'2017-09-27 12:35:34',	'2018-01-18 15:52:55',	NULL,	0,	0,	0,	1,	1.0000,	0,	1.0000,	1.0000,	'USD',	'USD',	'USD',	31.9000,	31.9000,	NULL,	1,	3,	1,	'marius@aprilred.com',	NULL,	'AR',	NULL,	'DEV',	NULL,	'1987-05-20 00:00:00',	NULL,	1,	0,	'5.2.203.155',	NULL,	'100000001',	NULL,	NULL,	'USD',	1.0000,	1.0000,	NULL,	'1',	26.9000,	26.9000,	26.9000,	26.9000,	1,	0,	NULL,	NULL,	0),
(3,	1,	'2017-09-27 13:30:10',	'2017-09-27 16:29:50',	NULL,	1,	0,	0,	1,	1.0000,	0,	1.0000,	1.0000,	'USD',	'USD',	'USD',	27.0000,	27.0000,	NULL,	NULL,	3,	0,	'asd@asd.com',	NULL,	'asd',	NULL,	'asd',	NULL,	NULL,	NULL,	1,	0,	'5.2.203.155',	NULL,	NULL,	NULL,	NULL,	'USD',	1.0000,	1.0000,	NULL,	NULL,	22.0000,	22.0000,	22.0000,	22.0000,	1,	0,	NULL,	NULL,	0),
(4,	1,	'2017-12-19 19:53:03',	'2017-12-19 19:53:47',	NULL,	1,	0,	0,	0,	0.0000,	0,	1.0000,	1.0000,	'USD',	'USD',	'USD',	0.0000,	0.0000,	NULL,	NULL,	3,	0,	NULL,	NULL,	NULL,	NULL,	NULL,	NULL,	NULL,	NULL,	1,	0,	'5.2.203.155',	NULL,	NULL,	NULL,	NULL,	'USD',	1.0000,	1.0000,	NULL,	NULL,	0.0000,	0.0000,	0.0000,	0.0000,	1,	0,	NULL,	NULL,	0),
(7,	1,	'2018-01-18 18:33:44',	'2018-01-18 18:34:00',	NULL,	0,	0,	0,	1,	1.0000,	0,	1.0000,	1.0000,	'USD',	'USD',	'USD',	31.9000,	31.9000,	NULL,	1,	3,	1,	'marius@aprilred.com',	NULL,	'AR',	NULL,	'DEV',	NULL,	'1987-05-20 00:00:00',	NULL,	1,	0,	'5.2.203.155',	NULL,	'100000002',	NULL,	NULL,	'USD',	1.0000,	1.0000,	NULL,	'1',	26.9000,	26.9000,	26.9000,	26.9000,	1,	0,	NULL,	NULL,	0),
(8,	1,	'2018-01-18 18:42:27',	'2018-01-18 18:51:55',	NULL,	0,	0,	0,	1,	1.0000,	0,	1.0000,	1.0000,	'USD',	'USD',	'USD',	31.9000,	31.9000,	NULL,	1,	3,	1,	'marius@aprilred.com',	NULL,	'AR',	NULL,	'DEV',	NULL,	'1987-05-20 00:00:00',	NULL,	1,	0,	'5.2.203.155',	NULL,	'100000003',	NULL,	NULL,	'USD',	1.0000,	1.0000,	NULL,	'1',	26.9000,	26.9000,	26.9000,	26.9000,	1,	0,	NULL,	NULL,	0),
(9,	1,	'2018-01-18 18:55:26',	'2018-01-18 18:57:24',	NULL,	0,	0,	0,	1,	1.0000,	0,	1.0000,	1.0000,	'USD',	'USD',	'USD',	30.9000,	30.9000,	NULL,	1,	3,	1,	'marius@aprilred.com',	NULL,	'AR',	NULL,	'DEV',	NULL,	'1987-05-20 00:00:00',	NULL,	1,	0,	'5.2.203.155',	NULL,	'100000004',	NULL,	NULL,	'USD',	1.0000,	1.0000,	NULL,	'1',	26.9000,	26.9000,	26.9000,	26.9000,	1,	0,	NULL,	NULL,	0),
(10,	1,	'2018-01-18 19:08:59',	'2018-01-18 19:10:05',	NULL,	0,	0,	0,	1,	1.0000,	0,	1.0000,	1.0000,	'USD',	'USD',	'USD',	30.9000,	30.9000,	NULL,	1,	3,	1,	'marius@aprilred.com',	NULL,	'AR',	NULL,	'DEV',	NULL,	'1987-05-20 00:00:00',	NULL,	1,	0,	'5.2.203.155',	NULL,	'100000005',	NULL,	NULL,	'USD',	1.0000,	1.0000,	NULL,	'1',	26.9000,	26.9000,	26.9000,	26.9000,	1,	0,	NULL,	NULL,	0),
(11,	1,	'2018-01-18 19:11:34',	'2018-01-18 19:11:50',	NULL,	0,	0,	0,	1,	1.0000,	0,	1.0000,	1.0000,	'USD',	'USD',	'USD',	31.9000,	31.9000,	NULL,	1,	3,	1,	'marius@aprilred.com',	NULL,	'AR',	NULL,	'DEV',	NULL,	'1987-05-20 00:00:00',	NULL,	1,	0,	'5.2.203.155',	NULL,	'100000006',	NULL,	NULL,	'USD',	1.0000,	1.0000,	NULL,	'1',	26.9000,	26.9000,	26.9000,	26.9000,	1,	0,	NULL,	NULL,	0),
(12,	1,	'2018-01-18 20:38:15',	'2018-01-19 20:36:12',	NULL,	0,	0,	0,	2,	2.0000,	0,	1.0000,	1.0000,	'USD',	'USD',	'USD',	21.9500,	21.9500,	NULL,	1,	3,	1,	'marius@aprilred.com',	NULL,	'AR',	NULL,	'DEV',	NULL,	'1987-05-20 00:00:00',	NULL,	1,	0,	'5.2.203.155',	NULL,	'100000007',	NULL,	NULL,	'USD',	1.0000,	1.0000,	NULL,	'1',	16.9500,	16.9500,	16.9500,	16.9500,	1,	0,	NULL,	NULL,	0),
(13,	1,	'2018-01-19 19:45:50',	'2018-01-19 20:03:44',	NULL,	1,	0,	0,	1,	1.0000,	0,	1.0000,	1.0000,	'USD',	'USD',	'USD',	0.0000,	0.0000,	NULL,	NULL,	3,	0,	NULL,	NULL,	NULL,	NULL,	NULL,	NULL,	NULL,	NULL,	1,	0,	'5.2.203.155',	NULL,	NULL,	NULL,	NULL,	'USD',	1.0000,	1.0000,	NULL,	NULL,	0.0000,	0.0000,	0.0000,	0.0000,	1,	0,	NULL,	NULL,	0),
(14,	1,	'2018-01-19 20:41:50',	'2018-05-04 13:35:20',	NULL,	1,	0,	0,	0,	0.0000,	0,	1.0000,	1.0000,	'USD',	'USD',	'USD',	0.0000,	0.0000,	NULL,	1,	3,	1,	'marius@aprilred.com',	NULL,	'AR',	NULL,	'DEV',	NULL,	'1987-05-20 00:00:00',	NULL,	1,	0,	'5.2.203.155',	NULL,	NULL,	NULL,	NULL,	'USD',	1.0000,	1.0000,	NULL,	'1',	0.0000,	0.0000,	0.0000,	0.0000,	1,	0,	NULL,	NULL,	0),
(15,	1,	'2018-01-22 15:27:42',	'2018-01-22 15:31:45',	NULL,	1,	0,	0,	0,	0.0000,	0,	1.0000,	1.0000,	'USD',	'USD',	'USD',	0.0000,	0.0000,	NULL,	NULL,	3,	0,	NULL,	NULL,	NULL,	NULL,	NULL,	NULL,	NULL,	NULL,	1,	0,	'5.2.203.155',	NULL,	NULL,	NULL,	NULL,	'USD',	1.0000,	1.0000,	NULL,	NULL,	0.0000,	0.0000,	0.0000,	0.0000,	1,	0,	NULL,	NULL,	0),
(16,	1,	'2018-05-28 20:35:41',	'2018-05-28 20:44:13',	NULL,	1,	0,	0,	1,	1.0000,	0,	1.0000,	1.0000,	'USD',	'USD',	'USD',	22.0000,	22.0000,	'guest',	NULL,	3,	0,	'levin@em.uni-frankfurt.de',	NULL,	'Tobe Levin',	NULL,	'von Gleichen',	NULL,	NULL,	NULL,	1,	0,	'78.94.144.142',	NULL,	'100000008',	NULL,	NULL,	'USD',	1.0000,	1.0000,	NULL,	NULL,	17.0000,	17.0000,	17.0000,	17.0000,	1,	0,	NULL,	NULL,	0),
(17,	1,	'2018-05-28 20:56:50',	'2018-05-28 20:56:50',	NULL,	1,	0,	0,	1,	1.0000,	0,	1.0000,	1.0000,	'USD',	'USD',	'USD',	17.0000,	17.0000,	NULL,	NULL,	3,	0,	NULL,	NULL,	NULL,	NULL,	NULL,	NULL,	NULL,	NULL,	1,	0,	'78.94.144.142',	NULL,	NULL,	NULL,	NULL,	'USD',	1.0000,	1.0000,	NULL,	NULL,	17.0000,	17.0000,	17.0000,	17.0000,	1,	0,	NULL,	NULL,	0),
(18,	1,	'2018-05-28 21:01:47',	'2018-05-28 21:07:21',	NULL,	0,	0,	0,	1,	1.0000,	0,	1.0000,	1.0000,	'USD',	'USD',	'USD',	22.0000,	22.0000,	'guest',	NULL,	3,	0,	'christoph.von.gleichen@dataforce.de',	NULL,	'Christoph',	NULL,	'von Gleichen',	NULL,	NULL,	NULL,	1,	1,	'80.149.217.180',	NULL,	'100000009',	NULL,	NULL,	'USD',	1.0000,	1.0000,	NULL,	NULL,	17.0000,	17.0000,	17.0000,	17.0000,	1,	0,	NULL,	NULL,	0),
(19,	1,	'2018-06-25 18:04:08',	'2018-06-25 18:05:04',	NULL,	1,	0,	0,	1,	1.0000,	0,	1.0000,	1.0000,	'USD',	'USD',	'USD',	16.1100,	16.1100,	NULL,	NULL,	3,	0,	NULL,	NULL,	NULL,	NULL,	NULL,	NULL,	NULL,	NULL,	1,	0,	'104.244.198.212',	NULL,	NULL,	NULL,	NULL,	'USD',	1.0000,	1.0000,	NULL,	NULL,	16.1100,	16.1100,	16.1100,	16.1100,	1,	0,	NULL,	NULL,	0),
(20,	1,	'2018-06-28 16:07:00',	'2018-06-28 16:07:06',	NULL,	1,	0,	0,	0,	0.0000,	0,	1.0000,	1.0000,	'USD',	'USD',	'USD',	0.0000,	0.0000,	NULL,	NULL,	3,	0,	NULL,	NULL,	NULL,	NULL,	NULL,	NULL,	NULL,	NULL,	1,	0,	'5.2.203.155',	NULL,	NULL,	NULL,	NULL,	'USD',	1.0000,	1.0000,	NULL,	NULL,	0.0000,	0.0000,	0.0000,	0.0000,	1,	0,	NULL,	NULL,	0);

CREATE TABLE `sales_flat_quote_address` (
  `address_id` int(10) unsigned NOT NULL AUTO_INCREMENT COMMENT 'Address Id',
  `quote_id` int(10) unsigned NOT NULL DEFAULT '0' COMMENT 'Quote Id',
  `created_at` timestamp NOT NULL DEFAULT '0000-00-00 00:00:00' COMMENT 'Created At',
  `updated_at` timestamp NOT NULL DEFAULT '0000-00-00 00:00:00' COMMENT 'Updated At',
  `customer_id` int(10) unsigned DEFAULT NULL COMMENT 'Customer Id',
  `save_in_address_book` smallint(6) DEFAULT '0' COMMENT 'Save In Address Book',
  `customer_address_id` int(10) unsigned DEFAULT NULL COMMENT 'Customer Address Id',
  `address_type` varchar(255) DEFAULT NULL COMMENT 'Address Type',
  `email` varchar(255) DEFAULT NULL COMMENT 'Email',
  `prefix` varchar(40) DEFAULT NULL COMMENT 'Prefix',
  `firstname` varchar(255) DEFAULT NULL COMMENT 'Firstname',
  `middlename` varchar(40) DEFAULT NULL COMMENT 'Middlename',
  `lastname` varchar(255) DEFAULT NULL COMMENT 'Lastname',
  `suffix` varchar(40) DEFAULT NULL COMMENT 'Suffix',
  `company` varchar(255) DEFAULT NULL COMMENT 'Company',
  `street` varchar(255) DEFAULT NULL COMMENT 'Street',
  `city` varchar(255) DEFAULT NULL COMMENT 'City',
  `region` varchar(255) DEFAULT NULL COMMENT 'Region',
  `region_id` int(10) unsigned DEFAULT NULL COMMENT 'Region Id',
  `postcode` varchar(255) DEFAULT NULL COMMENT 'Postcode',
  `country_id` varchar(255) DEFAULT NULL COMMENT 'Country Id',
  `telephone` varchar(255) DEFAULT NULL COMMENT 'Telephone',
  `fax` varchar(255) DEFAULT NULL COMMENT 'Fax',
  `same_as_billing` smallint(5) unsigned NOT NULL DEFAULT '0' COMMENT 'Same As Billing',
  `free_shipping` smallint(5) unsigned NOT NULL DEFAULT '0' COMMENT 'Free Shipping',
  `collect_shipping_rates` smallint(5) unsigned NOT NULL DEFAULT '0' COMMENT 'Collect Shipping Rates',
  `shipping_method` varchar(255) DEFAULT NULL COMMENT 'Shipping Method',
  `shipping_description` varchar(255) DEFAULT NULL COMMENT 'Shipping Description',
  `weight` decimal(12,4) NOT NULL DEFAULT '0.0000' COMMENT 'Weight',
  `subtotal` decimal(12,4) NOT NULL DEFAULT '0.0000' COMMENT 'Subtotal',
  `base_subtotal` decimal(12,4) NOT NULL DEFAULT '0.0000' COMMENT 'Base Subtotal',
  `subtotal_with_discount` decimal(12,4) NOT NULL DEFAULT '0.0000' COMMENT 'Subtotal With Discount',
  `base_subtotal_with_discount` decimal(12,4) NOT NULL DEFAULT '0.0000' COMMENT 'Base Subtotal With Discount',
  `tax_amount` decimal(12,4) NOT NULL DEFAULT '0.0000' COMMENT 'Tax Amount',
  `base_tax_amount` decimal(12,4) NOT NULL DEFAULT '0.0000' COMMENT 'Base Tax Amount',
  `shipping_amount` decimal(12,4) NOT NULL DEFAULT '0.0000' COMMENT 'Shipping Amount',
  `base_shipping_amount` decimal(12,4) NOT NULL DEFAULT '0.0000' COMMENT 'Base Shipping Amount',
  `shipping_tax_amount` decimal(12,4) DEFAULT NULL COMMENT 'Shipping Tax Amount',
  `base_shipping_tax_amount` decimal(12,4) DEFAULT NULL COMMENT 'Base Shipping Tax Amount',
  `discount_amount` decimal(12,4) NOT NULL DEFAULT '0.0000' COMMENT 'Discount Amount',
  `base_discount_amount` decimal(12,4) NOT NULL DEFAULT '0.0000' COMMENT 'Base Discount Amount',
  `grand_total` decimal(12,4) NOT NULL DEFAULT '0.0000' COMMENT 'Grand Total',
  `base_grand_total` decimal(12,4) NOT NULL DEFAULT '0.0000' COMMENT 'Base Grand Total',
  `customer_notes` text COMMENT 'Customer Notes',
  `applied_taxes` text COMMENT 'Applied Taxes',
  `discount_description` varchar(255) DEFAULT NULL COMMENT 'Discount Description',
  `shipping_discount_amount` decimal(12,4) DEFAULT NULL COMMENT 'Shipping Discount Amount',
  `base_shipping_discount_amount` decimal(12,4) DEFAULT NULL COMMENT 'Base Shipping Discount Amount',
  `subtotal_incl_tax` decimal(12,4) DEFAULT NULL COMMENT 'Subtotal Incl Tax',
  `base_subtotal_total_incl_tax` decimal(12,4) DEFAULT NULL COMMENT 'Base Subtotal Total Incl Tax',
  `hidden_tax_amount` decimal(12,4) DEFAULT NULL COMMENT 'Hidden Tax Amount',
  `base_hidden_tax_amount` decimal(12,4) DEFAULT NULL COMMENT 'Base Hidden Tax Amount',
  `shipping_hidden_tax_amount` decimal(12,4) DEFAULT NULL COMMENT 'Shipping Hidden Tax Amount',
  `base_shipping_hidden_tax_amnt` decimal(12,4) DEFAULT NULL COMMENT 'Base Shipping Hidden Tax Amount',
  `shipping_incl_tax` decimal(12,4) DEFAULT NULL COMMENT 'Shipping Incl Tax',
  `base_shipping_incl_tax` decimal(12,4) DEFAULT NULL COMMENT 'Base Shipping Incl Tax',
  `vat_id` text COMMENT 'Vat Id',
  `vat_is_valid` smallint(6) DEFAULT NULL COMMENT 'Vat Is Valid',
  `vat_request_id` text COMMENT 'Vat Request Id',
  `vat_request_date` text COMMENT 'Vat Request Date',
  `vat_request_success` smallint(6) DEFAULT NULL COMMENT 'Vat Request Success',
  `gift_message_id` int(11) DEFAULT NULL COMMENT 'Gift Message Id',
  PRIMARY KEY (`address_id`),
  KEY `IDX_SALES_FLAT_QUOTE_ADDRESS_QUOTE_ID` (`quote_id`),
  CONSTRAINT `FK_SALES_FLAT_QUOTE_ADDRESS_QUOTE_ID_SALES_FLAT_QUOTE_ENTITY_ID` FOREIGN KEY (`quote_id`) REFERENCES `sales_flat_quote` (`entity_id`) ON DELETE CASCADE ON UPDATE CASCADE
) ENGINE=InnoDB DEFAULT CHARSET=utf8 COMMENT='Sales Flat Quote Address';

INSERT INTO `sales_flat_quote_address` (`address_id`, `quote_id`, `created_at`, `updated_at`, `customer_id`, `save_in_address_book`, `customer_address_id`, `address_type`, `email`, `prefix`, `firstname`, `middlename`, `lastname`, `suffix`, `company`, `street`, `city`, `region`, `region_id`, `postcode`, `country_id`, `telephone`, `fax`, `same_as_billing`, `free_shipping`, `collect_shipping_rates`, `shipping_method`, `shipping_description`, `weight`, `subtotal`, `base_subtotal`, `subtotal_with_discount`, `base_subtotal_with_discount`, `tax_amount`, `base_tax_amount`, `shipping_amount`, `base_shipping_amount`, `shipping_tax_amount`, `base_shipping_tax_amount`, `discount_amount`, `base_discount_amount`, `grand_total`, `base_grand_total`, `customer_notes`, `applied_taxes`, `discount_description`, `shipping_discount_amount`, `base_shipping_discount_amount`, `subtotal_incl_tax`, `base_subtotal_total_incl_tax`, `hidden_tax_amount`, `base_hidden_tax_amount`, `shipping_hidden_tax_amount`, `base_shipping_hidden_tax_amnt`, `shipping_incl_tax`, `base_shipping_incl_tax`, `vat_id`, `vat_is_valid`, `vat_request_id`, `vat_request_date`, `vat_request_success`, `gift_message_id`) VALUES
(1,	1,	'2017-09-27 12:35:34',	'2018-01-18 15:52:55',	1,	0,	1,	'billing',	'marius@aprilred.com',	NULL,	'AR',	NULL,	'DEV',	NULL,	'AR',	'Boulevard of Broken Dreams',	'Tg-Mures',	'Mureş',	306,	'123',	'RO',	'123',	NULL,	0,	0,	0,	NULL,	NULL,	0.0000,	0.0000,	0.0000,	0.0000,	0.0000,	0.0000,	0.0000,	0.0000,	0.0000,	0.0000,	0.0000,	0.0000,	0.0000,	0.0000,	0.0000,	NULL,	'a:0:{}',	NULL,	NULL,	NULL,	0.0000,	NULL,	NULL,	NULL,	NULL,	NULL,	0.0000,	0.0000,	NULL,	NULL,	NULL,	NULL,	NULL,	NULL),
(2,	1,	'2017-09-27 12:35:34',	'2018-01-18 15:52:55',	1,	0,	1,	'shipping',	'marius@aprilred.com',	NULL,	'AR',	NULL,	'DEV',	NULL,	'AR',	'Boulevard of Broken Dreams',	'Tg-Mures',	'Mureş',	306,	'123',	'RO',	'123',	NULL,	1,	0,	0,	'flatrate_flatrate',	'Flat Rate - Fixed',	0.0000,	26.9000,	26.9000,	0.0000,	0.0000,	0.0000,	0.0000,	5.0000,	5.0000,	0.0000,	0.0000,	0.0000,	0.0000,	31.9000,	31.9000,	NULL,	'a:0:{}',	NULL,	0.0000,	0.0000,	26.9000,	NULL,	0.0000,	0.0000,	0.0000,	NULL,	5.0000,	5.0000,	NULL,	NULL,	NULL,	NULL,	NULL,	NULL),
(5,	3,	'2017-09-27 13:30:10',	'2017-09-27 16:29:50',	NULL,	1,	NULL,	'billing',	'asd@asd.com',	NULL,	'asd',	NULL,	'asd',	NULL,	NULL,	'asd',	'asd',	'Connecticut',	14,	'asd',	'US',	'asd',	NULL,	0,	0,	0,	NULL,	NULL,	0.0000,	0.0000,	0.0000,	0.0000,	0.0000,	0.0000,	0.0000,	0.0000,	0.0000,	0.0000,	0.0000,	0.0000,	0.0000,	0.0000,	0.0000,	NULL,	'a:0:{}',	NULL,	NULL,	NULL,	0.0000,	NULL,	NULL,	NULL,	NULL,	NULL,	0.0000,	0.0000,	NULL,	NULL,	NULL,	NULL,	NULL,	NULL),
(6,	3,	'2017-09-27 13:30:10',	'2017-09-27 16:29:50',	NULL,	1,	NULL,	'shipping',	'asd@asd.com',	NULL,	'asd',	NULL,	'asd',	NULL,	NULL,	'asd',	'asd',	'Connecticut',	14,	'asd',	'US',	'asd',	NULL,	1,	0,	0,	'flatrate_flatrate',	'Flat Rate - Fixed',	0.0000,	22.0000,	22.0000,	0.0000,	0.0000,	0.0000,	0.0000,	5.0000,	5.0000,	0.0000,	0.0000,	0.0000,	0.0000,	27.0000,	27.0000,	NULL,	'a:0:{}',	NULL,	0.0000,	0.0000,	22.0000,	NULL,	0.0000,	0.0000,	0.0000,	NULL,	5.0000,	5.0000,	NULL,	NULL,	NULL,	NULL,	NULL,	NULL),
(7,	4,	'2017-12-19 19:53:03',	'2017-12-19 19:53:47',	NULL,	0,	NULL,	'billing',	NULL,	NULL,	NULL,	NULL,	NULL,	NULL,	NULL,	NULL,	NULL,	NULL,	NULL,	NULL,	NULL,	NULL,	NULL,	0,	0,	0,	NULL,	NULL,	0.0000,	0.0000,	0.0000,	0.0000,	0.0000,	0.0000,	0.0000,	0.0000,	0.0000,	0.0000,	0.0000,	0.0000,	0.0000,	0.0000,	0.0000,	NULL,	'a:0:{}',	NULL,	NULL,	NULL,	0.0000,	NULL,	NULL,	NULL,	NULL,	NULL,	0.0000,	0.0000,	NULL,	NULL,	NULL,	NULL,	NULL,	NULL),
(8,	4,	'2017-12-19 19:53:03',	'2017-12-19 19:53:47',	NULL,	0,	NULL,	'shipping',	NULL,	NULL,	NULL,	NULL,	NULL,	NULL,	NULL,	NULL,	NULL,	NULL,	NULL,	NULL,	NULL,	NULL,	NULL,	1,	0,	1,	NULL,	NULL,	0.0000,	0.0000,	0.0000,	0.0000,	0.0000,	0.0000,	0.0000,	0.0000,	0.0000,	0.0000,	0.0000,	0.0000,	0.0000,	0.0000,	0.0000,	NULL,	'a:0:{}',	NULL,	0.0000,	0.0000,	0.0000,	NULL,	0.0000,	0.0000,	0.0000,	NULL,	0.0000,	0.0000,	NULL,	NULL,	NULL,	NULL,	NULL,	NULL),
(13,	7,	'2018-01-18 18:33:44',	'2018-01-18 18:34:00',	1,	0,	1,	'billing',	'marius@aprilred.com',	NULL,	'AR',	NULL,	'DEV',	NULL,	'AR',	'Boulevard of Broken Dreams',	'Tg-Mures',	'Mureş',	306,	'123',	'RO',	'123',	NULL,	0,	0,	0,	NULL,	NULL,	0.0000,	0.0000,	0.0000,	0.0000,	0.0000,	0.0000,	0.0000,	0.0000,	0.0000,	0.0000,	0.0000,	0.0000,	0.0000,	0.0000,	0.0000,	NULL,	'a:0:{}',	NULL,	NULL,	NULL,	0.0000,	NULL,	NULL,	NULL,	NULL,	NULL,	0.0000,	0.0000,	NULL,	NULL,	NULL,	NULL,	NULL,	NULL),
(14,	7,	'2018-01-18 18:33:44',	'2018-01-18 18:34:00',	1,	0,	1,	'shipping',	'marius@aprilred.com',	NULL,	'AR',	NULL,	'DEV',	NULL,	'AR',	'Boulevard of Broken Dreams',	'Tg-Mures',	'Mureş',	306,	'123',	'RO',	'123',	NULL,	1,	0,	0,	'flatrate_flatrate',	'Flat Rate - Fixed',	0.0000,	26.9000,	26.9000,	0.0000,	0.0000,	0.0000,	0.0000,	5.0000,	5.0000,	0.0000,	0.0000,	0.0000,	0.0000,	31.9000,	31.9000,	NULL,	'a:0:{}',	NULL,	0.0000,	0.0000,	26.9000,	NULL,	0.0000,	0.0000,	0.0000,	NULL,	5.0000,	5.0000,	NULL,	NULL,	NULL,	NULL,	NULL,	NULL),
(15,	8,	'2018-01-18 18:42:27',	'2018-01-18 18:51:55',	1,	0,	1,	'billing',	'marius@aprilred.com',	NULL,	'AR',	NULL,	'DEV',	NULL,	'AR',	'Boulevard of Broken Dreams',	'Tg-Mures',	'Mureş',	306,	'123',	'RO',	'123',	NULL,	0,	0,	0,	NULL,	NULL,	0.0000,	0.0000,	0.0000,	0.0000,	0.0000,	0.0000,	0.0000,	0.0000,	0.0000,	0.0000,	0.0000,	0.0000,	0.0000,	0.0000,	0.0000,	NULL,	'a:0:{}',	NULL,	NULL,	NULL,	0.0000,	NULL,	NULL,	NULL,	NULL,	NULL,	0.0000,	0.0000,	NULL,	NULL,	NULL,	NULL,	NULL,	NULL),
(16,	8,	'2018-01-18 18:42:27',	'2018-01-18 18:51:55',	1,	0,	1,	'shipping',	'marius@aprilred.com',	NULL,	'AR',	NULL,	'DEV',	NULL,	'AR',	'Boulevard of Broken Dreams',	'Tg-Mures',	'Mureş',	306,	'123',	'RO',	'123',	NULL,	1,	0,	0,	'flatrate_flatrate',	'Flat Rate - Fixed',	0.0000,	26.9000,	26.9000,	0.0000,	0.0000,	0.0000,	0.0000,	5.0000,	5.0000,	0.0000,	0.0000,	0.0000,	0.0000,	31.9000,	31.9000,	NULL,	'a:0:{}',	NULL,	0.0000,	0.0000,	26.9000,	NULL,	0.0000,	0.0000,	0.0000,	NULL,	5.0000,	5.0000,	NULL,	NULL,	NULL,	NULL,	NULL,	NULL),
(17,	9,	'2018-01-18 18:55:26',	'2018-01-18 18:57:23',	1,	0,	2,	'billing',	'marius@aprilred.com',	NULL,	'AR',	NULL,	'DEV',	NULL,	'AR',	'Abbeville ( 334 )',	'Abbeville',	'Alabama',	1,	'36310',	'US',	'0740123456',	NULL,	0,	0,	0,	NULL,	NULL,	0.0000,	0.0000,	0.0000,	0.0000,	0.0000,	0.0000,	0.0000,	0.0000,	0.0000,	0.0000,	0.0000,	0.0000,	0.0000,	0.0000,	0.0000,	NULL,	'a:0:{}',	NULL,	NULL,	NULL,	0.0000,	NULL,	NULL,	NULL,	NULL,	NULL,	0.0000,	0.0000,	NULL,	NULL,	NULL,	NULL,	NULL,	NULL),
(18,	9,	'2018-01-18 18:55:26',	'2018-01-18 18:57:23',	1,	0,	2,	'shipping',	'marius@aprilred.com',	NULL,	'AR',	NULL,	'DEV',	NULL,	'AR',	'Abbeville ( 334 )',	'Abbeville',	'Alabama',	1,	'36310',	'US',	'0740123456',	NULL,	1,	0,	0,	'tablerate_bestway',	'Shipping Method - Table Rate',	0.0000,	26.9000,	26.9000,	0.0000,	0.0000,	0.0000,	0.0000,	4.0000,	4.0000,	0.0000,	0.0000,	0.0000,	0.0000,	30.9000,	30.9000,	NULL,	'a:0:{}',	NULL,	0.0000,	0.0000,	26.9000,	NULL,	0.0000,	0.0000,	0.0000,	NULL,	4.0000,	4.0000,	NULL,	NULL,	NULL,	NULL,	NULL,	NULL),
(19,	10,	'2018-01-18 19:08:59',	'2018-01-18 19:10:04',	1,	0,	2,	'billing',	'marius@aprilred.com',	NULL,	'AR',	NULL,	'DEV',	NULL,	'AR',	'Abbeville ( 334 )',	'Abbeville',	'Alabama',	1,	'36310',	'US',	'0740123456',	NULL,	0,	0,	0,	NULL,	NULL,	0.0000,	0.0000,	0.0000,	0.0000,	0.0000,	0.0000,	0.0000,	0.0000,	0.0000,	0.0000,	0.0000,	0.0000,	0.0000,	0.0000,	0.0000,	NULL,	'a:0:{}',	NULL,	NULL,	NULL,	0.0000,	NULL,	NULL,	NULL,	NULL,	NULL,	0.0000,	0.0000,	NULL,	NULL,	NULL,	NULL,	NULL,	NULL),
(20,	10,	'2018-01-18 19:08:59',	'2018-01-18 19:10:04',	1,	0,	2,	'shipping',	'marius@aprilred.com',	NULL,	'AR',	NULL,	'DEV',	NULL,	'AR',	'Abbeville ( 334 )',	'Abbeville',	'Alabama',	1,	'36310',	'US',	'0740123456',	NULL,	1,	0,	0,	'tablerate_bestway',	'Shipping Method - Table Rate',	0.0000,	26.9000,	26.9000,	0.0000,	0.0000,	0.0000,	0.0000,	4.0000,	4.0000,	0.0000,	0.0000,	0.0000,	0.0000,	30.9000,	30.9000,	NULL,	'a:0:{}',	NULL,	0.0000,	0.0000,	26.9000,	NULL,	0.0000,	0.0000,	0.0000,	NULL,	4.0000,	4.0000,	NULL,	NULL,	NULL,	NULL,	NULL,	NULL),
(21,	11,	'2018-01-18 19:11:34',	'2018-01-18 19:11:49',	1,	0,	1,	'billing',	'marius@aprilred.com',	NULL,	'AR',	NULL,	'DEV',	NULL,	'AR',	'Boulevard of Broken Dreams',	'Tg-Mures',	'Mureş',	306,	'123',	'RO',	'123',	NULL,	0,	0,	0,	NULL,	NULL,	0.0000,	0.0000,	0.0000,	0.0000,	0.0000,	0.0000,	0.0000,	0.0000,	0.0000,	0.0000,	0.0000,	0.0000,	0.0000,	0.0000,	0.0000,	NULL,	'a:0:{}',	NULL,	NULL,	NULL,	0.0000,	NULL,	NULL,	NULL,	NULL,	NULL,	0.0000,	0.0000,	NULL,	NULL,	NULL,	NULL,	NULL,	NULL),
(22,	11,	'2018-01-18 19:11:34',	'2018-01-18 19:11:49',	1,	0,	1,	'shipping',	'marius@aprilred.com',	NULL,	'AR',	NULL,	'DEV',	NULL,	'AR',	'Boulevard of Broken Dreams',	'Tg-Mures',	'Mureş',	306,	'123',	'RO',	'123',	NULL,	1,	0,	0,	'flatrate_flatrate',	'Flat Rate - Fixed',	0.0000,	26.9000,	26.9000,	0.0000,	0.0000,	0.0000,	0.0000,	5.0000,	5.0000,	0.0000,	0.0000,	0.0000,	0.0000,	31.9000,	31.9000,	NULL,	'a:0:{}',	NULL,	0.0000,	0.0000,	26.9000,	NULL,	0.0000,	0.0000,	0.0000,	NULL,	5.0000,	5.0000,	NULL,	NULL,	NULL,	NULL,	NULL,	NULL),
(23,	12,	'2018-01-18 20:38:15',	'2018-01-19 20:36:12',	1,	0,	1,	'billing',	'marius@aprilred.com',	NULL,	'AR',	NULL,	'DEV',	NULL,	'AR',	'Boulevard of Broken Dreams',	'Tg-Mures',	'Mureş',	306,	'123',	'RO',	'123',	NULL,	0,	0,	0,	NULL,	NULL,	0.0000,	0.0000,	0.0000,	0.0000,	0.0000,	0.0000,	0.0000,	0.0000,	0.0000,	0.0000,	0.0000,	0.0000,	0.0000,	0.0000,	0.0000,	NULL,	'a:0:{}',	NULL,	NULL,	NULL,	0.0000,	NULL,	NULL,	NULL,	NULL,	NULL,	0.0000,	0.0000,	NULL,	NULL,	NULL,	NULL,	NULL,	NULL),
(24,	12,	'2018-01-18 20:38:15',	'2018-01-19 20:36:12',	1,	0,	1,	'shipping',	'marius@aprilred.com',	NULL,	'AR',	NULL,	'DEV',	NULL,	'AR',	'Boulevard of Broken Dreams',	'Tg-Mures',	'Mureş',	306,	'123',	'RO',	'123',	NULL,	1,	0,	0,	'flatrate_flatrate',	'Flat Rate - Fixed',	0.0000,	16.9500,	16.9500,	0.0000,	0.0000,	0.0000,	0.0000,	5.0000,	5.0000,	0.0000,	0.0000,	0.0000,	0.0000,	21.9500,	21.9500,	NULL,	'a:0:{}',	NULL,	0.0000,	0.0000,	16.9500,	NULL,	0.0000,	0.0000,	0.0000,	NULL,	5.0000,	5.0000,	NULL,	NULL,	NULL,	NULL,	NULL,	NULL),
(25,	13,	'2018-01-19 19:45:50',	'2018-01-19 20:03:44',	NULL,	0,	NULL,	'billing',	NULL,	NULL,	NULL,	NULL,	NULL,	NULL,	NULL,	NULL,	NULL,	NULL,	NULL,	NULL,	NULL,	NULL,	NULL,	0,	0,	0,	NULL,	NULL,	0.0000,	0.0000,	0.0000,	0.0000,	0.0000,	0.0000,	0.0000,	0.0000,	0.0000,	0.0000,	0.0000,	0.0000,	0.0000,	0.0000,	0.0000,	NULL,	'a:0:{}',	NULL,	NULL,	NULL,	0.0000,	NULL,	NULL,	NULL,	NULL,	NULL,	0.0000,	0.0000,	NULL,	NULL,	NULL,	NULL,	NULL,	NULL),
(26,	13,	'2018-01-19 19:45:50',	'2018-01-19 20:03:44',	NULL,	0,	NULL,	'shipping',	NULL,	NULL,	NULL,	NULL,	NULL,	NULL,	NULL,	NULL,	NULL,	NULL,	NULL,	NULL,	NULL,	NULL,	NULL,	1,	0,	0,	NULL,	NULL,	0.0000,	0.0000,	0.0000,	0.0000,	0.0000,	0.0000,	0.0000,	0.0000,	0.0000,	0.0000,	0.0000,	0.0000,	0.0000,	0.0000,	0.0000,	NULL,	'a:0:{}',	NULL,	0.0000,	0.0000,	0.0000,	NULL,	0.0000,	0.0000,	0.0000,	NULL,	0.0000,	0.0000,	NULL,	NULL,	NULL,	NULL,	NULL,	NULL),
(27,	14,	'2018-01-19 20:41:50',	'2018-05-04 13:35:20',	1,	0,	1,	'billing',	'marius@aprilred.com',	NULL,	'AR',	NULL,	'DEV',	NULL,	'AR',	'Boulevard of Broken Dreams',	'Tg-Mures',	'Mureş',	306,	'123',	'RO',	'123',	NULL,	0,	0,	0,	NULL,	NULL,	0.0000,	0.0000,	0.0000,	0.0000,	0.0000,	0.0000,	0.0000,	0.0000,	0.0000,	0.0000,	0.0000,	0.0000,	0.0000,	0.0000,	0.0000,	NULL,	'a:0:{}',	NULL,	NULL,	NULL,	0.0000,	NULL,	NULL,	NULL,	NULL,	NULL,	0.0000,	0.0000,	NULL,	NULL,	NULL,	NULL,	NULL,	NULL),
(28,	14,	'2018-01-19 20:41:50',	'2018-05-04 13:35:20',	1,	0,	2,	'shipping',	'marius@aprilred.com',	NULL,	'AR',	NULL,	'DEV',	NULL,	'AR',	'Abbeville ( 334 )',	'Abbeville',	'Alabama',	1,	'36310',	'US',	'0740123456',	NULL,	1,	0,	0,	'tablerate_bestway',	'Shipping Method - Table Rate',	0.0000,	0.0000,	0.0000,	0.0000,	0.0000,	0.0000,	0.0000,	0.0000,	0.0000,	0.0000,	0.0000,	0.0000,	0.0000,	0.0000,	0.0000,	NULL,	'a:0:{}',	NULL,	0.0000,	0.0000,	0.0000,	NULL,	0.0000,	0.0000,	0.0000,	NULL,	0.0000,	0.0000,	NULL,	NULL,	NULL,	NULL,	NULL,	NULL),
(29,	15,	'2018-01-22 15:27:42',	'2018-01-22 15:31:45',	NULL,	0,	NULL,	'billing',	NULL,	NULL,	NULL,	NULL,	NULL,	NULL,	NULL,	NULL,	NULL,	NULL,	NULL,	NULL,	NULL,	NULL,	NULL,	0,	0,	0,	NULL,	NULL,	0.0000,	0.0000,	0.0000,	0.0000,	0.0000,	0.0000,	0.0000,	0.0000,	0.0000,	0.0000,	0.0000,	0.0000,	0.0000,	0.0000,	0.0000,	NULL,	'a:0:{}',	NULL,	NULL,	NULL,	0.0000,	NULL,	NULL,	NULL,	NULL,	NULL,	0.0000,	0.0000,	NULL,	NULL,	NULL,	NULL,	NULL,	NULL),
(30,	15,	'2018-01-22 15:27:42',	'2018-01-22 15:31:45',	NULL,	0,	NULL,	'shipping',	NULL,	NULL,	NULL,	NULL,	NULL,	NULL,	NULL,	NULL,	NULL,	NULL,	NULL,	NULL,	NULL,	NULL,	NULL,	1,	0,	1,	NULL,	NULL,	0.0000,	0.0000,	0.0000,	0.0000,	0.0000,	0.0000,	0.0000,	0.0000,	0.0000,	0.0000,	0.0000,	0.0000,	0.0000,	0.0000,	0.0000,	NULL,	'a:0:{}',	NULL,	0.0000,	0.0000,	0.0000,	NULL,	0.0000,	0.0000,	0.0000,	NULL,	0.0000,	0.0000,	NULL,	NULL,	NULL,	NULL,	NULL,	NULL),
(31,	16,	'2018-05-28 20:35:41',	'2018-05-28 20:44:13',	NULL,	1,	NULL,	'billing',	'levin@em.uni-frankfurt.de',	NULL,	'Tobe Levin',	NULL,	'von Gleichen',	NULL,	NULL,	'Martin-Luther-Str. 35',	'Frankfurt am Main',	'Hessen',	86,	'60389',	'DE',	'+491777494062',	NULL,	0,	0,	0,	NULL,	NULL,	0.0000,	0.0000,	0.0000,	0.0000,	0.0000,	0.0000,	0.0000,	0.0000,	0.0000,	0.0000,	0.0000,	0.0000,	0.0000,	0.0000,	0.0000,	NULL,	'a:0:{}',	NULL,	NULL,	NULL,	0.0000,	NULL,	NULL,	NULL,	NULL,	NULL,	0.0000,	0.0000,	NULL,	NULL,	NULL,	NULL,	NULL,	NULL),
(32,	16,	'2018-05-28 20:35:41',	'2018-05-28 20:44:13',	NULL,	1,	NULL,	'shipping',	NULL,	NULL,	'Tobe Levin',	NULL,	'von Gleichen',	NULL,	'DATAFORCE',	'Hamburger Allee 14',	'Frankfurt am Main',	'Hessen',	86,	'60486',	'DE',	'+491777494062',	NULL,	0,	0,	0,	'flatrate_flatrate',	'Flat Rate - Fixed',	0.0000,	17.0000,	17.0000,	0.0000,	0.0000,	0.0000,	0.0000,	5.0000,	5.0000,	0.0000,	0.0000,	0.0000,	0.0000,	22.0000,	22.0000,	NULL,	'a:0:{}',	NULL,	0.0000,	0.0000,	17.0000,	NULL,	0.0000,	0.0000,	0.0000,	NULL,	5.0000,	5.0000,	NULL,	NULL,	NULL,	NULL,	NULL,	NULL),
(33,	17,	'2018-05-28 20:56:50',	'2018-05-28 20:56:50',	NULL,	0,	NULL,	'billing',	NULL,	NULL,	NULL,	NULL,	NULL,	NULL,	NULL,	NULL,	NULL,	NULL,	NULL,	NULL,	NULL,	NULL,	NULL,	0,	0,	0,	NULL,	NULL,	0.0000,	0.0000,	0.0000,	0.0000,	0.0000,	0.0000,	0.0000,	0.0000,	0.0000,	0.0000,	0.0000,	0.0000,	0.0000,	0.0000,	0.0000,	NULL,	'a:0:{}',	NULL,	NULL,	NULL,	0.0000,	NULL,	NULL,	NULL,	NULL,	NULL,	0.0000,	0.0000,	NULL,	NULL,	NULL,	NULL,	NULL,	NULL),
(34,	17,	'2018-05-28 20:56:50',	'2018-05-28 20:56:50',	NULL,	0,	NULL,	'shipping',	NULL,	NULL,	NULL,	NULL,	NULL,	NULL,	NULL,	NULL,	NULL,	NULL,	NULL,	NULL,	NULL,	NULL,	NULL,	1,	0,	0,	NULL,	NULL,	0.0000,	17.0000,	17.0000,	0.0000,	0.0000,	0.0000,	0.0000,	0.0000,	0.0000,	0.0000,	0.0000,	0.0000,	0.0000,	17.0000,	17.0000,	NULL,	'a:0:{}',	NULL,	0.0000,	0.0000,	17.0000,	NULL,	0.0000,	0.0000,	0.0000,	NULL,	0.0000,	0.0000,	NULL,	NULL,	NULL,	NULL,	NULL,	NULL),
(35,	18,	'2018-05-28 21:01:47',	'2018-05-28 21:07:17',	NULL,	1,	NULL,	'billing',	'christoph.von.gleichen@dataforce.de',	NULL,	'Christoph',	NULL,	'von Gleichen',	NULL,	'Dataforce GmbH',	'Hamburger Allee 14',	'Frankfurt',	'Hessen',	86,	'60486',	'DE',	'+4969959300',	NULL,	0,	0,	0,	NULL,	NULL,	0.0000,	0.0000,	0.0000,	0.0000,	0.0000,	0.0000,	0.0000,	0.0000,	0.0000,	0.0000,	0.0000,	0.0000,	0.0000,	0.0000,	0.0000,	NULL,	'a:0:{}',	NULL,	NULL,	NULL,	0.0000,	NULL,	NULL,	NULL,	NULL,	NULL,	0.0000,	0.0000,	NULL,	NULL,	NULL,	NULL,	NULL,	NULL),
(36,	18,	'2018-05-28 21:01:47',	'2018-05-28 21:07:17',	NULL,	0,	NULL,	'shipping',	'christoph.von.gleichen@dataforce.de',	NULL,	'Christoph',	NULL,	'von Gleichen',	NULL,	'Dataforce GmbH',	'Hamburger Allee 14',	'Frankfurt',	'Hessen',	86,	'60486',	'DE',	'+4969959300',	NULL,	0,	0,	0,	'flatrate_flatrate',	'Flat Rate - Fixed',	0.0000,	17.0000,	17.0000,	0.0000,	0.0000,	0.0000,	0.0000,	5.0000,	5.0000,	0.0000,	0.0000,	0.0000,	0.0000,	22.0000,	22.0000,	NULL,	'a:0:{}',	NULL,	0.0000,	0.0000,	17.0000,	NULL,	0.0000,	0.0000,	0.0000,	NULL,	5.0000,	5.0000,	NULL,	NULL,	NULL,	NULL,	NULL,	NULL),
(37,	19,	'2018-06-25 18:04:09',	'2018-06-25 18:05:04',	NULL,	0,	NULL,	'billing',	NULL,	NULL,	NULL,	NULL,	NULL,	NULL,	NULL,	NULL,	NULL,	NULL,	NULL,	NULL,	NULL,	NULL,	NULL,	0,	0,	0,	NULL,	NULL,	0.0000,	0.0000,	0.0000,	0.0000,	0.0000,	0.0000,	0.0000,	0.0000,	0.0000,	0.0000,	0.0000,	0.0000,	0.0000,	0.0000,	0.0000,	NULL,	'a:0:{}',	NULL,	NULL,	NULL,	0.0000,	NULL,	NULL,	NULL,	NULL,	NULL,	0.0000,	0.0000,	NULL,	NULL,	NULL,	NULL,	NULL,	NULL),
(38,	19,	'2018-06-25 18:04:09',	'2018-06-25 18:05:04',	NULL,	0,	NULL,	'shipping',	NULL,	NULL,	NULL,	NULL,	NULL,	NULL,	NULL,	NULL,	NULL,	NULL,	NULL,	NULL,	NULL,	NULL,	NULL,	1,	0,	0,	NULL,	NULL,	0.0000,	16.1100,	16.1100,	0.0000,	0.0000,	0.0000,	0.0000,	0.0000,	0.0000,	0.0000,	0.0000,	0.0000,	0.0000,	16.1100,	16.1100,	NULL,	'a:0:{}',	NULL,	0.0000,	0.0000,	16.1100,	NULL,	0.0000,	0.0000,	0.0000,	NULL,	0.0000,	0.0000,	NULL,	NULL,	NULL,	NULL,	NULL,	NULL),
(39,	20,	'2018-06-28 16:07:00',	'2018-06-28 16:07:06',	NULL,	0,	NULL,	'billing',	NULL,	NULL,	NULL,	NULL,	NULL,	NULL,	NULL,	NULL,	NULL,	NULL,	NULL,	NULL,	NULL,	NULL,	NULL,	0,	0,	0,	NULL,	NULL,	0.0000,	0.0000,	0.0000,	0.0000,	0.0000,	0.0000,	0.0000,	0.0000,	0.0000,	0.0000,	0.0000,	0.0000,	0.0000,	0.0000,	0.0000,	NULL,	'a:0:{}',	NULL,	NULL,	NULL,	0.0000,	NULL,	NULL,	NULL,	NULL,	NULL,	0.0000,	0.0000,	NULL,	NULL,	NULL,	NULL,	NULL,	NULL),
(40,	20,	'2018-06-28 16:07:00',	'2018-06-28 16:07:06',	NULL,	0,	NULL,	'shipping',	NULL,	NULL,	NULL,	NULL,	NULL,	NULL,	NULL,	NULL,	NULL,	NULL,	NULL,	NULL,	NULL,	NULL,	NULL,	1,	0,	1,	NULL,	NULL,	0.0000,	0.0000,	0.0000,	0.0000,	0.0000,	0.0000,	0.0000,	0.0000,	0.0000,	0.0000,	0.0000,	0.0000,	0.0000,	0.0000,	0.0000,	NULL,	'a:0:{}',	NULL,	0.0000,	0.0000,	0.0000,	NULL,	0.0000,	0.0000,	0.0000,	NULL,	0.0000,	0.0000,	NULL,	NULL,	NULL,	NULL,	NULL,	NULL);

CREATE TABLE `sales_flat_quote_address_item` (
  `address_item_id` int(10) unsigned NOT NULL AUTO_INCREMENT COMMENT 'Address Item Id',
  `parent_item_id` int(10) unsigned DEFAULT NULL COMMENT 'Parent Item Id',
  `quote_address_id` int(10) unsigned NOT NULL DEFAULT '0' COMMENT 'Quote Address Id',
  `quote_item_id` int(10) unsigned NOT NULL DEFAULT '0' COMMENT 'Quote Item Id',
  `created_at` timestamp NOT NULL DEFAULT '0000-00-00 00:00:00' COMMENT 'Created At',
  `updated_at` timestamp NOT NULL DEFAULT '0000-00-00 00:00:00' COMMENT 'Updated At',
  `applied_rule_ids` text COMMENT 'Applied Rule Ids',
  `additional_data` text COMMENT 'Additional Data',
  `weight` decimal(12,4) DEFAULT '0.0000' COMMENT 'Weight',
  `qty` decimal(12,4) NOT NULL DEFAULT '0.0000' COMMENT 'Qty',
  `discount_amount` decimal(12,4) DEFAULT '0.0000' COMMENT 'Discount Amount',
  `tax_amount` decimal(12,4) DEFAULT '0.0000' COMMENT 'Tax Amount',
  `row_total` decimal(12,4) NOT NULL DEFAULT '0.0000' COMMENT 'Row Total',
  `base_row_total` decimal(12,4) NOT NULL DEFAULT '0.0000' COMMENT 'Base Row Total',
  `row_total_with_discount` decimal(12,4) DEFAULT '0.0000' COMMENT 'Row Total With Discount',
  `base_discount_amount` decimal(12,4) DEFAULT '0.0000' COMMENT 'Base Discount Amount',
  `base_tax_amount` decimal(12,4) DEFAULT '0.0000' COMMENT 'Base Tax Amount',
  `row_weight` decimal(12,4) DEFAULT '0.0000' COMMENT 'Row Weight',
  `product_id` int(10) unsigned DEFAULT NULL COMMENT 'Product Id',
  `super_product_id` int(10) unsigned DEFAULT NULL COMMENT 'Super Product Id',
  `parent_product_id` int(10) unsigned DEFAULT NULL COMMENT 'Parent Product Id',
  `sku` varchar(255) DEFAULT NULL COMMENT 'Sku',
  `image` varchar(255) DEFAULT NULL COMMENT 'Image',
  `name` varchar(255) DEFAULT NULL COMMENT 'Name',
  `description` text COMMENT 'Description',
  `free_shipping` int(10) unsigned DEFAULT NULL COMMENT 'Free Shipping',
  `is_qty_decimal` int(10) unsigned DEFAULT NULL COMMENT 'Is Qty Decimal',
  `price` decimal(12,4) DEFAULT NULL COMMENT 'Price',
  `discount_percent` decimal(12,4) DEFAULT NULL COMMENT 'Discount Percent',
  `no_discount` int(10) unsigned DEFAULT NULL COMMENT 'No Discount',
  `tax_percent` decimal(12,4) DEFAULT NULL COMMENT 'Tax Percent',
  `base_price` decimal(12,4) DEFAULT NULL COMMENT 'Base Price',
  `base_cost` decimal(12,4) DEFAULT NULL COMMENT 'Base Cost',
  `price_incl_tax` decimal(12,4) DEFAULT NULL COMMENT 'Price Incl Tax',
  `base_price_incl_tax` decimal(12,4) DEFAULT NULL COMMENT 'Base Price Incl Tax',
  `row_total_incl_tax` decimal(12,4) DEFAULT NULL COMMENT 'Row Total Incl Tax',
  `base_row_total_incl_tax` decimal(12,4) DEFAULT NULL COMMENT 'Base Row Total Incl Tax',
  `hidden_tax_amount` decimal(12,4) DEFAULT NULL COMMENT 'Hidden Tax Amount',
  `base_hidden_tax_amount` decimal(12,4) DEFAULT NULL COMMENT 'Base Hidden Tax Amount',
  `gift_message_id` int(11) DEFAULT NULL COMMENT 'Gift Message Id',
  PRIMARY KEY (`address_item_id`),
  KEY `IDX_SALES_FLAT_QUOTE_ADDRESS_ITEM_QUOTE_ADDRESS_ID` (`quote_address_id`),
  KEY `IDX_SALES_FLAT_QUOTE_ADDRESS_ITEM_PARENT_ITEM_ID` (`parent_item_id`),
  KEY `IDX_SALES_FLAT_QUOTE_ADDRESS_ITEM_QUOTE_ITEM_ID` (`quote_item_id`),
  CONSTRAINT `FK_2EF8E28181D666D94D4E30DC2B0F80BF` FOREIGN KEY (`quote_item_id`) REFERENCES `sales_flat_quote_item` (`item_id`) ON DELETE CASCADE ON UPDATE CASCADE,
  CONSTRAINT `FK_A345FC758F20C314169CE27DCE53477F` FOREIGN KEY (`parent_item_id`) REFERENCES `sales_flat_quote_address_item` (`address_item_id`) ON DELETE CASCADE ON UPDATE CASCADE,
  CONSTRAINT `FK_B521389746C00700D1B2B76EBBE53854` FOREIGN KEY (`quote_address_id`) REFERENCES `sales_flat_quote_address` (`address_id`) ON DELETE CASCADE ON UPDATE CASCADE
) ENGINE=InnoDB DEFAULT CHARSET=utf8 COMMENT='Sales Flat Quote Address Item';


CREATE TABLE `sales_flat_quote_item` (
  `item_id` int(10) unsigned NOT NULL AUTO_INCREMENT COMMENT 'Item Id',
  `quote_id` int(10) unsigned NOT NULL DEFAULT '0' COMMENT 'Quote Id',
  `created_at` timestamp NOT NULL DEFAULT '0000-00-00 00:00:00' COMMENT 'Created At',
  `updated_at` timestamp NOT NULL DEFAULT '0000-00-00 00:00:00' COMMENT 'Updated At',
  `product_id` int(10) unsigned DEFAULT NULL COMMENT 'Product Id',
  `store_id` smallint(5) unsigned DEFAULT NULL COMMENT 'Store Id',
  `parent_item_id` int(10) unsigned DEFAULT NULL COMMENT 'Parent Item Id',
  `is_virtual` smallint(5) unsigned DEFAULT NULL COMMENT 'Is Virtual',
  `sku` varchar(255) DEFAULT NULL COMMENT 'Sku',
  `name` varchar(255) DEFAULT NULL COMMENT 'Name',
  `description` text COMMENT 'Description',
  `applied_rule_ids` text COMMENT 'Applied Rule Ids',
  `additional_data` text COMMENT 'Additional Data',
  `free_shipping` smallint(5) unsigned NOT NULL DEFAULT '0' COMMENT 'Free Shipping',
  `is_qty_decimal` smallint(5) unsigned DEFAULT NULL COMMENT 'Is Qty Decimal',
  `no_discount` smallint(5) unsigned DEFAULT '0' COMMENT 'No Discount',
  `weight` decimal(12,4) DEFAULT '0.0000' COMMENT 'Weight',
  `qty` decimal(12,4) NOT NULL DEFAULT '0.0000' COMMENT 'Qty',
  `price` decimal(12,4) NOT NULL DEFAULT '0.0000' COMMENT 'Price',
  `base_price` decimal(12,4) NOT NULL DEFAULT '0.0000' COMMENT 'Base Price',
  `custom_price` decimal(12,4) DEFAULT NULL COMMENT 'Custom Price',
  `discount_percent` decimal(12,4) DEFAULT '0.0000' COMMENT 'Discount Percent',
  `discount_amount` decimal(12,4) DEFAULT '0.0000' COMMENT 'Discount Amount',
  `base_discount_amount` decimal(12,4) DEFAULT '0.0000' COMMENT 'Base Discount Amount',
  `tax_percent` decimal(12,4) DEFAULT '0.0000' COMMENT 'Tax Percent',
  `tax_amount` decimal(12,4) DEFAULT '0.0000' COMMENT 'Tax Amount',
  `base_tax_amount` decimal(12,4) DEFAULT '0.0000' COMMENT 'Base Tax Amount',
  `row_total` decimal(12,4) NOT NULL DEFAULT '0.0000' COMMENT 'Row Total',
  `base_row_total` decimal(12,4) NOT NULL DEFAULT '0.0000' COMMENT 'Base Row Total',
  `row_total_with_discount` decimal(12,4) DEFAULT '0.0000' COMMENT 'Row Total With Discount',
  `row_weight` decimal(12,4) DEFAULT '0.0000' COMMENT 'Row Weight',
  `product_type` varchar(255) DEFAULT NULL COMMENT 'Product Type',
  `base_tax_before_discount` decimal(12,4) DEFAULT NULL COMMENT 'Base Tax Before Discount',
  `tax_before_discount` decimal(12,4) DEFAULT NULL COMMENT 'Tax Before Discount',
  `original_custom_price` decimal(12,4) DEFAULT NULL COMMENT 'Original Custom Price',
  `redirect_url` varchar(255) DEFAULT NULL COMMENT 'Redirect Url',
  `base_cost` decimal(12,4) DEFAULT NULL COMMENT 'Base Cost',
  `price_incl_tax` decimal(12,4) DEFAULT NULL COMMENT 'Price Incl Tax',
  `base_price_incl_tax` decimal(12,4) DEFAULT NULL COMMENT 'Base Price Incl Tax',
  `row_total_incl_tax` decimal(12,4) DEFAULT NULL COMMENT 'Row Total Incl Tax',
  `base_row_total_incl_tax` decimal(12,4) DEFAULT NULL COMMENT 'Base Row Total Incl Tax',
  `hidden_tax_amount` decimal(12,4) DEFAULT NULL COMMENT 'Hidden Tax Amount',
  `base_hidden_tax_amount` decimal(12,4) DEFAULT NULL COMMENT 'Base Hidden Tax Amount',
  `gift_message_id` int(11) DEFAULT NULL COMMENT 'Gift Message Id',
  `weee_tax_disposition` decimal(12,4) DEFAULT NULL COMMENT 'Weee Tax Disposition',
  `weee_tax_row_disposition` decimal(12,4) DEFAULT NULL COMMENT 'Weee Tax Row Disposition',
  `base_weee_tax_disposition` decimal(12,4) DEFAULT NULL COMMENT 'Base Weee Tax Disposition',
  `base_weee_tax_row_disposition` decimal(12,4) DEFAULT NULL COMMENT 'Base Weee Tax Row Disposition',
  `weee_tax_applied` text COMMENT 'Weee Tax Applied',
  `weee_tax_applied_amount` decimal(12,4) DEFAULT NULL COMMENT 'Weee Tax Applied Amount',
  `weee_tax_applied_row_amount` decimal(12,4) DEFAULT NULL COMMENT 'Weee Tax Applied Row Amount',
  `base_weee_tax_applied_amount` decimal(12,4) DEFAULT NULL COMMENT 'Base Weee Tax Applied Amount',
  `base_weee_tax_applied_row_amnt` decimal(12,4) DEFAULT NULL COMMENT 'Base Weee Tax Applied Row Amnt',
  PRIMARY KEY (`item_id`),
  KEY `IDX_SALES_FLAT_QUOTE_ITEM_PARENT_ITEM_ID` (`parent_item_id`),
  KEY `IDX_SALES_FLAT_QUOTE_ITEM_PRODUCT_ID` (`product_id`),
  KEY `IDX_SALES_FLAT_QUOTE_ITEM_QUOTE_ID` (`quote_id`),
  KEY `IDX_SALES_FLAT_QUOTE_ITEM_STORE_ID` (`store_id`),
  CONSTRAINT `FK_B201DEB5DE51B791AF5C5BF87053C5A7` FOREIGN KEY (`parent_item_id`) REFERENCES `sales_flat_quote_item` (`item_id`) ON DELETE CASCADE ON UPDATE CASCADE,
  CONSTRAINT `FK_SALES_FLAT_QUOTE_ITEM_PRD_ID_CAT_PRD_ENTT_ENTT_ID` FOREIGN KEY (`product_id`) REFERENCES `catalog_product_entity` (`entity_id`) ON DELETE CASCADE ON UPDATE CASCADE,
  CONSTRAINT `FK_SALES_FLAT_QUOTE_ITEM_QUOTE_ID_SALES_FLAT_QUOTE_ENTITY_ID` FOREIGN KEY (`quote_id`) REFERENCES `sales_flat_quote` (`entity_id`) ON DELETE CASCADE ON UPDATE CASCADE,
  CONSTRAINT `FK_SALES_FLAT_QUOTE_ITEM_STORE_ID_CORE_STORE_STORE_ID` FOREIGN KEY (`store_id`) REFERENCES `core_store` (`store_id`) ON DELETE SET NULL ON UPDATE CASCADE
) ENGINE=InnoDB DEFAULT CHARSET=utf8 COMMENT='Sales Flat Quote Item';

INSERT INTO `sales_flat_quote_item` (`item_id`, `quote_id`, `created_at`, `updated_at`, `product_id`, `store_id`, `parent_item_id`, `is_virtual`, `sku`, `name`, `description`, `applied_rule_ids`, `additional_data`, `free_shipping`, `is_qty_decimal`, `no_discount`, `weight`, `qty`, `price`, `base_price`, `custom_price`, `discount_percent`, `discount_amount`, `base_discount_amount`, `tax_percent`, `tax_amount`, `base_tax_amount`, `row_total`, `base_row_total`, `row_total_with_discount`, `row_weight`, `product_type`, `base_tax_before_discount`, `tax_before_discount`, `original_custom_price`, `redirect_url`, `base_cost`, `price_incl_tax`, `base_price_incl_tax`, `row_total_incl_tax`, `base_row_total_incl_tax`, `hidden_tax_amount`, `base_hidden_tax_amount`, `gift_message_id`, `weee_tax_disposition`, `weee_tax_row_disposition`, `base_weee_tax_disposition`, `base_weee_tax_row_disposition`, `weee_tax_applied`, `weee_tax_applied_amount`, `weee_tax_applied_row_amount`, `base_weee_tax_applied_amount`, `base_weee_tax_applied_row_amnt`) VALUES
(3,	3,	'2017-09-27 13:30:10',	'2017-09-27 13:30:10',	4,	1,	NULL,	0,	'978-3-9813863-2-1',	'Waging Empathy',	NULL,	NULL,	NULL,	0,	0,	0,	NULL,	1.0000,	22.0000,	22.0000,	NULL,	0.0000,	0.0000,	0.0000,	0.0000,	0.0000,	0.0000,	22.0000,	22.0000,	0.0000,	0.0000,	'simple',	NULL,	NULL,	NULL,	NULL,	NULL,	22.0000,	22.0000,	22.0000,	22.0000,	0.0000,	0.0000,	NULL,	0.0000,	0.0000,	0.0000,	0.0000,	'a:0:{}',	0.0000,	0.0000,	0.0000,	NULL),
(10,	1,	'2018-01-18 15:49:53',	'2018-01-18 15:50:06',	2,	1,	NULL,	0,	'978-3-9813863-1-8',	'Undoing FGM',	NULL,	NULL,	NULL,	0,	0,	0,	NULL,	1.0000,	26.9000,	26.9000,	NULL,	0.0000,	0.0000,	0.0000,	0.0000,	0.0000,	0.0000,	26.9000,	26.9000,	0.0000,	0.0000,	'simple',	NULL,	NULL,	NULL,	NULL,	NULL,	26.9000,	26.9000,	26.9000,	26.9000,	0.0000,	0.0000,	NULL,	0.0000,	0.0000,	0.0000,	0.0000,	'a:0:{}',	0.0000,	0.0000,	0.0000,	NULL),
(11,	7,	'2018-01-18 18:33:44',	'2018-01-18 18:33:44',	2,	1,	NULL,	0,	'978-3-9813863-1-8',	'Undoing FGM',	NULL,	NULL,	NULL,	0,	0,	0,	NULL,	1.0000,	26.9000,	26.9000,	NULL,	0.0000,	0.0000,	0.0000,	0.0000,	0.0000,	0.0000,	26.9000,	26.9000,	0.0000,	0.0000,	'simple',	NULL,	NULL,	NULL,	NULL,	NULL,	26.9000,	26.9000,	26.9000,	26.9000,	0.0000,	0.0000,	NULL,	0.0000,	0.0000,	0.0000,	0.0000,	'a:0:{}',	0.0000,	0.0000,	0.0000,	NULL),
(12,	8,	'2018-01-18 18:42:27',	'2018-01-18 18:42:27',	2,	1,	NULL,	0,	'978-3-9813863-1-8',	'Undoing FGM',	NULL,	NULL,	NULL,	0,	0,	0,	NULL,	1.0000,	26.9000,	26.9000,	NULL,	0.0000,	0.0000,	0.0000,	0.0000,	0.0000,	0.0000,	26.9000,	26.9000,	0.0000,	0.0000,	'simple',	NULL,	NULL,	NULL,	NULL,	NULL,	26.9000,	26.9000,	26.9000,	26.9000,	0.0000,	0.0000,	NULL,	0.0000,	0.0000,	0.0000,	0.0000,	'a:0:{}',	0.0000,	0.0000,	0.0000,	NULL),
(13,	9,	'2018-01-18 18:55:26',	'2018-01-18 18:55:26',	2,	1,	NULL,	0,	'978-3-9813863-1-8',	'Undoing FGM',	NULL,	NULL,	NULL,	0,	0,	0,	NULL,	1.0000,	26.9000,	26.9000,	NULL,	0.0000,	0.0000,	0.0000,	0.0000,	0.0000,	0.0000,	26.9000,	26.9000,	0.0000,	0.0000,	'simple',	NULL,	NULL,	NULL,	NULL,	NULL,	26.9000,	26.9000,	26.9000,	26.9000,	0.0000,	0.0000,	NULL,	0.0000,	0.0000,	0.0000,	0.0000,	'a:0:{}',	0.0000,	0.0000,	0.0000,	NULL),
(14,	10,	'2018-01-18 19:08:59',	'2018-01-18 19:08:59',	2,	1,	NULL,	0,	'978-3-9813863-1-8',	'Undoing FGM',	NULL,	NULL,	NULL,	0,	0,	0,	NULL,	1.0000,	26.9000,	26.9000,	NULL,	0.0000,	0.0000,	0.0000,	0.0000,	0.0000,	0.0000,	26.9000,	26.9000,	0.0000,	0.0000,	'simple',	NULL,	NULL,	NULL,	NULL,	NULL,	26.9000,	26.9000,	26.9000,	26.9000,	0.0000,	0.0000,	NULL,	0.0000,	0.0000,	0.0000,	0.0000,	'a:0:{}',	0.0000,	0.0000,	0.0000,	NULL),
(15,	11,	'2018-01-18 19:11:34',	'2018-01-18 19:11:34',	2,	1,	NULL,	0,	'978-3-9813863-1-8',	'Undoing FGM',	NULL,	NULL,	NULL,	0,	0,	0,	NULL,	1.0000,	26.9000,	26.9000,	NULL,	0.0000,	0.0000,	0.0000,	0.0000,	0.0000,	0.0000,	26.9000,	26.9000,	0.0000,	0.0000,	'simple',	NULL,	NULL,	NULL,	NULL,	NULL,	26.9000,	26.9000,	26.9000,	26.9000,	0.0000,	0.0000,	NULL,	0.0000,	0.0000,	0.0000,	0.0000,	'a:0:{}',	0.0000,	0.0000,	0.0000,	NULL),
(16,	12,	'2018-01-18 20:38:15',	'2018-01-19 14:25:40',	8,	1,	NULL,	0,	'978-1-63152-180-5',	'Stones: A Novel',	NULL,	NULL,	NULL,	0,	0,	0,	NULL,	1.0000,	16.9500,	16.9500,	NULL,	0.0000,	0.0000,	0.0000,	0.0000,	0.0000,	0.0000,	16.9500,	16.9500,	0.0000,	0.0000,	'simple',	NULL,	NULL,	NULL,	NULL,	NULL,	16.9500,	16.9500,	16.9500,	16.9500,	0.0000,	0.0000,	NULL,	0.0000,	0.0000,	0.0000,	0.0000,	'a:0:{}',	0.0000,	0.0000,	0.0000,	NULL),
(17,	12,	'2018-01-19 15:54:39',	'2018-01-19 15:54:39',	9,	1,	NULL,	0,	'978-3-9813863-7-0',	'In the Name of Tradition',	NULL,	NULL,	NULL,	0,	0,	0,	NULL,	1.0000,	0.0000,	0.0000,	NULL,	0.0000,	0.0000,	0.0000,	0.0000,	0.0000,	0.0000,	0.0000,	0.0000,	0.0000,	0.0000,	'simple',	NULL,	NULL,	NULL,	NULL,	NULL,	0.0000,	0.0000,	0.0000,	0.0000,	0.0000,	0.0000,	NULL,	0.0000,	0.0000,	0.0000,	0.0000,	'a:0:{}',	0.0000,	0.0000,	0.0000,	NULL),
(18,	13,	'2018-01-19 19:45:50',	'2018-01-19 19:45:50',	9,	1,	NULL,	0,	'978-3-9813863-7-0',	'In the Name of Tradition',	NULL,	NULL,	NULL,	0,	0,	0,	NULL,	1.0000,	0.0000,	0.0000,	NULL,	0.0000,	0.0000,	0.0000,	0.0000,	0.0000,	0.0000,	0.0000,	0.0000,	0.0000,	0.0000,	'simple',	NULL,	NULL,	NULL,	NULL,	NULL,	0.0000,	0.0000,	0.0000,	0.0000,	0.0000,	0.0000,	NULL,	0.0000,	0.0000,	0.0000,	0.0000,	'a:0:{}',	0.0000,	0.0000,	0.0000,	NULL),
(19,	16,	'2018-05-28 20:35:41',	'2018-05-28 20:35:41',	4,	1,	NULL,	0,	'978-3-9813863-3-2',	'Waging Empathy',	NULL,	NULL,	NULL,	0,	0,	0,	NULL,	1.0000,	17.0000,	17.0000,	NULL,	0.0000,	0.0000,	0.0000,	0.0000,	0.0000,	0.0000,	17.0000,	17.0000,	0.0000,	0.0000,	'simple',	NULL,	NULL,	NULL,	NULL,	NULL,	17.0000,	17.0000,	17.0000,	17.0000,	0.0000,	0.0000,	NULL,	0.0000,	0.0000,	0.0000,	0.0000,	'a:0:{}',	0.0000,	0.0000,	0.0000,	NULL),
(20,	17,	'2018-05-28 20:56:50',	'2018-05-28 20:56:50',	4,	1,	NULL,	0,	'978-3-9813863-3-2',	'Waging Empathy',	NULL,	NULL,	NULL,	0,	0,	0,	NULL,	1.0000,	17.0000,	17.0000,	NULL,	0.0000,	0.0000,	0.0000,	0.0000,	0.0000,	0.0000,	17.0000,	17.0000,	0.0000,	0.0000,	'simple',	NULL,	NULL,	NULL,	NULL,	NULL,	17.0000,	17.0000,	17.0000,	17.0000,	0.0000,	0.0000,	NULL,	0.0000,	0.0000,	0.0000,	0.0000,	'a:0:{}',	0.0000,	0.0000,	0.0000,	NULL),
(21,	18,	'2018-05-28 21:01:47',	'2018-05-28 21:01:47',	4,	1,	NULL,	0,	'978-3-9813863-3-2',	'Waging Empathy',	NULL,	NULL,	NULL,	0,	0,	0,	NULL,	1.0000,	17.0000,	17.0000,	NULL,	0.0000,	0.0000,	0.0000,	0.0000,	0.0000,	0.0000,	17.0000,	17.0000,	0.0000,	0.0000,	'simple',	NULL,	NULL,	NULL,	NULL,	NULL,	17.0000,	17.0000,	17.0000,	17.0000,	0.0000,	0.0000,	NULL,	0.0000,	0.0000,	0.0000,	0.0000,	'a:0:{}',	0.0000,	0.0000,	0.0000,	NULL),
(22,	19,	'2018-06-25 18:04:09',	'2018-06-25 18:04:09',	8,	1,	NULL,	0,	'978-1-6315218-0-5',	'Stones: A Novel',	NULL,	NULL,	NULL,	0,	0,	0,	NULL,	1.0000,	16.1100,	16.1100,	NULL,	0.0000,	0.0000,	0.0000,	0.0000,	0.0000,	0.0000,	16.1100,	16.1100,	0.0000,	0.0000,	'simple',	NULL,	NULL,	NULL,	NULL,	NULL,	16.1100,	16.1100,	16.1100,	16.1100,	0.0000,	0.0000,	NULL,	0.0000,	0.0000,	0.0000,	0.0000,	'a:0:{}',	0.0000,	0.0000,	0.0000,	NULL);

CREATE TABLE `sales_flat_quote_item_option` (
  `option_id` int(10) unsigned NOT NULL AUTO_INCREMENT COMMENT 'Option Id',
  `item_id` int(10) unsigned NOT NULL COMMENT 'Item Id',
  `product_id` int(10) unsigned NOT NULL COMMENT 'Product Id',
  `code` varchar(255) NOT NULL COMMENT 'Code',
  `value` text COMMENT 'Value',
  PRIMARY KEY (`option_id`),
  KEY `IDX_SALES_FLAT_QUOTE_ITEM_OPTION_ITEM_ID` (`item_id`),
  CONSTRAINT `FK_5F20E478CA64B6891EA8A9D6C2735739` FOREIGN KEY (`item_id`) REFERENCES `sales_flat_quote_item` (`item_id`) ON DELETE CASCADE ON UPDATE CASCADE
) ENGINE=InnoDB DEFAULT CHARSET=utf8 COMMENT='Sales Flat Quote Item Option';

INSERT INTO `sales_flat_quote_item_option` (`option_id`, `item_id`, `product_id`, `code`, `value`) VALUES
(3,	3,	4,	'info_buyRequest',	'a:5:{s:4:\"uenc\";s:64:\"aHR0cDovL3VuY3V0LnRlc3RwbGF0NG0ubmV0L3dhZ2luZy1lbXBhdGh5Lmh0bWw,\";s:7:\"product\";s:1:\"4\";s:8:\"form_key\";s:16:\"s3PEoMOQ2QoTNA8E\";s:15:\"related_product\";s:0:\"\";s:3:\"qty\";s:1:\"1\";}'),
(10,	10,	2,	'info_buyRequest',	'a:5:{s:4:\"uenc\";s:60:\"aHR0cDovL3VuY3V0LnRlc3RwbGF0NG0ubmV0L3VuZG9pbmctZmdtLmh0bWw,\";s:7:\"product\";s:1:\"2\";s:8:\"form_key\";s:16:\"JMQgNPU7AfUm8XaF\";s:15:\"related_product\";s:0:\"\";s:3:\"qty\";s:1:\"1\";}'),
(11,	11,	2,	'info_buyRequest',	'a:5:{s:4:\"uenc\";s:60:\"aHR0cDovL3VuY3V0LnRlc3RwbGF0NG0ubmV0L3VuZG9pbmctZmdtLmh0bWw,\";s:7:\"product\";s:1:\"2\";s:8:\"form_key\";s:16:\"7XPMZZoEI5yNaLJZ\";s:15:\"related_product\";s:0:\"\";s:3:\"qty\";s:1:\"1\";}'),
(12,	12,	2,	'info_buyRequest',	'a:5:{s:4:\"uenc\";s:60:\"aHR0cDovL3VuY3V0LnRlc3RwbGF0NG0ubmV0L3VuZG9pbmctZmdtLmh0bWw,\";s:7:\"product\";s:1:\"2\";s:8:\"form_key\";s:16:\"7XPMZZoEI5yNaLJZ\";s:15:\"related_product\";s:0:\"\";s:3:\"qty\";s:1:\"1\";}'),
(13,	13,	2,	'info_buyRequest',	'a:5:{s:4:\"uenc\";s:60:\"aHR0cDovL3VuY3V0LnRlc3RwbGF0NG0ubmV0L3VuZG9pbmctZmdtLmh0bWw,\";s:7:\"product\";s:1:\"2\";s:8:\"form_key\";s:16:\"7XPMZZoEI5yNaLJZ\";s:15:\"related_product\";s:0:\"\";s:3:\"qty\";s:6:\"1.0000\";}'),
(14,	14,	2,	'info_buyRequest',	'a:5:{s:4:\"uenc\";s:60:\"aHR0cDovL3VuY3V0LnRlc3RwbGF0NG0ubmV0L3VuZG9pbmctZmdtLmh0bWw,\";s:7:\"product\";s:1:\"2\";s:8:\"form_key\";s:16:\"7XPMZZoEI5yNaLJZ\";s:15:\"related_product\";s:0:\"\";s:3:\"qty\";s:1:\"1\";}'),
(15,	15,	2,	'info_buyRequest',	'a:5:{s:4:\"uenc\";s:60:\"aHR0cDovL3VuY3V0LnRlc3RwbGF0NG0ubmV0L3VuZG9pbmctZmdtLmh0bWw,\";s:7:\"product\";s:1:\"2\";s:8:\"form_key\";s:16:\"7XPMZZoEI5yNaLJZ\";s:15:\"related_product\";s:0:\"\";s:3:\"qty\";s:6:\"1.0000\";}'),
(16,	16,	8,	'info_buyRequest',	'a:5:{s:4:\"uenc\";s:64:\"aHR0cDovL3VuY3V0LnRlc3RwbGF0NG0ubmV0L3N0b25lcy1hLW5vdmVsLmh0bWw,\";s:7:\"product\";s:1:\"8\";s:8:\"form_key\";s:16:\"7XPMZZoEI5yNaLJZ\";s:15:\"related_product\";s:0:\"\";s:3:\"qty\";s:1:\"1\";}'),
(17,	17,	9,	'info_buyRequest',	'a:5:{s:4:\"uenc\";s:76:\"aHR0cDovL3VuY3V0LnRlc3RwbGF0NG0ubmV0L2luLXRoZS1uYW1lLW9mLXRyYWRpdGlvbi5odG1s\";s:7:\"product\";s:1:\"9\";s:8:\"form_key\";s:16:\"7XPMZZoEI5yNaLJZ\";s:15:\"related_product\";s:0:\"\";s:3:\"qty\";s:1:\"1\";}'),
(18,	18,	9,	'info_buyRequest',	'a:5:{s:4:\"uenc\";s:76:\"aHR0cDovL3VuY3V0LnRlc3RwbGF0NG0ubmV0L2luLXRoZS1uYW1lLW9mLXRyYWRpdGlvbi5odG1s\";s:7:\"product\";s:1:\"9\";s:8:\"form_key\";s:16:\"mNsyW0QHtgRfbejl\";s:15:\"related_product\";s:0:\"\";s:3:\"qty\";s:1:\"1\";}'),
(19,	19,	4,	'info_buyRequest',	'a:5:{s:4:\"uenc\";s:64:\"aHR0cDovL3VuY3V0LnRlc3RwbGF0NG0ubmV0L3dhZ2luZy1lbXBhdGh5Lmh0bWw,\";s:7:\"product\";s:1:\"4\";s:8:\"form_key\";s:16:\"DSPVSqF8z4EZrOp1\";s:15:\"related_product\";s:0:\"\";s:3:\"qty\";s:1:\"1\";}'),
(20,	20,	4,	'info_buyRequest',	'a:5:{s:4:\"uenc\";s:64:\"aHR0cDovL3VuY3V0LnRlc3RwbGF0NG0ubmV0L3dhZ2luZy1lbXBhdGh5Lmh0bWw,\";s:7:\"product\";s:1:\"4\";s:8:\"form_key\";s:16:\"YTLFkIALgWjL8ieC\";s:15:\"related_product\";s:0:\"\";s:3:\"qty\";s:1:\"1\";}'),
(21,	21,	4,	'info_buyRequest',	'a:5:{s:4:\"uenc\";s:64:\"aHR0cDovL3VuY3V0LnRlc3RwbGF0NG0ubmV0L3dhZ2luZy1lbXBhdGh5Lmh0bWw,\";s:7:\"product\";s:1:\"4\";s:8:\"form_key\";s:16:\"oCkYbsN9noYMEYNs\";s:15:\"related_product\";s:0:\"\";s:3:\"qty\";s:1:\"1\";}'),
(22,	22,	8,	'info_buyRequest',	'a:5:{s:4:\"uenc\";s:64:\"aHR0cDovL3VuY3V0LnRlc3RwbGF0NG0ubmV0L3N0b25lcy1hLW5vdmVsLmh0bWw,\";s:7:\"product\";s:1:\"8\";s:8:\"form_key\";s:16:\"Bdz19XQpVT4dJZQk\";s:15:\"related_product\";s:0:\"\";s:3:\"qty\";s:1:\"1\";}');

CREATE TABLE `sales_flat_quote_payment` (
  `payment_id` int(10) unsigned NOT NULL AUTO_INCREMENT COMMENT 'Payment Id',
  `quote_id` int(10) unsigned NOT NULL DEFAULT '0' COMMENT 'Quote Id',
  `created_at` timestamp NOT NULL DEFAULT '0000-00-00 00:00:00' COMMENT 'Created At',
  `updated_at` timestamp NOT NULL DEFAULT '0000-00-00 00:00:00' COMMENT 'Updated At',
  `method` varchar(255) DEFAULT NULL COMMENT 'Method',
  `cc_type` varchar(255) DEFAULT NULL COMMENT 'Cc Type',
  `cc_number_enc` varchar(255) DEFAULT NULL COMMENT 'Cc Number Enc',
  `cc_last4` varchar(255) DEFAULT NULL COMMENT 'Cc Last4',
  `cc_cid_enc` varchar(255) DEFAULT NULL COMMENT 'Cc Cid Enc',
  `cc_owner` varchar(255) DEFAULT NULL COMMENT 'Cc Owner',
  `cc_exp_month` smallint(5) unsigned DEFAULT '0' COMMENT 'Cc Exp Month',
  `cc_exp_year` smallint(5) unsigned DEFAULT '0' COMMENT 'Cc Exp Year',
  `cc_ss_owner` varchar(255) DEFAULT NULL COMMENT 'Cc Ss Owner',
  `cc_ss_start_month` smallint(5) unsigned DEFAULT '0' COMMENT 'Cc Ss Start Month',
  `cc_ss_start_year` smallint(5) unsigned DEFAULT '0' COMMENT 'Cc Ss Start Year',
  `po_number` varchar(255) DEFAULT NULL COMMENT 'Po Number',
  `additional_data` text COMMENT 'Additional Data',
  `cc_ss_issue` varchar(255) DEFAULT NULL COMMENT 'Cc Ss Issue',
  `additional_information` text COMMENT 'Additional Information',
  `paypal_payer_id` varchar(255) DEFAULT NULL COMMENT 'Paypal Payer Id',
  `paypal_payer_status` varchar(255) DEFAULT NULL COMMENT 'Paypal Payer Status',
  `paypal_correlation_id` varchar(255) DEFAULT NULL COMMENT 'Paypal Correlation Id',
  PRIMARY KEY (`payment_id`),
  KEY `IDX_SALES_FLAT_QUOTE_PAYMENT_QUOTE_ID` (`quote_id`),
  CONSTRAINT `FK_SALES_FLAT_QUOTE_PAYMENT_QUOTE_ID_SALES_FLAT_QUOTE_ENTITY_ID` FOREIGN KEY (`quote_id`) REFERENCES `sales_flat_quote` (`entity_id`) ON DELETE CASCADE ON UPDATE CASCADE
) ENGINE=InnoDB DEFAULT CHARSET=utf8 COMMENT='Sales Flat Quote Payment';

INSERT INTO `sales_flat_quote_payment` (`payment_id`, `quote_id`, `created_at`, `updated_at`, `method`, `cc_type`, `cc_number_enc`, `cc_last4`, `cc_cid_enc`, `cc_owner`, `cc_exp_month`, `cc_exp_year`, `cc_ss_owner`, `cc_ss_start_month`, `cc_ss_start_year`, `po_number`, `additional_data`, `cc_ss_issue`, `additional_information`, `paypal_payer_id`, `paypal_payer_status`, `paypal_correlation_id`) VALUES
(3,	3,	'2017-09-27 15:53:11',	'2017-09-27 16:17:55',	'checkmo',	NULL,	NULL,	NULL,	NULL,	NULL,	0,	0,	NULL,	0,	0,	NULL,	NULL,	NULL,	NULL,	NULL,	NULL,	NULL),
(4,	1,	'2017-09-27 16:00:49',	'2018-01-18 15:52:55',	'checkmo',	NULL,	NULL,	NULL,	NULL,	NULL,	0,	0,	NULL,	0,	0,	NULL,	NULL,	NULL,	NULL,	NULL,	NULL,	NULL),
(5,	4,	'2017-12-19 19:53:16',	'2017-12-19 19:53:16',	NULL,	NULL,	NULL,	NULL,	NULL,	NULL,	0,	0,	NULL,	0,	0,	NULL,	NULL,	NULL,	NULL,	NULL,	NULL,	NULL),
(8,	7,	'2018-01-18 18:33:48',	'2018-01-18 18:34:00',	'checkmo',	NULL,	NULL,	NULL,	NULL,	NULL,	0,	0,	NULL,	0,	0,	NULL,	NULL,	NULL,	NULL,	NULL,	NULL,	NULL),
(9,	8,	'2018-01-18 18:51:46',	'2018-01-18 18:51:55',	'checkmo',	NULL,	NULL,	NULL,	NULL,	NULL,	0,	0,	NULL,	0,	0,	NULL,	NULL,	NULL,	NULL,	NULL,	NULL,	NULL),
(10,	9,	'2018-01-18 18:57:10',	'2018-01-18 18:57:23',	'checkmo',	NULL,	NULL,	NULL,	NULL,	NULL,	0,	0,	NULL,	0,	0,	NULL,	NULL,	NULL,	NULL,	NULL,	NULL,	NULL),
(11,	10,	'2018-01-18 19:09:03',	'2018-01-18 19:10:04',	'checkmo',	NULL,	NULL,	NULL,	NULL,	NULL,	0,	0,	NULL,	0,	0,	NULL,	NULL,	NULL,	NULL,	NULL,	NULL,	NULL),
(12,	11,	'2018-01-18 19:11:38',	'2018-01-18 19:11:49',	'checkmo',	NULL,	NULL,	NULL,	NULL,	NULL,	0,	0,	NULL,	0,	0,	NULL,	NULL,	NULL,	NULL,	NULL,	NULL,	NULL),
(13,	12,	'2018-01-19 15:22:44',	'2018-01-19 20:36:12',	'checkmo',	NULL,	NULL,	NULL,	NULL,	NULL,	0,	0,	NULL,	0,	0,	NULL,	NULL,	NULL,	NULL,	NULL,	NULL,	NULL),
(15,	14,	'2018-03-07 13:36:26',	'2018-03-07 13:36:45',	NULL,	NULL,	NULL,	NULL,	NULL,	NULL,	0,	0,	NULL,	0,	0,	NULL,	NULL,	NULL,	NULL,	NULL,	NULL,	NULL),
(16,	16,	'2018-05-28 20:36:05',	'2018-05-28 20:44:15',	'paypal_express',	NULL,	NULL,	NULL,	NULL,	NULL,	0,	0,	NULL,	0,	0,	NULL,	NULL,	NULL,	NULL,	NULL,	NULL,	NULL),
(17,	18,	'2018-05-28 21:01:54',	'2018-05-28 21:07:17',	'paypal_express',	NULL,	NULL,	NULL,	NULL,	NULL,	0,	0,	NULL,	0,	0,	NULL,	NULL,	NULL,	'a:8:{s:39:\"paypal_express_checkout_shipping_method\";s:0:\"\";s:15:\"paypal_payer_id\";s:13:\"HRYS7YMWCR9QE\";s:18:\"paypal_payer_email\";s:25:\"cvgleichen@googlemail.com\";s:19:\"paypal_payer_status\";s:8:\"verified\";s:21:\"paypal_address_status\";s:9:\"Confirmed\";s:21:\"paypal_correlation_id\";s:13:\"e74170ddca2cc\";s:32:\"paypal_express_checkout_payer_id\";s:13:\"HRYS7YMWCR9QE\";s:29:\"paypal_express_checkout_token\";s:20:\"EC-95W6274203625700J\";}',	NULL,	NULL,	NULL),
(18,	19,	'2018-06-25 18:04:24',	'2018-06-25 18:04:24',	NULL,	NULL,	NULL,	NULL,	NULL,	NULL,	0,	0,	NULL,	0,	0,	NULL,	NULL,	NULL,	NULL,	NULL,	NULL,	NULL);

CREATE TABLE `sales_flat_quote_shipping_rate` (
  `rate_id` int(10) unsigned NOT NULL AUTO_INCREMENT COMMENT 'Rate Id',
  `address_id` int(10) unsigned NOT NULL DEFAULT '0' COMMENT 'Address Id',
  `created_at` timestamp NOT NULL DEFAULT '0000-00-00 00:00:00' COMMENT 'Created At',
  `updated_at` timestamp NOT NULL DEFAULT '0000-00-00 00:00:00' COMMENT 'Updated At',
  `carrier` varchar(255) DEFAULT NULL COMMENT 'Carrier',
  `carrier_title` varchar(255) DEFAULT NULL COMMENT 'Carrier Title',
  `code` varchar(255) DEFAULT NULL COMMENT 'Code',
  `method` varchar(255) DEFAULT NULL COMMENT 'Method',
  `method_description` text COMMENT 'Method Description',
  `price` decimal(12,4) NOT NULL DEFAULT '0.0000' COMMENT 'Price',
  `error_message` text COMMENT 'Error Message',
  `method_title` text COMMENT 'Method Title',
  PRIMARY KEY (`rate_id`),
  KEY `IDX_SALES_FLAT_QUOTE_SHIPPING_RATE_ADDRESS_ID` (`address_id`),
  CONSTRAINT `FK_B1F177EFB73D3EDF5322BA64AC48D150` FOREIGN KEY (`address_id`) REFERENCES `sales_flat_quote_address` (`address_id`) ON DELETE CASCADE ON UPDATE CASCADE
) ENGINE=InnoDB DEFAULT CHARSET=utf8 COMMENT='Sales Flat Quote Shipping Rate';

INSERT INTO `sales_flat_quote_shipping_rate` (`rate_id`, `address_id`, `created_at`, `updated_at`, `carrier`, `carrier_title`, `code`, `method`, `method_description`, `price`, `error_message`, `method_title`) VALUES
(24,	6,	'2017-09-27 16:29:50',	'2017-09-27 16:29:50',	'flatrate',	'Flat Rate',	'flatrate_flatrate',	'flatrate',	NULL,	5.0000,	NULL,	'Fixed'),
(45,	2,	'2018-01-18 15:50:50',	'2018-01-18 15:52:55',	'flatrate',	'Flat Rate',	'flatrate_flatrate',	'flatrate',	NULL,	5.0000,	NULL,	'Fixed'),
(48,	14,	'2018-01-18 18:33:57',	'2018-01-18 18:34:00',	'flatrate',	'Flat Rate',	'flatrate_flatrate',	'flatrate',	NULL,	5.0000,	NULL,	'Fixed'),
(51,	16,	'2018-01-18 18:51:53',	'2018-01-18 18:51:55',	'flatrate',	'Flat Rate',	'flatrate_flatrate',	'flatrate',	NULL,	5.0000,	NULL,	'Fixed'),
(54,	18,	'2018-01-18 18:57:20',	'2018-01-18 18:57:23',	'tablerate',	'Shipping Method',	'tablerate_bestway',	'bestway',	NULL,	4.0000,	NULL,	'Table Rate'),
(57,	20,	'2018-01-18 19:09:54',	'2018-01-18 19:10:04',	'tablerate',	'Shipping Method',	'tablerate_bestway',	'bestway',	NULL,	4.0000,	NULL,	'Table Rate'),
(60,	22,	'2018-01-18 19:11:48',	'2018-01-18 19:11:49',	'flatrate',	'Flat Rate',	'flatrate_flatrate',	'flatrate',	NULL,	5.0000,	NULL,	'Fixed'),
(106,	24,	'2018-01-19 20:36:07',	'2018-01-19 20:36:12',	'flatrate',	'Flat Rate',	'flatrate_flatrate',	'flatrate',	NULL,	5.0000,	NULL,	'Fixed'),
(124,	28,	'2018-03-07 13:36:40',	'2018-03-07 13:36:45',	'tablerate',	'Shipping Method',	'tablerate_bestway',	'bestway',	NULL,	4.0000,	NULL,	'Table Rate'),
(126,	32,	'2018-05-28 20:44:12',	'2018-05-28 20:44:13',	'flatrate',	'Flat Rate',	'flatrate_flatrate',	'flatrate',	NULL,	5.0000,	NULL,	'Fixed'),
(130,	36,	'2018-05-28 21:07:03',	'2018-05-28 21:07:17',	'flatrate',	'Flat Rate',	'flatrate_flatrate',	'flatrate',	NULL,	5.0000,	NULL,	'Fixed');

CREATE TABLE `sales_flat_shipment` (
  `entity_id` int(10) unsigned NOT NULL AUTO_INCREMENT COMMENT 'Entity Id',
  `store_id` smallint(5) unsigned DEFAULT NULL COMMENT 'Store Id',
  `total_weight` decimal(12,4) DEFAULT NULL COMMENT 'Total Weight',
  `total_qty` decimal(12,4) DEFAULT NULL COMMENT 'Total Qty',
  `email_sent` smallint(5) unsigned DEFAULT NULL COMMENT 'Email Sent',
  `order_id` int(10) unsigned NOT NULL COMMENT 'Order Id',
  `customer_id` int(11) DEFAULT NULL COMMENT 'Customer Id',
  `shipping_address_id` int(11) DEFAULT NULL COMMENT 'Shipping Address Id',
  `billing_address_id` int(11) DEFAULT NULL COMMENT 'Billing Address Id',
  `shipment_status` int(11) DEFAULT NULL COMMENT 'Shipment Status',
  `increment_id` varchar(50) DEFAULT NULL COMMENT 'Increment Id',
  `created_at` timestamp NULL DEFAULT NULL COMMENT 'Created At',
  `updated_at` timestamp NULL DEFAULT NULL COMMENT 'Updated At',
  `packages` text COMMENT 'Packed Products in Packages',
  `shipping_label` mediumblob COMMENT 'Shipping Label Content',
  PRIMARY KEY (`entity_id`),
  UNIQUE KEY `UNQ_SALES_FLAT_SHIPMENT_INCREMENT_ID` (`increment_id`),
  KEY `IDX_SALES_FLAT_SHIPMENT_STORE_ID` (`store_id`),
  KEY `IDX_SALES_FLAT_SHIPMENT_TOTAL_QTY` (`total_qty`),
  KEY `IDX_SALES_FLAT_SHIPMENT_ORDER_ID` (`order_id`),
  KEY `IDX_SALES_FLAT_SHIPMENT_CREATED_AT` (`created_at`),
  KEY `IDX_SALES_FLAT_SHIPMENT_UPDATED_AT` (`updated_at`),
  CONSTRAINT `FK_SALES_FLAT_SHIPMENT_ORDER_ID_SALES_FLAT_ORDER_ENTITY_ID` FOREIGN KEY (`order_id`) REFERENCES `sales_flat_order` (`entity_id`) ON DELETE CASCADE ON UPDATE CASCADE,
  CONSTRAINT `FK_SALES_FLAT_SHIPMENT_STORE_ID_CORE_STORE_STORE_ID` FOREIGN KEY (`store_id`) REFERENCES `core_store` (`store_id`) ON DELETE SET NULL ON UPDATE CASCADE
) ENGINE=InnoDB DEFAULT CHARSET=utf8 COMMENT='Sales Flat Shipment';


CREATE TABLE `sales_flat_shipment_comment` (
  `entity_id` int(10) unsigned NOT NULL AUTO_INCREMENT COMMENT 'Entity Id',
  `parent_id` int(10) unsigned NOT NULL COMMENT 'Parent Id',
  `is_customer_notified` int(11) DEFAULT NULL COMMENT 'Is Customer Notified',
  `is_visible_on_front` smallint(5) unsigned NOT NULL DEFAULT '0' COMMENT 'Is Visible On Front',
  `comment` text COMMENT 'Comment',
  `created_at` timestamp NULL DEFAULT NULL COMMENT 'Created At',
  PRIMARY KEY (`entity_id`),
  KEY `IDX_SALES_FLAT_SHIPMENT_COMMENT_CREATED_AT` (`created_at`),
  KEY `IDX_SALES_FLAT_SHIPMENT_COMMENT_PARENT_ID` (`parent_id`),
  CONSTRAINT `FK_C2D69CC1FB03D2B2B794B0439F6650CF` FOREIGN KEY (`parent_id`) REFERENCES `sales_flat_shipment` (`entity_id`) ON DELETE CASCADE ON UPDATE CASCADE
) ENGINE=InnoDB DEFAULT CHARSET=utf8 COMMENT='Sales Flat Shipment Comment';


CREATE TABLE `sales_flat_shipment_grid` (
  `entity_id` int(10) unsigned NOT NULL COMMENT 'Entity Id',
  `store_id` smallint(5) unsigned DEFAULT NULL COMMENT 'Store Id',
  `total_qty` decimal(12,4) DEFAULT NULL COMMENT 'Total Qty',
  `order_id` int(10) unsigned NOT NULL COMMENT 'Order Id',
  `shipment_status` int(11) DEFAULT NULL COMMENT 'Shipment Status',
  `increment_id` varchar(50) DEFAULT NULL COMMENT 'Increment Id',
  `order_increment_id` varchar(50) DEFAULT NULL COMMENT 'Order Increment Id',
  `created_at` timestamp NULL DEFAULT NULL COMMENT 'Created At',
  `order_created_at` timestamp NULL DEFAULT NULL COMMENT 'Order Created At',
  `shipping_name` varchar(255) DEFAULT NULL COMMENT 'Shipping Name',
  PRIMARY KEY (`entity_id`),
  UNIQUE KEY `UNQ_SALES_FLAT_SHIPMENT_GRID_INCREMENT_ID` (`increment_id`),
  KEY `IDX_SALES_FLAT_SHIPMENT_GRID_STORE_ID` (`store_id`),
  KEY `IDX_SALES_FLAT_SHIPMENT_GRID_TOTAL_QTY` (`total_qty`),
  KEY `IDX_SALES_FLAT_SHIPMENT_GRID_ORDER_ID` (`order_id`),
  KEY `IDX_SALES_FLAT_SHIPMENT_GRID_SHIPMENT_STATUS` (`shipment_status`),
  KEY `IDX_SALES_FLAT_SHIPMENT_GRID_ORDER_INCREMENT_ID` (`order_increment_id`),
  KEY `IDX_SALES_FLAT_SHIPMENT_GRID_CREATED_AT` (`created_at`),
  KEY `IDX_SALES_FLAT_SHIPMENT_GRID_ORDER_CREATED_AT` (`order_created_at`),
  KEY `IDX_SALES_FLAT_SHIPMENT_GRID_SHIPPING_NAME` (`shipping_name`),
  CONSTRAINT `FK_SALES_FLAT_SHIPMENT_GRID_ENTT_ID_SALES_FLAT_SHIPMENT_ENTT_ID` FOREIGN KEY (`entity_id`) REFERENCES `sales_flat_shipment` (`entity_id`) ON DELETE CASCADE ON UPDATE CASCADE,
  CONSTRAINT `FK_SALES_FLAT_SHIPMENT_GRID_STORE_ID_CORE_STORE_STORE_ID` FOREIGN KEY (`store_id`) REFERENCES `core_store` (`store_id`) ON DELETE SET NULL ON UPDATE CASCADE
) ENGINE=InnoDB DEFAULT CHARSET=utf8 COMMENT='Sales Flat Shipment Grid';


CREATE TABLE `sales_flat_shipment_item` (
  `entity_id` int(10) unsigned NOT NULL AUTO_INCREMENT COMMENT 'Entity Id',
  `parent_id` int(10) unsigned NOT NULL COMMENT 'Parent Id',
  `row_total` decimal(12,4) DEFAULT NULL COMMENT 'Row Total',
  `price` decimal(12,4) DEFAULT NULL COMMENT 'Price',
  `weight` decimal(12,4) DEFAULT NULL COMMENT 'Weight',
  `qty` decimal(12,4) DEFAULT NULL COMMENT 'Qty',
  `product_id` int(11) DEFAULT NULL COMMENT 'Product Id',
  `order_item_id` int(11) DEFAULT NULL COMMENT 'Order Item Id',
  `additional_data` text COMMENT 'Additional Data',
  `description` text COMMENT 'Description',
  `name` varchar(255) DEFAULT NULL COMMENT 'Name',
  `sku` varchar(255) DEFAULT NULL COMMENT 'Sku',
  PRIMARY KEY (`entity_id`),
  KEY `IDX_SALES_FLAT_SHIPMENT_ITEM_PARENT_ID` (`parent_id`),
  CONSTRAINT `FK_3AECE5007D18F159231B87E8306FC02A` FOREIGN KEY (`parent_id`) REFERENCES `sales_flat_shipment` (`entity_id`) ON DELETE CASCADE ON UPDATE CASCADE
) ENGINE=InnoDB DEFAULT CHARSET=utf8 COMMENT='Sales Flat Shipment Item';


CREATE TABLE `sales_flat_shipment_track` (
  `entity_id` int(10) unsigned NOT NULL AUTO_INCREMENT COMMENT 'Entity Id',
  `parent_id` int(10) unsigned NOT NULL COMMENT 'Parent Id',
  `weight` decimal(12,4) DEFAULT NULL COMMENT 'Weight',
  `qty` decimal(12,4) DEFAULT NULL COMMENT 'Qty',
  `order_id` int(10) unsigned NOT NULL COMMENT 'Order Id',
  `track_number` text COMMENT 'Number',
  `description` text COMMENT 'Description',
  `title` varchar(255) DEFAULT NULL COMMENT 'Title',
  `carrier_code` varchar(32) DEFAULT NULL COMMENT 'Carrier Code',
  `created_at` timestamp NULL DEFAULT NULL COMMENT 'Created At',
  `updated_at` timestamp NULL DEFAULT NULL COMMENT 'Updated At',
  PRIMARY KEY (`entity_id`),
  KEY `IDX_SALES_FLAT_SHIPMENT_TRACK_PARENT_ID` (`parent_id`),
  KEY `IDX_SALES_FLAT_SHIPMENT_TRACK_ORDER_ID` (`order_id`),
  KEY `IDX_SALES_FLAT_SHIPMENT_TRACK_CREATED_AT` (`created_at`),
  CONSTRAINT `FK_BCD2FA28717D29F37E10A153E6F2F841` FOREIGN KEY (`parent_id`) REFERENCES `sales_flat_shipment` (`entity_id`) ON DELETE CASCADE ON UPDATE CASCADE
) ENGINE=InnoDB DEFAULT CHARSET=utf8 COMMENT='Sales Flat Shipment Track';


CREATE TABLE `sales_invoiced_aggregated` (
  `id` int(10) unsigned NOT NULL AUTO_INCREMENT COMMENT 'Id',
  `period` date DEFAULT NULL COMMENT 'Period',
  `store_id` smallint(5) unsigned DEFAULT NULL COMMENT 'Store Id',
  `order_status` varchar(50) DEFAULT NULL COMMENT 'Order Status',
  `orders_count` int(11) NOT NULL DEFAULT '0' COMMENT 'Orders Count',
  `orders_invoiced` decimal(12,4) DEFAULT NULL COMMENT 'Orders Invoiced',
  `invoiced` decimal(12,4) DEFAULT NULL COMMENT 'Invoiced',
  `invoiced_captured` decimal(12,4) DEFAULT NULL COMMENT 'Invoiced Captured',
  `invoiced_not_captured` decimal(12,4) DEFAULT NULL COMMENT 'Invoiced Not Captured',
  PRIMARY KEY (`id`),
  UNIQUE KEY `UNQ_SALES_INVOICED_AGGREGATED_PERIOD_STORE_ID_ORDER_STATUS` (`period`,`store_id`,`order_status`),
  KEY `IDX_SALES_INVOICED_AGGREGATED_STORE_ID` (`store_id`),
  CONSTRAINT `FK_SALES_INVOICED_AGGREGATED_STORE_ID_CORE_STORE_STORE_ID` FOREIGN KEY (`store_id`) REFERENCES `core_store` (`store_id`) ON DELETE SET NULL ON UPDATE CASCADE
) ENGINE=InnoDB DEFAULT CHARSET=utf8 COMMENT='Sales Invoiced Aggregated';


CREATE TABLE `sales_invoiced_aggregated_order` (
  `id` int(10) unsigned NOT NULL AUTO_INCREMENT COMMENT 'Id',
  `period` date DEFAULT NULL COMMENT 'Period',
  `store_id` smallint(5) unsigned DEFAULT NULL COMMENT 'Store Id',
  `order_status` varchar(50) NOT NULL DEFAULT '' COMMENT 'Order Status',
  `orders_count` int(11) NOT NULL DEFAULT '0' COMMENT 'Orders Count',
  `orders_invoiced` decimal(12,4) DEFAULT NULL COMMENT 'Orders Invoiced',
  `invoiced` decimal(12,4) DEFAULT NULL COMMENT 'Invoiced',
  `invoiced_captured` decimal(12,4) DEFAULT NULL COMMENT 'Invoiced Captured',
  `invoiced_not_captured` decimal(12,4) DEFAULT NULL COMMENT 'Invoiced Not Captured',
  PRIMARY KEY (`id`),
  UNIQUE KEY `UNQ_SALES_INVOICED_AGGREGATED_ORDER_PERIOD_STORE_ID_ORDER_STATUS` (`period`,`store_id`,`order_status`),
  KEY `IDX_SALES_INVOICED_AGGREGATED_ORDER_STORE_ID` (`store_id`),
  CONSTRAINT `FK_SALES_INVOICED_AGGREGATED_ORDER_STORE_ID_CORE_STORE_STORE_ID` FOREIGN KEY (`store_id`) REFERENCES `core_store` (`store_id`) ON DELETE SET NULL ON UPDATE CASCADE
) ENGINE=InnoDB DEFAULT CHARSET=utf8 COMMENT='Sales Invoiced Aggregated Order';


CREATE TABLE `sales_order_aggregated_created` (
  `id` int(10) unsigned NOT NULL AUTO_INCREMENT COMMENT 'Id',
  `period` date DEFAULT NULL COMMENT 'Period',
  `store_id` smallint(5) unsigned DEFAULT NULL COMMENT 'Store Id',
  `order_status` varchar(50) NOT NULL DEFAULT '' COMMENT 'Order Status',
  `orders_count` int(11) NOT NULL DEFAULT '0' COMMENT 'Orders Count',
  `total_qty_ordered` decimal(12,4) NOT NULL DEFAULT '0.0000' COMMENT 'Total Qty Ordered',
  `total_qty_invoiced` decimal(12,4) NOT NULL DEFAULT '0.0000' COMMENT 'Total Qty Invoiced',
  `total_income_amount` decimal(12,4) NOT NULL DEFAULT '0.0000' COMMENT 'Total Income Amount',
  `total_revenue_amount` decimal(12,4) NOT NULL DEFAULT '0.0000' COMMENT 'Total Revenue Amount',
  `total_profit_amount` decimal(12,4) NOT NULL DEFAULT '0.0000' COMMENT 'Total Profit Amount',
  `total_invoiced_amount` decimal(12,4) NOT NULL DEFAULT '0.0000' COMMENT 'Total Invoiced Amount',
  `total_canceled_amount` decimal(12,4) NOT NULL DEFAULT '0.0000' COMMENT 'Total Canceled Amount',
  `total_paid_amount` decimal(12,4) NOT NULL DEFAULT '0.0000' COMMENT 'Total Paid Amount',
  `total_refunded_amount` decimal(12,4) NOT NULL DEFAULT '0.0000' COMMENT 'Total Refunded Amount',
  `total_tax_amount` decimal(12,4) NOT NULL DEFAULT '0.0000' COMMENT 'Total Tax Amount',
  `total_tax_amount_actual` decimal(12,4) NOT NULL DEFAULT '0.0000' COMMENT 'Total Tax Amount Actual',
  `total_shipping_amount` decimal(12,4) NOT NULL DEFAULT '0.0000' COMMENT 'Total Shipping Amount',
  `total_shipping_amount_actual` decimal(12,4) NOT NULL DEFAULT '0.0000' COMMENT 'Total Shipping Amount Actual',
  `total_discount_amount` decimal(12,4) NOT NULL DEFAULT '0.0000' COMMENT 'Total Discount Amount',
  `total_discount_amount_actual` decimal(12,4) NOT NULL DEFAULT '0.0000' COMMENT 'Total Discount Amount Actual',
  PRIMARY KEY (`id`),
  UNIQUE KEY `UNQ_SALES_ORDER_AGGREGATED_CREATED_PERIOD_STORE_ID_ORDER_STATUS` (`period`,`store_id`,`order_status`),
  KEY `IDX_SALES_ORDER_AGGREGATED_CREATED_STORE_ID` (`store_id`),
  CONSTRAINT `FK_SALES_ORDER_AGGREGATED_CREATED_STORE_ID_CORE_STORE_STORE_ID` FOREIGN KEY (`store_id`) REFERENCES `core_store` (`store_id`) ON DELETE SET NULL ON UPDATE CASCADE
) ENGINE=InnoDB DEFAULT CHARSET=utf8 COMMENT='Sales Order Aggregated Created';


CREATE TABLE `sales_order_aggregated_updated` (
  `id` int(10) unsigned NOT NULL AUTO_INCREMENT COMMENT 'Id',
  `period` date DEFAULT NULL COMMENT 'Period',
  `store_id` smallint(5) unsigned DEFAULT NULL COMMENT 'Store Id',
  `order_status` varchar(50) NOT NULL COMMENT 'Order Status',
  `orders_count` int(11) NOT NULL DEFAULT '0' COMMENT 'Orders Count',
  `total_qty_ordered` decimal(12,4) NOT NULL DEFAULT '0.0000' COMMENT 'Total Qty Ordered',
  `total_qty_invoiced` decimal(12,4) NOT NULL DEFAULT '0.0000' COMMENT 'Total Qty Invoiced',
  `total_income_amount` decimal(12,4) NOT NULL DEFAULT '0.0000' COMMENT 'Total Income Amount',
  `total_revenue_amount` decimal(12,4) NOT NULL DEFAULT '0.0000' COMMENT 'Total Revenue Amount',
  `total_profit_amount` decimal(12,4) NOT NULL DEFAULT '0.0000' COMMENT 'Total Profit Amount',
  `total_invoiced_amount` decimal(12,4) NOT NULL DEFAULT '0.0000' COMMENT 'Total Invoiced Amount',
  `total_canceled_amount` decimal(12,4) NOT NULL DEFAULT '0.0000' COMMENT 'Total Canceled Amount',
  `total_paid_amount` decimal(12,4) NOT NULL DEFAULT '0.0000' COMMENT 'Total Paid Amount',
  `total_refunded_amount` decimal(12,4) NOT NULL DEFAULT '0.0000' COMMENT 'Total Refunded Amount',
  `total_tax_amount` decimal(12,4) NOT NULL DEFAULT '0.0000' COMMENT 'Total Tax Amount',
  `total_tax_amount_actual` decimal(12,4) NOT NULL DEFAULT '0.0000' COMMENT 'Total Tax Amount Actual',
  `total_shipping_amount` decimal(12,4) NOT NULL DEFAULT '0.0000' COMMENT 'Total Shipping Amount',
  `total_shipping_amount_actual` decimal(12,4) NOT NULL DEFAULT '0.0000' COMMENT 'Total Shipping Amount Actual',
  `total_discount_amount` decimal(12,4) NOT NULL DEFAULT '0.0000' COMMENT 'Total Discount Amount',
  `total_discount_amount_actual` decimal(12,4) NOT NULL DEFAULT '0.0000' COMMENT 'Total Discount Amount Actual',
  PRIMARY KEY (`id`),
  UNIQUE KEY `UNQ_SALES_ORDER_AGGREGATED_UPDATED_PERIOD_STORE_ID_ORDER_STATUS` (`period`,`store_id`,`order_status`),
  KEY `IDX_SALES_ORDER_AGGREGATED_UPDATED_STORE_ID` (`store_id`),
  CONSTRAINT `FK_SALES_ORDER_AGGREGATED_UPDATED_STORE_ID_CORE_STORE_STORE_ID` FOREIGN KEY (`store_id`) REFERENCES `core_store` (`store_id`) ON DELETE SET NULL ON UPDATE CASCADE
) ENGINE=InnoDB DEFAULT CHARSET=utf8 COMMENT='Sales Order Aggregated Updated';


CREATE TABLE `sales_order_status` (
  `status` varchar(32) NOT NULL COMMENT 'Status',
  `label` varchar(128) NOT NULL COMMENT 'Label',
  PRIMARY KEY (`status`)
) ENGINE=InnoDB DEFAULT CHARSET=utf8 COMMENT='Sales Order Status Table';

INSERT INTO `sales_order_status` (`status`, `label`) VALUES
('canceled',	'Canceled'),
('closed',	'Closed'),
('complete',	'Complete'),
('exported',	'Exported'),
('fraud',	'Suspected Fraud'),
('holded',	'On Hold'),
('payment_review',	'Payment Review'),
('paypal_canceled_reversal',	'PayPal Canceled Reversal'),
('paypal_reversed',	'PayPal Reversed'),
('pending',	'Pending'),
('pending_payment',	'Pending Payment'),
('pending_paypal',	'Pending PayPal'),
('processing',	'Processing');

CREATE TABLE `sales_order_status_label` (
  `status` varchar(32) NOT NULL COMMENT 'Status',
  `store_id` smallint(5) unsigned NOT NULL COMMENT 'Store Id',
  `label` varchar(128) NOT NULL COMMENT 'Label',
  PRIMARY KEY (`status`,`store_id`),
  KEY `IDX_SALES_ORDER_STATUS_LABEL_STORE_ID` (`store_id`),
  CONSTRAINT `FK_SALES_ORDER_STATUS_LABEL_STATUS_SALES_ORDER_STATUS_STATUS` FOREIGN KEY (`status`) REFERENCES `sales_order_status` (`status`) ON DELETE CASCADE ON UPDATE CASCADE,
  CONSTRAINT `FK_SALES_ORDER_STATUS_LABEL_STORE_ID_CORE_STORE_STORE_ID` FOREIGN KEY (`store_id`) REFERENCES `core_store` (`store_id`) ON DELETE CASCADE ON UPDATE CASCADE
) ENGINE=InnoDB DEFAULT CHARSET=utf8 COMMENT='Sales Order Status Label Table';

INSERT INTO `sales_order_status_label` (`status`, `store_id`, `label`) VALUES
('exported',	1,	'Exported');

CREATE TABLE `sales_order_status_state` (
  `status` varchar(32) NOT NULL COMMENT 'Status',
  `state` varchar(32) NOT NULL COMMENT 'Label',
  `is_default` smallint(5) unsigned NOT NULL DEFAULT '0' COMMENT 'Is Default',
  PRIMARY KEY (`status`,`state`),
  CONSTRAINT `FK_SALES_ORDER_STATUS_STATE_STATUS_SALES_ORDER_STATUS_STATUS` FOREIGN KEY (`status`) REFERENCES `sales_order_status` (`status`) ON DELETE CASCADE ON UPDATE CASCADE
) ENGINE=InnoDB DEFAULT CHARSET=utf8 COMMENT='Sales Order Status Table';

INSERT INTO `sales_order_status_state` (`status`, `state`, `is_default`) VALUES
('canceled',	'canceled',	1),
('closed',	'closed',	1),
('complete',	'complete',	1),
('fraud',	'payment_review',	0),
('holded',	'holded',	1),
('payment_review',	'payment_review',	1),
('pending',	'new',	1),
('pending_payment',	'pending_payment',	1),
('processing',	'processing',	1);

CREATE TABLE `sales_order_tax` (
  `tax_id` int(10) unsigned NOT NULL AUTO_INCREMENT COMMENT 'Tax Id',
  `order_id` int(10) unsigned NOT NULL COMMENT 'Order Id',
  `code` varchar(255) DEFAULT NULL COMMENT 'Code',
  `title` varchar(255) DEFAULT NULL COMMENT 'Title',
  `percent` decimal(12,4) DEFAULT NULL COMMENT 'Percent',
  `amount` decimal(12,4) DEFAULT NULL COMMENT 'Amount',
  `priority` int(11) NOT NULL COMMENT 'Priority',
  `position` int(11) NOT NULL COMMENT 'Position',
  `base_amount` decimal(12,4) DEFAULT NULL COMMENT 'Base Amount',
  `process` smallint(6) NOT NULL COMMENT 'Process',
  `base_real_amount` decimal(12,4) DEFAULT NULL COMMENT 'Base Real Amount',
  `hidden` smallint(5) unsigned NOT NULL DEFAULT '0' COMMENT 'Hidden',
  PRIMARY KEY (`tax_id`),
  KEY `IDX_SALES_ORDER_TAX_ORDER_ID_PRIORITY_POSITION` (`order_id`,`priority`,`position`)
) ENGINE=InnoDB DEFAULT CHARSET=utf8 COMMENT='Sales Order Tax Table';


CREATE TABLE `sales_order_tax_item` (
  `tax_item_id` int(10) unsigned NOT NULL AUTO_INCREMENT COMMENT 'Tax Item Id',
  `tax_id` int(10) unsigned NOT NULL COMMENT 'Tax Id',
  `item_id` int(10) unsigned NOT NULL COMMENT 'Item Id',
  `tax_percent` decimal(12,4) NOT NULL COMMENT 'Real Tax Percent For Item',
  PRIMARY KEY (`tax_item_id`),
  UNIQUE KEY `UNQ_SALES_ORDER_TAX_ITEM_TAX_ID_ITEM_ID` (`tax_id`,`item_id`),
  KEY `IDX_SALES_ORDER_TAX_ITEM_TAX_ID` (`tax_id`),
  KEY `IDX_SALES_ORDER_TAX_ITEM_ITEM_ID` (`item_id`),
  CONSTRAINT `FK_SALES_ORDER_TAX_ITEM_ITEM_ID_SALES_FLAT_ORDER_ITEM_ITEM_ID` FOREIGN KEY (`item_id`) REFERENCES `sales_flat_order_item` (`item_id`) ON DELETE CASCADE ON UPDATE CASCADE,
  CONSTRAINT `FK_SALES_ORDER_TAX_ITEM_TAX_ID_SALES_ORDER_TAX_TAX_ID` FOREIGN KEY (`tax_id`) REFERENCES `sales_order_tax` (`tax_id`) ON DELETE CASCADE ON UPDATE CASCADE
) ENGINE=InnoDB DEFAULT CHARSET=utf8 COMMENT='Sales Order Tax Item';


CREATE TABLE `sales_payment_transaction` (
  `transaction_id` int(10) unsigned NOT NULL AUTO_INCREMENT COMMENT 'Transaction Id',
  `parent_id` int(10) unsigned DEFAULT NULL COMMENT 'Parent Id',
  `order_id` int(10) unsigned NOT NULL DEFAULT '0' COMMENT 'Order Id',
  `payment_id` int(10) unsigned NOT NULL DEFAULT '0' COMMENT 'Payment Id',
  `txn_id` varchar(100) DEFAULT NULL COMMENT 'Txn Id',
  `parent_txn_id` varchar(100) DEFAULT NULL COMMENT 'Parent Txn Id',
  `txn_type` varchar(15) DEFAULT NULL COMMENT 'Txn Type',
  `is_closed` smallint(5) unsigned NOT NULL DEFAULT '1' COMMENT 'Is Closed',
  `additional_information` blob COMMENT 'Additional Information',
  `created_at` timestamp NULL DEFAULT NULL COMMENT 'Created At',
  PRIMARY KEY (`transaction_id`),
  UNIQUE KEY `UNQ_SALES_PAYMENT_TRANSACTION_ORDER_ID_PAYMENT_ID_TXN_ID` (`order_id`,`payment_id`,`txn_id`),
  KEY `IDX_SALES_PAYMENT_TRANSACTION_ORDER_ID` (`order_id`),
  KEY `IDX_SALES_PAYMENT_TRANSACTION_PARENT_ID` (`parent_id`),
  KEY `IDX_SALES_PAYMENT_TRANSACTION_PAYMENT_ID` (`payment_id`),
  CONSTRAINT `FK_B99FF1A06402D725EBDB0F3A7ECD47A2` FOREIGN KEY (`parent_id`) REFERENCES `sales_payment_transaction` (`transaction_id`) ON DELETE CASCADE ON UPDATE CASCADE,
  CONSTRAINT `FK_DA51A10B2405B64A4DAEF77A64F0DAAD` FOREIGN KEY (`payment_id`) REFERENCES `sales_flat_order_payment` (`entity_id`) ON DELETE CASCADE ON UPDATE CASCADE,
  CONSTRAINT `FK_SALES_PAYMENT_TRANSACTION_ORDER_ID_SALES_FLAT_ORDER_ENTITY_ID` FOREIGN KEY (`order_id`) REFERENCES `sales_flat_order` (`entity_id`) ON DELETE CASCADE ON UPDATE CASCADE
) ENGINE=InnoDB DEFAULT CHARSET=utf8 COMMENT='Sales Payment Transaction';


CREATE TABLE `sales_recurring_profile` (
  `profile_id` int(10) unsigned NOT NULL AUTO_INCREMENT COMMENT 'Profile Id',
  `state` varchar(20) NOT NULL COMMENT 'State',
  `customer_id` int(10) unsigned DEFAULT NULL COMMENT 'Customer Id',
  `store_id` smallint(5) unsigned DEFAULT NULL COMMENT 'Store Id',
  `method_code` varchar(32) NOT NULL COMMENT 'Method Code',
  `created_at` timestamp NOT NULL DEFAULT '0000-00-00 00:00:00' COMMENT 'Created At',
  `updated_at` timestamp NULL DEFAULT NULL COMMENT 'Updated At',
  `reference_id` varchar(32) DEFAULT NULL COMMENT 'Reference Id',
  `subscriber_name` varchar(150) DEFAULT NULL COMMENT 'Subscriber Name',
  `start_datetime` timestamp NOT NULL DEFAULT '0000-00-00 00:00:00' COMMENT 'Start Datetime',
  `internal_reference_id` varchar(42) NOT NULL COMMENT 'Internal Reference Id',
  `schedule_description` varchar(255) NOT NULL COMMENT 'Schedule Description',
  `suspension_threshold` smallint(5) unsigned DEFAULT NULL COMMENT 'Suspension Threshold',
  `bill_failed_later` smallint(5) unsigned NOT NULL DEFAULT '0' COMMENT 'Bill Failed Later',
  `period_unit` varchar(20) NOT NULL COMMENT 'Period Unit',
  `period_frequency` smallint(5) unsigned DEFAULT NULL COMMENT 'Period Frequency',
  `period_max_cycles` smallint(5) unsigned DEFAULT NULL COMMENT 'Period Max Cycles',
  `billing_amount` decimal(12,4) NOT NULL DEFAULT '0.0000' COMMENT 'Billing Amount',
  `trial_period_unit` varchar(20) DEFAULT NULL COMMENT 'Trial Period Unit',
  `trial_period_frequency` smallint(5) unsigned DEFAULT NULL COMMENT 'Trial Period Frequency',
  `trial_period_max_cycles` smallint(5) unsigned DEFAULT NULL COMMENT 'Trial Period Max Cycles',
  `trial_billing_amount` text COMMENT 'Trial Billing Amount',
  `currency_code` varchar(3) NOT NULL COMMENT 'Currency Code',
  `shipping_amount` decimal(12,4) DEFAULT NULL COMMENT 'Shipping Amount',
  `tax_amount` decimal(12,4) DEFAULT NULL COMMENT 'Tax Amount',
  `init_amount` decimal(12,4) DEFAULT NULL COMMENT 'Init Amount',
  `init_may_fail` smallint(5) unsigned NOT NULL DEFAULT '0' COMMENT 'Init May Fail',
  `order_info` text NOT NULL COMMENT 'Order Info',
  `order_item_info` text NOT NULL COMMENT 'Order Item Info',
  `billing_address_info` text NOT NULL COMMENT 'Billing Address Info',
  `shipping_address_info` text COMMENT 'Shipping Address Info',
  `profile_vendor_info` text COMMENT 'Profile Vendor Info',
  `additional_info` text COMMENT 'Additional Info',
  PRIMARY KEY (`profile_id`),
  UNIQUE KEY `UNQ_SALES_RECURRING_PROFILE_INTERNAL_REFERENCE_ID` (`internal_reference_id`),
  KEY `IDX_SALES_RECURRING_PROFILE_CUSTOMER_ID` (`customer_id`),
  KEY `IDX_SALES_RECURRING_PROFILE_STORE_ID` (`store_id`),
  CONSTRAINT `FK_SALES_RECURRING_PROFILE_CUSTOMER_ID_CUSTOMER_ENTITY_ENTITY_ID` FOREIGN KEY (`customer_id`) REFERENCES `customer_entity` (`entity_id`) ON DELETE SET NULL ON UPDATE CASCADE,
  CONSTRAINT `FK_SALES_RECURRING_PROFILE_STORE_ID_CORE_STORE_STORE_ID` FOREIGN KEY (`store_id`) REFERENCES `core_store` (`store_id`) ON DELETE SET NULL ON UPDATE CASCADE
) ENGINE=InnoDB DEFAULT CHARSET=utf8 COMMENT='Sales Recurring Profile';


CREATE TABLE `sales_recurring_profile_order` (
  `link_id` int(10) unsigned NOT NULL AUTO_INCREMENT COMMENT 'Link Id',
  `profile_id` int(10) unsigned NOT NULL DEFAULT '0' COMMENT 'Profile Id',
  `order_id` int(10) unsigned NOT NULL DEFAULT '0' COMMENT 'Order Id',
  PRIMARY KEY (`link_id`),
  UNIQUE KEY `UNQ_SALES_RECURRING_PROFILE_ORDER_PROFILE_ID_ORDER_ID` (`profile_id`,`order_id`),
  KEY `IDX_SALES_RECURRING_PROFILE_ORDER_ORDER_ID` (`order_id`),
  CONSTRAINT `FK_7FF85741C66DCD37A4FBE3E3255A5A01` FOREIGN KEY (`order_id`) REFERENCES `sales_flat_order` (`entity_id`) ON DELETE CASCADE ON UPDATE CASCADE,
  CONSTRAINT `FK_B8A7A5397B67455786E55461748C59F4` FOREIGN KEY (`profile_id`) REFERENCES `sales_recurring_profile` (`profile_id`) ON DELETE CASCADE ON UPDATE CASCADE
) ENGINE=InnoDB DEFAULT CHARSET=utf8 COMMENT='Sales Recurring Profile Order';


CREATE TABLE `sales_refunded_aggregated` (
  `id` int(10) unsigned NOT NULL AUTO_INCREMENT COMMENT 'Id',
  `period` date DEFAULT NULL COMMENT 'Period',
  `store_id` smallint(5) unsigned DEFAULT NULL COMMENT 'Store Id',
  `order_status` varchar(50) NOT NULL DEFAULT '' COMMENT 'Order Status',
  `orders_count` int(11) NOT NULL DEFAULT '0' COMMENT 'Orders Count',
  `refunded` decimal(12,4) DEFAULT NULL COMMENT 'Refunded',
  `online_refunded` decimal(12,4) DEFAULT NULL COMMENT 'Online Refunded',
  `offline_refunded` decimal(12,4) DEFAULT NULL COMMENT 'Offline Refunded',
  PRIMARY KEY (`id`),
  UNIQUE KEY `UNQ_SALES_REFUNDED_AGGREGATED_PERIOD_STORE_ID_ORDER_STATUS` (`period`,`store_id`,`order_status`),
  KEY `IDX_SALES_REFUNDED_AGGREGATED_STORE_ID` (`store_id`),
  CONSTRAINT `FK_SALES_REFUNDED_AGGREGATED_STORE_ID_CORE_STORE_STORE_ID` FOREIGN KEY (`store_id`) REFERENCES `core_store` (`store_id`) ON DELETE SET NULL ON UPDATE CASCADE
) ENGINE=InnoDB DEFAULT CHARSET=utf8 COMMENT='Sales Refunded Aggregated';


CREATE TABLE `sales_refunded_aggregated_order` (
  `id` int(10) unsigned NOT NULL AUTO_INCREMENT COMMENT 'Id',
  `period` date DEFAULT NULL COMMENT 'Period',
  `store_id` smallint(5) unsigned DEFAULT NULL COMMENT 'Store Id',
  `order_status` varchar(50) DEFAULT NULL COMMENT 'Order Status',
  `orders_count` int(11) NOT NULL DEFAULT '0' COMMENT 'Orders Count',
  `refunded` decimal(12,4) DEFAULT NULL COMMENT 'Refunded',
  `online_refunded` decimal(12,4) DEFAULT NULL COMMENT 'Online Refunded',
  `offline_refunded` decimal(12,4) DEFAULT NULL COMMENT 'Offline Refunded',
  PRIMARY KEY (`id`),
  UNIQUE KEY `UNQ_SALES_REFUNDED_AGGREGATED_ORDER_PERIOD_STORE_ID_ORDER_STATUS` (`period`,`store_id`,`order_status`),
  KEY `IDX_SALES_REFUNDED_AGGREGATED_ORDER_STORE_ID` (`store_id`),
  CONSTRAINT `FK_SALES_REFUNDED_AGGREGATED_ORDER_STORE_ID_CORE_STORE_STORE_ID` FOREIGN KEY (`store_id`) REFERENCES `core_store` (`store_id`) ON DELETE SET NULL ON UPDATE CASCADE
) ENGINE=InnoDB DEFAULT CHARSET=utf8 COMMENT='Sales Refunded Aggregated Order';


CREATE TABLE `sales_shipping_aggregated` (
  `id` int(10) unsigned NOT NULL AUTO_INCREMENT COMMENT 'Id',
  `period` date DEFAULT NULL COMMENT 'Period',
  `store_id` smallint(5) unsigned DEFAULT NULL COMMENT 'Store Id',
  `order_status` varchar(50) DEFAULT NULL COMMENT 'Order Status',
  `shipping_description` varchar(255) DEFAULT NULL COMMENT 'Shipping Description',
  `orders_count` int(11) NOT NULL DEFAULT '0' COMMENT 'Orders Count',
  `total_shipping` decimal(12,4) DEFAULT NULL COMMENT 'Total Shipping',
  `total_shipping_actual` decimal(12,4) DEFAULT NULL COMMENT 'Total Shipping Actual',
  PRIMARY KEY (`id`),
  UNIQUE KEY `UNQ_SALES_SHPP_AGGRED_PERIOD_STORE_ID_ORDER_STS_SHPP_DESCRIPTION` (`period`,`store_id`,`order_status`,`shipping_description`),
  KEY `IDX_SALES_SHIPPING_AGGREGATED_STORE_ID` (`store_id`),
  CONSTRAINT `FK_SALES_SHIPPING_AGGREGATED_STORE_ID_CORE_STORE_STORE_ID` FOREIGN KEY (`store_id`) REFERENCES `core_store` (`store_id`) ON DELETE SET NULL ON UPDATE CASCADE
) ENGINE=InnoDB DEFAULT CHARSET=utf8 COMMENT='Sales Shipping Aggregated';


CREATE TABLE `sales_shipping_aggregated_order` (
  `id` int(10) unsigned NOT NULL AUTO_INCREMENT COMMENT 'Id',
  `period` date DEFAULT NULL COMMENT 'Period',
  `store_id` smallint(5) unsigned DEFAULT NULL COMMENT 'Store Id',
  `order_status` varchar(50) DEFAULT NULL COMMENT 'Order Status',
  `shipping_description` varchar(255) DEFAULT NULL COMMENT 'Shipping Description',
  `orders_count` int(11) NOT NULL DEFAULT '0' COMMENT 'Orders Count',
  `total_shipping` decimal(12,4) DEFAULT NULL COMMENT 'Total Shipping',
  `total_shipping_actual` decimal(12,4) DEFAULT NULL COMMENT 'Total Shipping Actual',
  PRIMARY KEY (`id`),
  UNIQUE KEY `C05FAE47282EEA68654D0924E946761F` (`period`,`store_id`,`order_status`,`shipping_description`),
  KEY `IDX_SALES_SHIPPING_AGGREGATED_ORDER_STORE_ID` (`store_id`),
  CONSTRAINT `FK_SALES_SHIPPING_AGGREGATED_ORDER_STORE_ID_CORE_STORE_STORE_ID` FOREIGN KEY (`store_id`) REFERENCES `core_store` (`store_id`) ON DELETE SET NULL ON UPDATE CASCADE
) ENGINE=InnoDB DEFAULT CHARSET=utf8 COMMENT='Sales Shipping Aggregated Order';


CREATE TABLE `scandi_menumanager_menu` (
  `menu_id` smallint(6) NOT NULL AUTO_INCREMENT COMMENT 'Menu ID',
  `title` varchar(255) NOT NULL COMMENT 'Menu Title',
  `identifier` varchar(255) NOT NULL COMMENT 'Menu String Identifier',
  `type` varchar(255) NOT NULL DEFAULT 'none' COMMENT 'Menu Type',
  `css_class` varchar(255) DEFAULT NULL COMMENT 'Menu CSS Class',
  `is_active` smallint(6) NOT NULL DEFAULT '1' COMMENT 'Is Menu Active',
  PRIMARY KEY (`menu_id`)
) ENGINE=InnoDB DEFAULT CHARSET=utf8 COMMENT='MenuManager Menu Table';

INSERT INTO `scandi_menumanager_menu` (`menu_id`, `title`, `identifier`, `type`, `css_class`, `is_active`) VALUES
(1,	'Main Menu',	'main_menu',	'horizontal',	NULL,	1),
(2,	'Footer Menu',	'footer_menu',	'horizontal',	NULL,	1);

CREATE TABLE `scandi_menumanager_menu_item` (
  `item_id` smallint(6) NOT NULL AUTO_INCREMENT COMMENT 'Item ID',
  `menu_id` smallint(6) NOT NULL COMMENT 'Menu ID',
  `parent_id` smallint(6) NOT NULL COMMENT 'Parent ID',
  `title` varchar(255) NOT NULL COMMENT 'Item Title',
  `identifier` varchar(255) NOT NULL COMMENT 'Item String Identifier',
  `url` varchar(255) DEFAULT NULL COMMENT 'Item Url',
  `type` varchar(255) NOT NULL DEFAULT 'same_window' COMMENT 'Item Open Type',
  `css_class` varchar(255) DEFAULT NULL COMMENT 'Item CSS Class',
  `position` smallint(6) NOT NULL DEFAULT '0' COMMENT 'Item Position',
  `is_active` smallint(6) NOT NULL DEFAULT '1' COMMENT 'Is Item Active',
  `url_type` int(11) NOT NULL DEFAULT '1' COMMENT 'Item Url Type',
  `position_path` varchar(100) NOT NULL DEFAULT '0' COMMENT 'Position Path',
  `cms_page_identifier` varchar(255) DEFAULT NULL COMMENT 'Item CMS page identifier',
  PRIMARY KEY (`item_id`),
  KEY `IDX_SCANDI_MENUMANAGER_MENU_ITEM_IDENTIFIER` (`identifier`),
  KEY `FK_CD1B675F58A4D75DABBF47DF93D619AE` (`menu_id`),
  CONSTRAINT `FK_CD1B675F58A4D75DABBF47DF93D619AE` FOREIGN KEY (`menu_id`) REFERENCES `scandi_menumanager_menu` (`menu_id`) ON DELETE CASCADE ON UPDATE CASCADE
) ENGINE=InnoDB DEFAULT CHARSET=utf8 COMMENT='MenuManager Menu Item Table';

INSERT INTO `scandi_menumanager_menu_item` (`item_id`, `menu_id`, `parent_id`, `title`, `identifier`, `url`, `type`, `css_class`, `position`, `is_active`, `url_type`, `position_path`, `cms_page_identifier`) VALUES
(1,	1,	0,	'Books',	'menu_1_item_2017_08_30_06_59_18',	'books/',	'same_window',	NULL,	0,	1,	1,	'00000',	NULL),
(2,	1,	0,	'About',	'menu_1_item_2017_08_30_07_01_31',	'about/',	'same_window',	NULL,	1,	1,	1,	'00001',	NULL),
(3,	1,	0,	'News',	'menu_1_item_2017_08_30_07_01_44',	'blog/cat/news/',	'same_window',	NULL,	2,	1,	1,	'00002',	NULL),
(4,	1,	0,	'Events',	'menu_1_item_2017_08_30_07_02_02',	'blog/cat/events/',	'same_window',	NULL,	3,	1,	1,	'00003',	NULL),
(5,	1,	0,	'Authors',	'menu_1_item_2017_08_30_07_02_16',	'authors/',	'same_window',	NULL,	4,	1,	1,	'00004',	NULL),
(6,	1,	0,	'Partners',	'menu_1_item_2017_08_30_07_02_33',	'partners/',	'same_window',	NULL,	5,	1,	1,	'00005',	NULL),
(7,	1,	0,	'In the media',	'menu_1_item_2017_08_30_07_02_48',	'in-the-media/',	'same_window',	NULL,	6,	0,	1,	'00006',	NULL),
(8,	1,	0,	'Interviews',	'menu_1_item_2017_08_30_07_03_04',	'interviews/',	'same_window',	NULL,	7,	1,	1,	'00007',	NULL),
(9,	1,	0,	'Contact',	'menu_1_item_2017_08_30_07_03_33',	'contacts/',	'same_window',	NULL,	8,	1,	1,	'00008',	NULL),
(10,	1,	0,	'Blog',	'menu_1_item_2017_08_30_07_03_57',	'https://uncutvoices.wordpress.com/',	'new_window',	NULL,	9,	1,	1,	'00009',	NULL),
(11,	2,	0,	'Terms & Conditions',	'menu_2_item_2017_09_06_14_13_20',	NULL,	'same_window',	NULL,	0,	1,	2,	'00000',	'terms-and-conditions'),
(12,	2,	0,	'Privacy Policy',	'menu_2_item_2017_09_06_14_13_39',	NULL,	'same_window',	NULL,	1,	1,	2,	'00001',	'privacy-policy');

CREATE TABLE `scandi_menumanager_menu_store` (
  `menu_id` smallint(6) NOT NULL COMMENT 'Menu ID',
  `store_id` smallint(5) unsigned NOT NULL COMMENT 'Store ID',
  PRIMARY KEY (`menu_id`,`store_id`),
  KEY `IDX_SCANDI_MENUMANAGER_MENU_STORE_STORE_ID` (`store_id`),
  CONSTRAINT `FK_03334C308C1F4C2DE619963799780C88` FOREIGN KEY (`menu_id`) REFERENCES `scandi_menumanager_menu` (`menu_id`) ON DELETE CASCADE ON UPDATE CASCADE,
  CONSTRAINT `FK_SCANDI_MENUMANAGER_MENU_STORE_STORE_ID_CORE_STORE_STORE_ID` FOREIGN KEY (`store_id`) REFERENCES `core_store` (`store_id`) ON DELETE CASCADE ON UPDATE CASCADE
) ENGINE=InnoDB DEFAULT CHARSET=utf8 COMMENT='MenuManager Menu To Store Linkage Table';

INSERT INTO `scandi_menumanager_menu_store` (`menu_id`, `store_id`) VALUES
(1,	1),
(2,	1);

CREATE TABLE `sendfriend_log` (
  `log_id` int(10) unsigned NOT NULL AUTO_INCREMENT COMMENT 'Log ID',
  `ip` varbinary(16) DEFAULT NULL,
  `time` int(10) unsigned NOT NULL DEFAULT '0' COMMENT 'Log time',
  `website_id` smallint(5) unsigned NOT NULL DEFAULT '0' COMMENT 'Website ID',
  PRIMARY KEY (`log_id`),
  KEY `IDX_SENDFRIEND_LOG_IP` (`ip`),
  KEY `IDX_SENDFRIEND_LOG_TIME` (`time`)
) ENGINE=InnoDB DEFAULT CHARSET=utf8 COMMENT='Send to friend function log storage table';


CREATE TABLE `shipping_tablerate` (
  `pk` int(10) unsigned NOT NULL AUTO_INCREMENT COMMENT 'Primary key',
  `website_id` int(11) NOT NULL DEFAULT '0' COMMENT 'Website Id',
  `dest_country_id` varchar(4) NOT NULL DEFAULT '0' COMMENT 'Destination coutry ISO/2 or ISO/3 code',
  `dest_region_id` int(11) NOT NULL DEFAULT '0' COMMENT 'Destination Region Id',
  `dest_zip` varchar(10) NOT NULL DEFAULT '*' COMMENT 'Destination Post Code (Zip)',
  `condition_name` varchar(20) NOT NULL COMMENT 'Rate Condition name',
  `condition_value` decimal(12,4) NOT NULL DEFAULT '0.0000' COMMENT 'Rate condition value',
  `price` decimal(12,4) NOT NULL DEFAULT '0.0000' COMMENT 'Price',
  `cost` decimal(12,4) NOT NULL DEFAULT '0.0000' COMMENT 'Cost',
  PRIMARY KEY (`pk`),
  UNIQUE KEY `D60821CDB2AFACEE1566CFC02D0D4CAA` (`website_id`,`dest_country_id`,`dest_region_id`,`dest_zip`,`condition_name`,`condition_value`)
) ENGINE=InnoDB DEFAULT CHARSET=utf8 COMMENT='Shipping Tablerate';

INSERT INTO `shipping_tablerate` (`pk`, `website_id`, `dest_country_id`, `dest_region_id`, `dest_zip`, `condition_name`, `condition_value`, `price`, `cost`) VALUES
(1,	1,	'0',	0,	'*',	'package_qty',	29.0000,	46.0000,	0.0000),
(2,	1,	'0',	0,	'*',	'package_qty',	28.0000,	44.5000,	0.0000),
(3,	1,	'0',	0,	'*',	'package_qty',	27.0000,	43.0000,	0.0000),
(4,	1,	'0',	0,	'*',	'package_qty',	26.0000,	41.5000,	0.0000),
(5,	1,	'0',	0,	'*',	'package_qty',	25.0000,	40.0000,	0.0000),
(6,	1,	'0',	0,	'*',	'package_qty',	24.0000,	38.5000,	0.0000),
(7,	1,	'0',	0,	'*',	'package_qty',	23.0000,	37.0000,	0.0000),
(8,	1,	'0',	0,	'*',	'package_qty',	22.0000,	35.5000,	0.0000),
(9,	1,	'0',	0,	'*',	'package_qty',	21.0000,	34.0000,	0.0000),
(10,	1,	'0',	0,	'*',	'package_qty',	20.0000,	32.5000,	0.0000),
(11,	1,	'0',	0,	'*',	'package_qty',	19.0000,	31.0000,	0.0000),
(12,	1,	'0',	0,	'*',	'package_qty',	18.0000,	29.5000,	0.0000),
(13,	1,	'0',	0,	'*',	'package_qty',	50.0000,	77.5000,	0.0000),
(14,	1,	'0',	0,	'*',	'package_qty',	17.0000,	28.0000,	0.0000),
(15,	1,	'0',	0,	'*',	'package_qty',	49.0000,	76.0000,	0.0000),
(16,	1,	'0',	0,	'*',	'package_qty',	16.0000,	26.5000,	0.0000),
(17,	1,	'0',	0,	'*',	'package_qty',	48.0000,	74.5000,	0.0000),
(18,	1,	'0',	0,	'*',	'package_qty',	15.0000,	25.0000,	0.0000),
(19,	1,	'0',	0,	'*',	'package_qty',	47.0000,	73.0000,	0.0000),
(20,	1,	'0',	0,	'*',	'package_qty',	14.0000,	23.5000,	0.0000),
(21,	1,	'0',	0,	'*',	'package_qty',	46.0000,	71.5000,	0.0000),
(22,	1,	'0',	0,	'*',	'package_qty',	13.0000,	22.0000,	0.0000),
(23,	1,	'0',	0,	'*',	'package_qty',	45.0000,	70.0000,	0.0000),
(24,	1,	'0',	0,	'*',	'package_qty',	12.0000,	20.5000,	0.0000),
(25,	1,	'0',	0,	'*',	'package_qty',	44.0000,	68.5000,	0.0000),
(26,	1,	'0',	0,	'*',	'package_qty',	11.0000,	19.0000,	0.0000),
(27,	1,	'0',	0,	'*',	'package_qty',	43.0000,	67.0000,	0.0000),
(28,	1,	'0',	0,	'*',	'package_qty',	10.0000,	17.5000,	0.0000),
(29,	1,	'0',	0,	'*',	'package_qty',	42.0000,	65.5000,	0.0000),
(30,	1,	'0',	0,	'*',	'package_qty',	9.0000,	16.0000,	0.0000),
(31,	1,	'0',	0,	'*',	'package_qty',	41.0000,	64.0000,	0.0000),
(32,	1,	'0',	0,	'*',	'package_qty',	8.0000,	14.5000,	0.0000),
(33,	1,	'0',	0,	'*',	'package_qty',	40.0000,	62.5000,	0.0000),
(34,	1,	'0',	0,	'*',	'package_qty',	7.0000,	13.0000,	0.0000),
(35,	1,	'0',	0,	'*',	'package_qty',	39.0000,	61.0000,	0.0000),
(36,	1,	'0',	0,	'*',	'package_qty',	6.0000,	11.5000,	0.0000),
(37,	1,	'0',	0,	'*',	'package_qty',	38.0000,	59.5000,	0.0000),
(38,	1,	'0',	0,	'*',	'package_qty',	5.0000,	10.0000,	0.0000),
(39,	1,	'0',	0,	'*',	'package_qty',	37.0000,	58.0000,	0.0000),
(40,	1,	'0',	0,	'*',	'package_qty',	4.0000,	8.5000,	0.0000),
(41,	1,	'0',	0,	'*',	'package_qty',	36.0000,	56.5000,	0.0000),
(42,	1,	'0',	0,	'*',	'package_qty',	3.0000,	7.0000,	0.0000),
(43,	1,	'0',	0,	'*',	'package_qty',	35.0000,	55.0000,	0.0000),
(44,	1,	'0',	0,	'*',	'package_qty',	2.0000,	5.5000,	0.0000),
(45,	1,	'0',	0,	'*',	'package_qty',	34.0000,	53.5000,	0.0000),
(46,	1,	'0',	0,	'*',	'package_qty',	1.0000,	4.0000,	0.0000),
(47,	1,	'0',	0,	'*',	'package_qty',	33.0000,	52.0000,	0.0000),
(48,	1,	'0',	0,	'*',	'package_qty',	32.0000,	50.5000,	0.0000),
(49,	1,	'0',	0,	'*',	'package_qty',	31.0000,	49.0000,	0.0000),
(50,	1,	'0',	0,	'*',	'package_qty',	30.0000,	47.5000,	0.0000);

CREATE TABLE `sitemap` (
  `sitemap_id` int(10) unsigned NOT NULL AUTO_INCREMENT COMMENT 'Sitemap Id',
  `sitemap_type` varchar(32) DEFAULT NULL COMMENT 'Sitemap Type',
  `sitemap_filename` varchar(32) DEFAULT NULL COMMENT 'Sitemap Filename',
  `sitemap_path` varchar(255) DEFAULT NULL COMMENT 'Sitemap Path',
  `sitemap_time` timestamp NULL DEFAULT NULL COMMENT 'Sitemap Time',
  `store_id` smallint(5) unsigned NOT NULL DEFAULT '0' COMMENT 'Store id',
  PRIMARY KEY (`sitemap_id`),
  KEY `IDX_SITEMAP_STORE_ID` (`store_id`),
  CONSTRAINT `FK_SITEMAP_STORE_ID_CORE_STORE_STORE_ID` FOREIGN KEY (`store_id`) REFERENCES `core_store` (`store_id`) ON DELETE CASCADE ON UPDATE CASCADE
) ENGINE=InnoDB DEFAULT CHARSET=utf8 COMMENT='Google Sitemap';


CREATE TABLE `tag` (
  `tag_id` int(10) unsigned NOT NULL AUTO_INCREMENT COMMENT 'Tag Id',
  `name` varchar(255) DEFAULT NULL COMMENT 'Name',
  `status` smallint(6) NOT NULL DEFAULT '0' COMMENT 'Status',
  `first_customer_id` int(10) unsigned DEFAULT NULL COMMENT 'First Customer Id',
  `first_store_id` smallint(5) unsigned DEFAULT NULL COMMENT 'First Store Id',
  PRIMARY KEY (`tag_id`),
  KEY `FK_TAG_FIRST_CUSTOMER_ID_CUSTOMER_ENTITY_ENTITY_ID` (`first_customer_id`),
  KEY `FK_TAG_FIRST_STORE_ID_CORE_STORE_STORE_ID` (`first_store_id`),
  CONSTRAINT `FK_TAG_FIRST_CUSTOMER_ID_CUSTOMER_ENTITY_ENTITY_ID` FOREIGN KEY (`first_customer_id`) REFERENCES `customer_entity` (`entity_id`) ON DELETE SET NULL ON UPDATE NO ACTION,
  CONSTRAINT `FK_TAG_FIRST_STORE_ID_CORE_STORE_STORE_ID` FOREIGN KEY (`first_store_id`) REFERENCES `core_store` (`store_id`) ON DELETE SET NULL ON UPDATE NO ACTION
) ENGINE=InnoDB DEFAULT CHARSET=utf8 COMMENT='Tag';


CREATE TABLE `tag_properties` (
  `tag_id` int(10) unsigned NOT NULL DEFAULT '0' COMMENT 'Tag Id',
  `store_id` smallint(5) unsigned NOT NULL DEFAULT '0' COMMENT 'Store Id',
  `base_popularity` int(10) unsigned NOT NULL DEFAULT '0' COMMENT 'Base Popularity',
  PRIMARY KEY (`tag_id`,`store_id`),
  KEY `IDX_TAG_PROPERTIES_STORE_ID` (`store_id`),
  CONSTRAINT `FK_TAG_PROPERTIES_STORE_ID_CORE_STORE_STORE_ID` FOREIGN KEY (`store_id`) REFERENCES `core_store` (`store_id`) ON DELETE CASCADE ON UPDATE CASCADE,
  CONSTRAINT `FK_TAG_PROPERTIES_TAG_ID_TAG_TAG_ID` FOREIGN KEY (`tag_id`) REFERENCES `tag` (`tag_id`) ON DELETE CASCADE ON UPDATE CASCADE
) ENGINE=InnoDB DEFAULT CHARSET=utf8 COMMENT='Tag Properties';


CREATE TABLE `tag_relation` (
  `tag_relation_id` int(10) unsigned NOT NULL AUTO_INCREMENT COMMENT 'Tag Relation Id',
  `tag_id` int(10) unsigned NOT NULL DEFAULT '0' COMMENT 'Tag Id',
  `customer_id` int(10) unsigned DEFAULT NULL COMMENT 'Customer Id',
  `product_id` int(10) unsigned NOT NULL DEFAULT '0' COMMENT 'Product Id',
  `store_id` smallint(5) unsigned NOT NULL DEFAULT '1' COMMENT 'Store Id',
  `active` smallint(5) unsigned NOT NULL DEFAULT '1' COMMENT 'Active',
  `created_at` timestamp NULL DEFAULT NULL COMMENT 'Created At',
  PRIMARY KEY (`tag_relation_id`),
  UNIQUE KEY `UNQ_TAG_RELATION_TAG_ID_CUSTOMER_ID_PRODUCT_ID_STORE_ID` (`tag_id`,`customer_id`,`product_id`,`store_id`),
  KEY `IDX_TAG_RELATION_PRODUCT_ID` (`product_id`),
  KEY `IDX_TAG_RELATION_TAG_ID` (`tag_id`),
  KEY `IDX_TAG_RELATION_CUSTOMER_ID` (`customer_id`),
  KEY `IDX_TAG_RELATION_STORE_ID` (`store_id`),
  CONSTRAINT `FK_TAG_RELATION_CUSTOMER_ID_CUSTOMER_ENTITY_ENTITY_ID` FOREIGN KEY (`customer_id`) REFERENCES `customer_entity` (`entity_id`) ON DELETE CASCADE ON UPDATE CASCADE,
  CONSTRAINT `FK_TAG_RELATION_PRODUCT_ID_CATALOG_PRODUCT_ENTITY_ENTITY_ID` FOREIGN KEY (`product_id`) REFERENCES `catalog_product_entity` (`entity_id`) ON DELETE CASCADE ON UPDATE CASCADE,
  CONSTRAINT `FK_TAG_RELATION_STORE_ID_CORE_STORE_STORE_ID` FOREIGN KEY (`store_id`) REFERENCES `core_store` (`store_id`) ON DELETE CASCADE ON UPDATE CASCADE,
  CONSTRAINT `FK_TAG_RELATION_TAG_ID_TAG_TAG_ID` FOREIGN KEY (`tag_id`) REFERENCES `tag` (`tag_id`) ON DELETE CASCADE ON UPDATE CASCADE
) ENGINE=InnoDB DEFAULT CHARSET=utf8 COMMENT='Tag Relation';


CREATE TABLE `tag_summary` (
  `tag_id` int(10) unsigned NOT NULL DEFAULT '0' COMMENT 'Tag Id',
  `store_id` smallint(5) unsigned NOT NULL DEFAULT '0' COMMENT 'Store Id',
  `customers` int(10) unsigned NOT NULL DEFAULT '0' COMMENT 'Customers',
  `products` int(10) unsigned NOT NULL DEFAULT '0' COMMENT 'Products',
  `uses` int(10) unsigned NOT NULL DEFAULT '0' COMMENT 'Uses',
  `historical_uses` int(10) unsigned NOT NULL DEFAULT '0' COMMENT 'Historical Uses',
  `popularity` int(10) unsigned NOT NULL DEFAULT '0' COMMENT 'Popularity',
  `base_popularity` int(10) unsigned NOT NULL DEFAULT '0' COMMENT 'Base Popularity',
  PRIMARY KEY (`tag_id`,`store_id`),
  KEY `IDX_TAG_SUMMARY_STORE_ID` (`store_id`),
  KEY `IDX_TAG_SUMMARY_TAG_ID` (`tag_id`),
  CONSTRAINT `FK_TAG_SUMMARY_STORE_ID_CORE_STORE_STORE_ID` FOREIGN KEY (`store_id`) REFERENCES `core_store` (`store_id`) ON DELETE CASCADE ON UPDATE CASCADE,
  CONSTRAINT `FK_TAG_SUMMARY_TAG_ID_TAG_TAG_ID` FOREIGN KEY (`tag_id`) REFERENCES `tag` (`tag_id`) ON DELETE CASCADE ON UPDATE CASCADE
) ENGINE=InnoDB DEFAULT CHARSET=utf8 COMMENT='Tag Summary';


CREATE TABLE `tax_calculation` (
  `tax_calculation_id` int(11) NOT NULL AUTO_INCREMENT COMMENT 'Tax Calculation Id',
  `tax_calculation_rate_id` int(11) NOT NULL COMMENT 'Tax Calculation Rate Id',
  `tax_calculation_rule_id` int(11) NOT NULL COMMENT 'Tax Calculation Rule Id',
  `customer_tax_class_id` smallint(6) NOT NULL COMMENT 'Customer Tax Class Id',
  `product_tax_class_id` smallint(6) NOT NULL COMMENT 'Product Tax Class Id',
  PRIMARY KEY (`tax_calculation_id`),
  KEY `IDX_TAX_CALCULATION_TAX_CALCULATION_RULE_ID` (`tax_calculation_rule_id`),
  KEY `IDX_TAX_CALCULATION_TAX_CALCULATION_RATE_ID` (`tax_calculation_rate_id`),
  KEY `IDX_TAX_CALCULATION_CUSTOMER_TAX_CLASS_ID` (`customer_tax_class_id`),
  KEY `IDX_TAX_CALCULATION_PRODUCT_TAX_CLASS_ID` (`product_tax_class_id`),
  KEY `IDX_TAX_CALC_TAX_CALC_RATE_ID_CSTR_TAX_CLASS_ID_PRD_TAX_CLASS_ID` (`tax_calculation_rate_id`,`customer_tax_class_id`,`product_tax_class_id`),
  CONSTRAINT `FK_TAX_CALCULATION_CUSTOMER_TAX_CLASS_ID_TAX_CLASS_CLASS_ID` FOREIGN KEY (`customer_tax_class_id`) REFERENCES `tax_class` (`class_id`) ON DELETE CASCADE ON UPDATE CASCADE,
  CONSTRAINT `FK_TAX_CALCULATION_PRODUCT_TAX_CLASS_ID_TAX_CLASS_CLASS_ID` FOREIGN KEY (`product_tax_class_id`) REFERENCES `tax_class` (`class_id`) ON DELETE CASCADE ON UPDATE CASCADE,
  CONSTRAINT `FK_TAX_CALC_TAX_CALC_RATE_ID_TAX_CALC_RATE_TAX_CALC_RATE_ID` FOREIGN KEY (`tax_calculation_rate_id`) REFERENCES `tax_calculation_rate` (`tax_calculation_rate_id`) ON DELETE CASCADE ON UPDATE CASCADE,
  CONSTRAINT `FK_TAX_CALC_TAX_CALC_RULE_ID_TAX_CALC_RULE_TAX_CALC_RULE_ID` FOREIGN KEY (`tax_calculation_rule_id`) REFERENCES `tax_calculation_rule` (`tax_calculation_rule_id`) ON DELETE CASCADE ON UPDATE CASCADE
) ENGINE=InnoDB DEFAULT CHARSET=utf8 COMMENT='Tax Calculation';


CREATE TABLE `tax_calculation_rate` (
  `tax_calculation_rate_id` int(11) NOT NULL AUTO_INCREMENT COMMENT 'Tax Calculation Rate Id',
  `tax_country_id` varchar(2) NOT NULL COMMENT 'Tax Country Id',
  `tax_region_id` int(11) NOT NULL COMMENT 'Tax Region Id',
  `tax_postcode` varchar(21) DEFAULT NULL COMMENT 'Tax Postcode',
  `code` varchar(255) NOT NULL COMMENT 'Code',
  `rate` decimal(12,4) NOT NULL COMMENT 'Rate',
  `zip_is_range` smallint(6) DEFAULT NULL COMMENT 'Zip Is Range',
  `zip_from` int(10) unsigned DEFAULT NULL COMMENT 'Zip From',
  `zip_to` int(10) unsigned DEFAULT NULL COMMENT 'Zip To',
  PRIMARY KEY (`tax_calculation_rate_id`),
  KEY `IDX_TAX_CALC_RATE_TAX_COUNTRY_ID_TAX_REGION_ID_TAX_POSTCODE` (`tax_country_id`,`tax_region_id`,`tax_postcode`),
  KEY `IDX_TAX_CALCULATION_RATE_CODE` (`code`),
  KEY `CA799F1E2CB843495F601E56C84A626D` (`tax_calculation_rate_id`,`tax_country_id`,`tax_region_id`,`zip_is_range`,`tax_postcode`)
) ENGINE=InnoDB DEFAULT CHARSET=utf8 COMMENT='Tax Calculation Rate';


CREATE TABLE `tax_calculation_rate_title` (
  `tax_calculation_rate_title_id` int(11) NOT NULL AUTO_INCREMENT COMMENT 'Tax Calculation Rate Title Id',
  `tax_calculation_rate_id` int(11) NOT NULL COMMENT 'Tax Calculation Rate Id',
  `store_id` smallint(5) unsigned NOT NULL COMMENT 'Store Id',
  `value` varchar(255) NOT NULL COMMENT 'Value',
  PRIMARY KEY (`tax_calculation_rate_title_id`),
  KEY `IDX_TAX_CALCULATION_RATE_TITLE_TAX_CALCULATION_RATE_ID_STORE_ID` (`tax_calculation_rate_id`,`store_id`),
  KEY `IDX_TAX_CALCULATION_RATE_TITLE_TAX_CALCULATION_RATE_ID` (`tax_calculation_rate_id`),
  KEY `IDX_TAX_CALCULATION_RATE_TITLE_STORE_ID` (`store_id`),
  CONSTRAINT `FK_37FB965F786AD5897BB3AE90470C42AB` FOREIGN KEY (`tax_calculation_rate_id`) REFERENCES `tax_calculation_rate` (`tax_calculation_rate_id`) ON DELETE CASCADE ON UPDATE CASCADE,
  CONSTRAINT `FK_TAX_CALCULATION_RATE_TITLE_STORE_ID_CORE_STORE_STORE_ID` FOREIGN KEY (`store_id`) REFERENCES `core_store` (`store_id`) ON DELETE CASCADE ON UPDATE CASCADE
) ENGINE=InnoDB DEFAULT CHARSET=utf8 COMMENT='Tax Calculation Rate Title';


CREATE TABLE `tax_calculation_rule` (
  `tax_calculation_rule_id` int(11) NOT NULL AUTO_INCREMENT COMMENT 'Tax Calculation Rule Id',
  `code` varchar(255) NOT NULL COMMENT 'Code',
  `priority` int(11) NOT NULL COMMENT 'Priority',
  `position` int(11) NOT NULL COMMENT 'Position',
  `calculate_subtotal` int(11) NOT NULL COMMENT 'Calculate off subtotal option',
  PRIMARY KEY (`tax_calculation_rule_id`),
  KEY `IDX_TAX_CALC_RULE_PRIORITY_POSITION_TAX_CALC_RULE_ID` (`priority`,`position`,`tax_calculation_rule_id`),
  KEY `IDX_TAX_CALCULATION_RULE_CODE` (`code`)
) ENGINE=InnoDB DEFAULT CHARSET=utf8 COMMENT='Tax Calculation Rule';


CREATE TABLE `tax_class` (
  `class_id` smallint(6) NOT NULL AUTO_INCREMENT COMMENT 'Class Id',
  `class_name` varchar(255) NOT NULL COMMENT 'Class Name',
  `class_type` varchar(8) NOT NULL DEFAULT 'CUSTOMER' COMMENT 'Class Type',
  PRIMARY KEY (`class_id`)
) ENGINE=InnoDB DEFAULT CHARSET=utf8 COMMENT='Tax Class';

INSERT INTO `tax_class` (`class_id`, `class_name`, `class_type`) VALUES
(2,	'Taxable Goods',	'PRODUCT'),
(3,	'Retail Customer',	'CUSTOMER'),
(4,	'Shipping',	'PRODUCT');

CREATE TABLE `tax_order_aggregated_created` (
  `id` int(10) unsigned NOT NULL AUTO_INCREMENT COMMENT 'Id',
  `period` date DEFAULT NULL COMMENT 'Period',
  `store_id` smallint(5) unsigned DEFAULT NULL COMMENT 'Store Id',
  `code` varchar(255) NOT NULL COMMENT 'Code',
  `order_status` varchar(50) NOT NULL COMMENT 'Order Status',
  `percent` float DEFAULT NULL COMMENT 'Percent',
  `orders_count` int(10) unsigned NOT NULL DEFAULT '0' COMMENT 'Orders Count',
  `tax_base_amount_sum` float DEFAULT NULL COMMENT 'Tax Base Amount Sum',
  PRIMARY KEY (`id`),
  UNIQUE KEY `FCA5E2C02689EB2641B30580D7AACF12` (`period`,`store_id`,`code`,`percent`,`order_status`),
  KEY `IDX_TAX_ORDER_AGGREGATED_CREATED_STORE_ID` (`store_id`),
  CONSTRAINT `FK_TAX_ORDER_AGGREGATED_CREATED_STORE_ID_CORE_STORE_STORE_ID` FOREIGN KEY (`store_id`) REFERENCES `core_store` (`store_id`) ON DELETE CASCADE ON UPDATE CASCADE
) ENGINE=InnoDB DEFAULT CHARSET=utf8 COMMENT='Tax Order Aggregation';


CREATE TABLE `tax_order_aggregated_updated` (
  `id` int(10) unsigned NOT NULL AUTO_INCREMENT COMMENT 'Id',
  `period` date DEFAULT NULL COMMENT 'Period',
  `store_id` smallint(5) unsigned DEFAULT NULL COMMENT 'Store Id',
  `code` varchar(255) NOT NULL COMMENT 'Code',
  `order_status` varchar(50) NOT NULL COMMENT 'Order Status',
  `percent` float DEFAULT NULL COMMENT 'Percent',
  `orders_count` int(10) unsigned NOT NULL DEFAULT '0' COMMENT 'Orders Count',
  `tax_base_amount_sum` float DEFAULT NULL COMMENT 'Tax Base Amount Sum',
  PRIMARY KEY (`id`),
  UNIQUE KEY `DB0AF14011199AA6CD31D5078B90AA8D` (`period`,`store_id`,`code`,`percent`,`order_status`),
  KEY `IDX_TAX_ORDER_AGGREGATED_UPDATED_STORE_ID` (`store_id`),
  CONSTRAINT `FK_TAX_ORDER_AGGREGATED_UPDATED_STORE_ID_CORE_STORE_STORE_ID` FOREIGN KEY (`store_id`) REFERENCES `core_store` (`store_id`) ON DELETE CASCADE ON UPDATE CASCADE
) ENGINE=InnoDB DEFAULT CHARSET=utf8 COMMENT='Tax Order Aggregated Updated';


CREATE TABLE `weee_discount` (
  `entity_id` int(10) unsigned NOT NULL DEFAULT '0' COMMENT 'Entity Id',
  `website_id` smallint(5) unsigned NOT NULL DEFAULT '0' COMMENT 'Website Id',
  `customer_group_id` smallint(5) unsigned NOT NULL COMMENT 'Customer Group Id',
  `value` decimal(12,4) NOT NULL DEFAULT '0.0000' COMMENT 'Value',
  KEY `IDX_WEEE_DISCOUNT_WEBSITE_ID` (`website_id`),
  KEY `IDX_WEEE_DISCOUNT_ENTITY_ID` (`entity_id`),
  KEY `IDX_WEEE_DISCOUNT_CUSTOMER_GROUP_ID` (`customer_group_id`),
  CONSTRAINT `FK_WEEE_DISCOUNT_CSTR_GROUP_ID_CSTR_GROUP_CSTR_GROUP_ID` FOREIGN KEY (`customer_group_id`) REFERENCES `customer_group` (`customer_group_id`) ON DELETE CASCADE ON UPDATE CASCADE,
  CONSTRAINT `FK_WEEE_DISCOUNT_ENTITY_ID_CATALOG_PRODUCT_ENTITY_ENTITY_ID` FOREIGN KEY (`entity_id`) REFERENCES `catalog_product_entity` (`entity_id`) ON DELETE CASCADE ON UPDATE CASCADE,
  CONSTRAINT `FK_WEEE_DISCOUNT_WEBSITE_ID_CORE_WEBSITE_WEBSITE_ID` FOREIGN KEY (`website_id`) REFERENCES `core_website` (`website_id`) ON DELETE CASCADE ON UPDATE CASCADE
) ENGINE=InnoDB DEFAULT CHARSET=utf8 COMMENT='Weee Discount';


CREATE TABLE `weee_tax` (
  `value_id` int(11) NOT NULL AUTO_INCREMENT COMMENT 'Value Id',
  `website_id` smallint(5) unsigned NOT NULL DEFAULT '0' COMMENT 'Website Id',
  `entity_id` int(10) unsigned NOT NULL DEFAULT '0' COMMENT 'Entity Id',
  `country` varchar(2) DEFAULT NULL COMMENT 'Country',
  `value` decimal(12,4) NOT NULL DEFAULT '0.0000' COMMENT 'Value',
  `state` varchar(255) NOT NULL DEFAULT '*' COMMENT 'State',
  `attribute_id` smallint(5) unsigned NOT NULL COMMENT 'Attribute Id',
  `entity_type_id` smallint(5) unsigned NOT NULL COMMENT 'Entity Type Id',
  PRIMARY KEY (`value_id`),
  KEY `IDX_WEEE_TAX_WEBSITE_ID` (`website_id`),
  KEY `IDX_WEEE_TAX_ENTITY_ID` (`entity_id`),
  KEY `IDX_WEEE_TAX_COUNTRY` (`country`),
  KEY `IDX_WEEE_TAX_ATTRIBUTE_ID` (`attribute_id`),
  CONSTRAINT `FK_WEEE_TAX_ATTRIBUTE_ID_EAV_ATTRIBUTE_ATTRIBUTE_ID` FOREIGN KEY (`attribute_id`) REFERENCES `eav_attribute` (`attribute_id`) ON DELETE CASCADE ON UPDATE CASCADE,
  CONSTRAINT `FK_WEEE_TAX_COUNTRY_DIRECTORY_COUNTRY_COUNTRY_ID` FOREIGN KEY (`country`) REFERENCES `directory_country` (`country_id`) ON DELETE CASCADE ON UPDATE CASCADE,
  CONSTRAINT `FK_WEEE_TAX_ENTITY_ID_CATALOG_PRODUCT_ENTITY_ENTITY_ID` FOREIGN KEY (`entity_id`) REFERENCES `catalog_product_entity` (`entity_id`) ON DELETE CASCADE ON UPDATE CASCADE,
  CONSTRAINT `FK_WEEE_TAX_WEBSITE_ID_CORE_WEBSITE_WEBSITE_ID` FOREIGN KEY (`website_id`) REFERENCES `core_website` (`website_id`) ON DELETE CASCADE ON UPDATE CASCADE
) ENGINE=InnoDB DEFAULT CHARSET=utf8 COMMENT='Weee Tax';


CREATE TABLE `widget` (
  `widget_id` int(10) unsigned NOT NULL AUTO_INCREMENT COMMENT 'Widget Id',
  `widget_code` varchar(255) DEFAULT NULL COMMENT 'Widget code for template directive',
  `widget_type` varchar(255) DEFAULT NULL COMMENT 'Widget Type',
  `parameters` text COMMENT 'Parameters',
  PRIMARY KEY (`widget_id`),
  KEY `IDX_WIDGET_WIDGET_CODE` (`widget_code`)
) ENGINE=InnoDB DEFAULT CHARSET=utf8 COMMENT='Preconfigured Widgets';


CREATE TABLE `widget_instance` (
  `instance_id` int(10) unsigned NOT NULL AUTO_INCREMENT COMMENT 'Instance Id',
  `instance_type` varchar(255) DEFAULT NULL COMMENT 'Instance Type',
  `package_theme` varchar(255) DEFAULT NULL COMMENT 'Package Theme',
  `title` varchar(255) DEFAULT NULL COMMENT 'Widget Title',
  `store_ids` varchar(255) NOT NULL DEFAULT '0' COMMENT 'Store ids',
  `widget_parameters` text COMMENT 'Widget parameters',
  `sort_order` smallint(5) unsigned NOT NULL DEFAULT '0' COMMENT 'Sort order',
  PRIMARY KEY (`instance_id`)
) ENGINE=InnoDB DEFAULT CHARSET=utf8 COMMENT='Instances of Widget for Package Theme';


CREATE TABLE `widget_instance_page` (
  `page_id` int(10) unsigned NOT NULL AUTO_INCREMENT COMMENT 'Page Id',
  `instance_id` int(10) unsigned NOT NULL DEFAULT '0' COMMENT 'Instance Id',
  `page_group` varchar(25) DEFAULT NULL COMMENT 'Block Group Type',
  `layout_handle` varchar(255) DEFAULT NULL COMMENT 'Layout Handle',
  `block_reference` varchar(255) DEFAULT NULL COMMENT 'Block Reference',
  `page_for` varchar(25) DEFAULT NULL COMMENT 'For instance entities',
  `entities` text COMMENT 'Catalog entities (comma separated)',
  `page_template` varchar(255) DEFAULT NULL COMMENT 'Path to widget template',
  PRIMARY KEY (`page_id`),
  KEY `IDX_WIDGET_INSTANCE_PAGE_INSTANCE_ID` (`instance_id`),
  CONSTRAINT `FK_WIDGET_INSTANCE_PAGE_INSTANCE_ID_WIDGET_INSTANCE_INSTANCE_ID` FOREIGN KEY (`instance_id`) REFERENCES `widget_instance` (`instance_id`) ON DELETE CASCADE ON UPDATE CASCADE
) ENGINE=InnoDB DEFAULT CHARSET=utf8 COMMENT='Instance of Widget on Page';


CREATE TABLE `widget_instance_page_layout` (
  `page_id` int(10) unsigned NOT NULL DEFAULT '0' COMMENT 'Page Id',
  `layout_update_id` int(10) unsigned NOT NULL DEFAULT '0' COMMENT 'Layout Update Id',
  UNIQUE KEY `UNQ_WIDGET_INSTANCE_PAGE_LAYOUT_LAYOUT_UPDATE_ID_PAGE_ID` (`layout_update_id`,`page_id`),
  KEY `IDX_WIDGET_INSTANCE_PAGE_LAYOUT_PAGE_ID` (`page_id`),
  KEY `IDX_WIDGET_INSTANCE_PAGE_LAYOUT_LAYOUT_UPDATE_ID` (`layout_update_id`),
  CONSTRAINT `FK_0A5D06DCEC6A6845F50E5FAAC5A1C96D` FOREIGN KEY (`layout_update_id`) REFERENCES `core_layout_update` (`layout_update_id`) ON DELETE CASCADE ON UPDATE CASCADE,
  CONSTRAINT `FK_WIDGET_INSTANCE_PAGE_LYT_PAGE_ID_WIDGET_INSTANCE_PAGE_PAGE_ID` FOREIGN KEY (`page_id`) REFERENCES `widget_instance_page` (`page_id`) ON DELETE CASCADE ON UPDATE CASCADE
) ENGINE=InnoDB DEFAULT CHARSET=utf8 COMMENT='Layout updates';


CREATE TABLE `wishlist` (
  `wishlist_id` int(10) unsigned NOT NULL AUTO_INCREMENT COMMENT 'Wishlist ID',
  `customer_id` int(10) unsigned NOT NULL DEFAULT '0' COMMENT 'Customer ID',
  `shared` smallint(5) unsigned NOT NULL DEFAULT '0' COMMENT 'Sharing flag (0 or 1)',
  `sharing_code` varchar(32) DEFAULT NULL COMMENT 'Sharing encrypted code',
  `updated_at` timestamp NULL DEFAULT NULL COMMENT 'Last updated date',
  PRIMARY KEY (`wishlist_id`),
  UNIQUE KEY `UNQ_WISHLIST_CUSTOMER_ID` (`customer_id`),
  KEY `IDX_WISHLIST_SHARED` (`shared`),
  CONSTRAINT `FK_WISHLIST_CUSTOMER_ID_CUSTOMER_ENTITY_ENTITY_ID` FOREIGN KEY (`customer_id`) REFERENCES `customer_entity` (`entity_id`) ON DELETE CASCADE ON UPDATE CASCADE
) ENGINE=InnoDB DEFAULT CHARSET=utf8 COMMENT='Wishlist main Table';

INSERT INTO `wishlist` (`wishlist_id`, `customer_id`, `shared`, `sharing_code`, `updated_at`) VALUES
(1,	1,	0,	'6e926a02b17ae6f8e1dea5586a4405ee',	'2018-01-19 14:25:03');

CREATE TABLE `wishlist_item` (
  `wishlist_item_id` int(10) unsigned NOT NULL AUTO_INCREMENT COMMENT 'Wishlist item ID',
  `wishlist_id` int(10) unsigned NOT NULL DEFAULT '0' COMMENT 'Wishlist ID',
  `product_id` int(10) unsigned NOT NULL DEFAULT '0' COMMENT 'Product ID',
  `store_id` smallint(5) unsigned DEFAULT NULL COMMENT 'Store ID',
  `added_at` timestamp NULL DEFAULT NULL COMMENT 'Add date and time',
  `description` text COMMENT 'Short description of wish list item',
  `qty` decimal(12,4) NOT NULL COMMENT 'Qty',
  PRIMARY KEY (`wishlist_item_id`),
  KEY `IDX_WISHLIST_ITEM_WISHLIST_ID` (`wishlist_id`),
  KEY `IDX_WISHLIST_ITEM_PRODUCT_ID` (`product_id`),
  KEY `IDX_WISHLIST_ITEM_STORE_ID` (`store_id`),
  CONSTRAINT `FK_WISHLIST_ITEM_PRODUCT_ID_CATALOG_PRODUCT_ENTITY_ENTITY_ID` FOREIGN KEY (`product_id`) REFERENCES `catalog_product_entity` (`entity_id`) ON DELETE CASCADE ON UPDATE CASCADE,
  CONSTRAINT `FK_WISHLIST_ITEM_STORE_ID_CORE_STORE_STORE_ID` FOREIGN KEY (`store_id`) REFERENCES `core_store` (`store_id`) ON DELETE SET NULL ON UPDATE CASCADE,
  CONSTRAINT `FK_WISHLIST_ITEM_WISHLIST_ID_WISHLIST_WISHLIST_ID` FOREIGN KEY (`wishlist_id`) REFERENCES `wishlist` (`wishlist_id`) ON DELETE CASCADE ON UPDATE CASCADE
) ENGINE=InnoDB DEFAULT CHARSET=utf8 COMMENT='Wishlist items';


CREATE TABLE `wishlist_item_option` (
  `option_id` int(10) unsigned NOT NULL AUTO_INCREMENT COMMENT 'Option Id',
  `wishlist_item_id` int(10) unsigned NOT NULL COMMENT 'Wishlist Item Id',
  `product_id` int(10) unsigned NOT NULL COMMENT 'Product Id',
  `code` varchar(255) NOT NULL COMMENT 'Code',
  `value` text COMMENT 'Value',
  PRIMARY KEY (`option_id`),
  KEY `FK_A014B30B04B72DD0EAB3EECD779728D6` (`wishlist_item_id`),
  CONSTRAINT `FK_A014B30B04B72DD0EAB3EECD779728D6` FOREIGN KEY (`wishlist_item_id`) REFERENCES `wishlist_item` (`wishlist_item_id`) ON DELETE CASCADE ON UPDATE CASCADE
) ENGINE=InnoDB DEFAULT CHARSET=utf8 COMMENT='Wishlist Item Option Table';


-- 2018-06-28 13:20:23
