CREATE TABLE `core_email_queue` (
  `message_id` int(10) unsigned NOT NULL AUTO_INCREMENT COMMENT 'Message Id',
  `entity_id` int(10) unsigned DEFAULT NULL COMMENT 'Entity ID',
  `entity_type` varchar(128) DEFAULT NULL COMMENT 'Entity Type',
  `event_type` varchar(128) DEFAULT NULL COMMENT 'Event Type',
  `message_body_hash` varchar(64) NOT NULL COMMENT 'Message Body Hash',
  `message_body` mediumtext NOT NULL COMMENT 'Message Body',
  `message_parameters` text NOT NULL COMMENT 'Message Parameters',
  `created_at` timestamp NULL DEFAULT NULL COMMENT 'Creation Time',
  `processed_at` timestamp NULL DEFAULT NULL COMMENT 'Finish Time',
  PRIMARY KEY (`message_id`),
  KEY `0ADECE62FD629241C147389ADF20706E` (`entity_id`,`entity_type`,`event_type`,`message_body_hash`)
) ENGINE=InnoDB DEFAULT CHARSET=utf8 COMMENT='Email Queue';


CREATE TABLE `core_email_queue_recipients` (
  `recipient_id` int(10) unsigned NOT NULL AUTO_INCREMENT COMMENT 'Recipient Id',
  `message_id` int(10) unsigned NOT NULL COMMENT 'Message ID',
  `recipient_email` varchar(128) NOT NULL COMMENT 'Recipient Email',
  `recipient_name` varchar(255) NOT NULL COMMENT 'Recipient Name',
  `email_type` smallint(6) NOT NULL DEFAULT '0' COMMENT 'Email Type',
  PRIMARY KEY (`recipient_id`),
  UNIQUE KEY `19BDB9C5FE4BD685FCF992A71E976CD0` (`message_id`,`recipient_email`,`email_type`),
  KEY `IDX_CORE_EMAIL_QUEUE_RECIPIENTS_RECIPIENT_EMAIL` (`recipient_email`),
  KEY `IDX_CORE_EMAIL_QUEUE_RECIPIENTS_EMAIL_TYPE` (`email_type`),
  CONSTRAINT `FK_6F4948F3ABF97DE12127EF14B140802A` FOREIGN KEY (`message_id`) REFERENCES `core_email_queue` (`message_id`) ON DELETE CASCADE ON UPDATE CASCADE
) ENGINE=InnoDB DEFAULT CHARSET=utf8 COMMENT='Email Queue';


CREATE TABLE `core_email_template` (
  `template_id` int(10) unsigned NOT NULL AUTO_INCREMENT COMMENT 'Template Id',
  `template_code` varchar(150) NOT NULL COMMENT 'Template Name',
  `template_text` text NOT NULL COMMENT 'Template Content',
  `template_styles` text COMMENT 'Templste Styles',
  `template_type` int(10) unsigned DEFAULT NULL COMMENT 'Template Type',
  `template_subject` varchar(200) NOT NULL COMMENT 'Template Subject',
  `template_sender_name` varchar(200) DEFAULT NULL COMMENT 'Template Sender Name',
  `template_sender_email` varchar(200) DEFAULT NULL COMMENT 'Template Sender Email',
  `added_at` timestamp NULL DEFAULT NULL COMMENT 'Date of Template Creation',
  `modified_at` timestamp NULL DEFAULT NULL COMMENT 'Date of Template Modification',
  `orig_template_code` varchar(200) DEFAULT NULL COMMENT 'Original Template Code',
  `orig_template_variables` text COMMENT 'Original Template Variables',
  PRIMARY KEY (`template_id`),
  UNIQUE KEY `UNQ_CORE_EMAIL_TEMPLATE_TEMPLATE_CODE` (`template_code`),
  KEY `IDX_CORE_EMAIL_TEMPLATE_ADDED_AT` (`added_at`),
  KEY `IDX_CORE_EMAIL_TEMPLATE_MODIFIED_AT` (`modified_at`)
) ENGINE=InnoDB DEFAULT CHARSET=utf8 COMMENT='Email Templates';


CREATE TABLE `core_flag` (
  `flag_id` int(10) unsigned NOT NULL AUTO_INCREMENT COMMENT 'Flag Id',
  `flag_code` varchar(255) NOT NULL COMMENT 'Flag Code',
  `state` smallint(5) unsigned NOT NULL DEFAULT '0' COMMENT 'Flag State',
  `flag_data` text COMMENT 'Flag Data',
  `last_update` timestamp NOT NULL DEFAULT CURRENT_TIMESTAMP ON UPDATE CURRENT_TIMESTAMP COMMENT 'Date of Last Flag Update',
  PRIMARY KEY (`flag_id`),
  KEY `IDX_CORE_FLAG_LAST_UPDATE` (`last_update`)
) ENGINE=InnoDB DEFAULT CHARSET=utf8 COMMENT='Flag';

INSERT INTO `core_flag` (`flag_id`, `flag_code`, `state`, `flag_data`, `last_update`) VALUES
(1,	'admin_notification_survey',	0,	'a:1:{s:13:\"survey_viewed\";b:1;}',	'2017-07-17 11:56:42'),
(2,	'catalog_product_flat',	0,	'a:2:{s:8:\"is_built\";b:1;s:16:\"is_store_built_1\";b:1;}',	'2017-07-17 12:07:24'),
(3,	'report_order_aggregated',	0,	NULL,	'2018-06-28 16:03:54'),
(4,	'report_tax_aggregated',	0,	NULL,	'2018-06-28 16:03:55'),
(5,	'report_shipping_aggregated',	0,	NULL,	'2018-06-28 16:03:55'),
(6,	'report_invoiced_aggregated',	0,	NULL,	'2018-06-28 16:03:56'),
(7,	'report_refunded_aggregated',	0,	NULL,	'2018-06-28 16:03:56'),
(8,	'report_coupons_aggregated',	0,	NULL,	'2018-06-28 16:03:57'),
(9,	'report_bestsellers_aggregated',	0,	NULL,	'2018-06-28 16:03:57'),
(10,	'report_product_viewed_aggregated',	0,	NULL,	'2018-06-28 16:03:57');

CREATE TABLE `core_layout_link` (
  `layout_link_id` int(10) unsigned NOT NULL AUTO_INCREMENT COMMENT 'Link Id',
  `store_id` smallint(5) unsigned NOT NULL DEFAULT '0' COMMENT 'Store Id',
  `area` varchar(64) DEFAULT NULL COMMENT 'Area',
  `package` varchar(64) DEFAULT NULL COMMENT 'Package',
  `theme` varchar(64) DEFAULT NULL COMMENT 'Theme',
  `layout_update_id` int(10) unsigned NOT NULL DEFAULT '0' COMMENT 'Layout Update Id',
  PRIMARY KEY (`layout_link_id`),
  UNIQUE KEY `UNQ_CORE_LAYOUT_LINK_STORE_ID_PACKAGE_THEME_LAYOUT_UPDATE_ID` (`store_id`,`package`,`theme`,`layout_update_id`),
  KEY `IDX_CORE_LAYOUT_LINK_LAYOUT_UPDATE_ID` (`layout_update_id`),
  CONSTRAINT `FK_CORE_LAYOUT_LINK_STORE_ID_CORE_STORE_STORE_ID` FOREIGN KEY (`store_id`) REFERENCES `core_store` (`store_id`) ON DELETE CASCADE ON UPDATE CASCADE,
  CONSTRAINT `FK_CORE_LYT_LNK_LYT_UPDATE_ID_CORE_LYT_UPDATE_LYT_UPDATE_ID` FOREIGN KEY (`layout_update_id`) REFERENCES `core_layout_update` (`layout_update_id`) ON DELETE CASCADE ON UPDATE CASCADE
) ENGINE=InnoDB DEFAULT CHARSET=utf8 COMMENT='Layout Link';


CREATE TABLE `core_layout_update` (
  `layout_update_id` int(10) unsigned NOT NULL AUTO_INCREMENT COMMENT 'Layout Update Id',
  `handle` varchar(255) DEFAULT NULL COMMENT 'Handle',
  `xml` text COMMENT 'Xml',
  `sort_order` smallint(6) NOT NULL DEFAULT '0' COMMENT 'Sort Order',
  PRIMARY KEY (`layout_update_id`),
  KEY `IDX_CORE_LAYOUT_UPDATE_HANDLE` (`handle`)
) ENGINE=InnoDB DEFAULT CHARSET=utf8 COMMENT='Layout Updates';


CREATE TABLE `core_resource` (
  `code` varchar(50) NOT NULL COMMENT 'Resource Code',
  `version` varchar(50) DEFAULT NULL COMMENT 'Resource Version',
  `data_version` varchar(50) DEFAULT NULL COMMENT 'Data Version',
  PRIMARY KEY (`code`)
) ENGINE=InnoDB DEFAULT CHARSET=utf8 COMMENT='Resources';

INSERT INTO `core_resource` (`code`, `version`, `data_version`) VALUES
('adminnotification_setup',	'1.6.0.0',	'1.6.0.0'),
('admin_setup',	'1.6.1.2',	'1.6.1.2'),
('api2_setup',	'1.0.0.0',	'1.0.0.0'),
('api_setup',	'1.6.0.1',	'1.6.0.1'),
('apptrian_imageoptimizer_setup',	'2.2.0',	'2.2.0'),
('apptrian_minify_setup',	'2.0.1',	'2.0.1'),
('authors_setup',	'0.1.0',	'0.1.0'),
('backup_setup',	'1.6.0.0',	'1.6.0.0'),
('blog_setup',	'1.4.0',	'1.4.0'),
('bundle_setup',	'1.6.0.0.1',	'1.6.0.0.1'),
('captcha_setup',	'1.7.0.0.0',	'1.7.0.0.0'),
('catalogindex_setup',	'1.6.0.0',	'1.6.0.0'),
('cataloginventory_setup',	'1.6.0.0.2',	'1.6.0.0.2'),
('catalogrule_setup',	'1.6.0.3',	'1.6.0.3'),
('catalogsearch_setup',	'1.8.2.0',	'1.8.2.0'),
('catalog_setup',	'1.6.0.0.19.1.5',	'1.6.0.0.19.1.5'),
('checkout_setup',	'1.6.0.0',	'1.6.0.0'),
('cms_setup',	'1.6.0.0.2',	'1.6.0.0.2'),
('compiler_setup',	'1.6.0.0',	'1.6.0.0'),
('contacts_setup',	'1.6.0.0',	'1.6.0.0'),
('core_setup',	'1.6.0.7',	'1.6.0.7'),
('cron_setup',	'1.6.0.0',	'1.6.0.0'),
('customer_setup',	'1.6.2.0.5',	'1.6.2.0.5'),
('customgrid_setup',	'0.9.2.1',	'0.9.2.1'),
('dataflow_setup',	'1.6.0.0',	'1.6.0.0'),
('defcon2imaclean_setup',	'1.2.1',	'1.2.1'),
('deleteorder_setup',	'1.0.9',	'1.0.9'),
('directory_setup',	'1.6.0.3',	'1.6.0.3'),
('downloadable_setup',	'1.6.0.0.2',	'1.6.0.0.2'),
('eav_setup',	'1.6.0.1',	'1.6.0.1'),
('giftmessage_setup',	'1.6.0.0',	'1.6.0.0'),
('googleanalytics_setup',	'1.6.0.0',	'1.6.0.0'),
('importexport_setup',	'1.6.0.2',	'1.6.0.2'),
('index_setup',	'1.6.0.0',	'1.6.0.0'),
('log_setup',	'1.6.1.1',	'1.6.1.1'),
('moneybookers_setup',	'1.6.0.0',	'1.6.0.0'),
('newsletter_setup',	'1.6.0.2',	'1.6.0.2'),
('oauth_setup',	'1.0.0.0',	'1.0.0.0'),
('partners_setup',	'0.1.0',	'0.1.0'),
('paygate_setup',	'1.6.0.0',	'1.6.0.0'),
('payment_setup',	'1.6.0.0',	'1.6.0.0'),
('paypaluk_setup',	'1.6.0.0',	'1.6.0.0'),
('paypal_setup',	'1.6.0.6',	'1.6.0.6'),
('persistent_setup',	'1.0.0.0',	'1.0.0.0'),
('poll_setup',	'1.6.0.1',	'1.6.0.1'),
('productalert_setup',	'1.6.0.0',	'1.6.0.0'),
('rating_setup',	'1.6.0.1',	'1.6.0.1'),
('reports_setup',	'1.6.0.0.1',	'1.6.0.0.1'),
('review_setup',	'1.6.0.0',	'1.6.0.0'),
('rss_setup',	'1.6.0.0',	'1.6.0.0'),
('salesrule_setup',	'1.6.0.3',	'1.6.0.3'),
('sales_setup',	'1.6.0.10',	'1.6.0.10'),
('scandi_menumanager_setup',	'0.1.3',	'0.1.3'),
('sendfriend_setup',	'1.6.0.1',	'1.6.0.1'),
('shipping_setup',	'1.6.0.0',	'1.6.0.0'),
('sitemap_setup',	'1.6.0.0',	'1.6.0.0'),
('tag_setup',	'1.6.0.0',	'1.6.0.0'),
('tax_setup',	'1.6.0.4',	'1.6.0.4'),
('usa_setup',	'1.6.0.3',	'1.6.0.3'),
('weee_setup',	'1.6.0.0',	'1.6.0.0'),
('widget_setup',	'1.6.0.0',	'1.6.0.0'),
('wishlist_setup',	'1.6.0.0',	'1.6.0.0');

CREATE TABLE `core_session` (
  `session_id` varchar(255) NOT NULL COMMENT 'Session Id',
  `session_expires` int(10) unsigned NOT NULL DEFAULT '0' COMMENT 'Date of Session Expiration',
  `session_data` mediumblob NOT NULL COMMENT 'Session Data',
  PRIMARY KEY (`session_id`)
) ENGINE=InnoDB DEFAULT CHARSET=utf8 COMMENT='Database Sessions Storage';


CREATE TABLE `core_store` (
  `store_id` smallint(5) unsigned NOT NULL AUTO_INCREMENT COMMENT 'Store Id',
  `code` varchar(32) DEFAULT NULL COMMENT 'Code',
  `website_id` smallint(5) unsigned NOT NULL DEFAULT '0' COMMENT 'Website Id',
  `group_id` smallint(5) unsigned NOT NULL DEFAULT '0' COMMENT 'Group Id',
  `name` varchar(255) NOT NULL COMMENT 'Store Name',
  `sort_order` smallint(5) unsigned NOT NULL DEFAULT '0' COMMENT 'Store Sort Order',
  `is_active` smallint(5) unsigned NOT NULL DEFAULT '0' COMMENT 'Store Activity',
  PRIMARY KEY (`store_id`),
  UNIQUE KEY `UNQ_CORE_STORE_CODE` (`code`),
  KEY `IDX_CORE_STORE_WEBSITE_ID` (`website_id`),
  KEY `IDX_CORE_STORE_IS_ACTIVE_SORT_ORDER` (`is_active`,`sort_order`),
  KEY `IDX_CORE_STORE_GROUP_ID` (`group_id`),
  CONSTRAINT `FK_CORE_STORE_GROUP_ID_CORE_STORE_GROUP_GROUP_ID` FOREIGN KEY (`group_id`) REFERENCES `core_store_group` (`group_id`) ON DELETE CASCADE ON UPDATE CASCADE,
  CONSTRAINT `FK_CORE_STORE_WEBSITE_ID_CORE_WEBSITE_WEBSITE_ID` FOREIGN KEY (`website_id`) REFERENCES `core_website` (`website_id`) ON DELETE CASCADE ON UPDATE CASCADE
) ENGINE=InnoDB DEFAULT CHARSET=utf8 COMMENT='Stores';

INSERT INTO `core_store` (`store_id`, `code`, `website_id`, `group_id`, `name`, `sort_order`, `is_active`) VALUES
(0,	'admin',	0,	0,	'Admin',	0,	1),
(1,	'default',	1,	1,	'UnCut Voices Press',	0,	1);

CREATE TABLE `core_store_group` (
  `group_id` smallint(5) unsigned NOT NULL AUTO_INCREMENT COMMENT 'Group Id',
  `website_id` smallint(5) unsigned NOT NULL DEFAULT '0' COMMENT 'Website Id',
  `name` varchar(255) NOT NULL COMMENT 'Store Group Name',
  `root_category_id` int(10) unsigned NOT NULL DEFAULT '0' COMMENT 'Root Category Id',
  `default_store_id` smallint(5) unsigned NOT NULL DEFAULT '0' COMMENT 'Default Store Id',
  PRIMARY KEY (`group_id`),
  KEY `IDX_CORE_STORE_GROUP_WEBSITE_ID` (`website_id`),
  KEY `IDX_CORE_STORE_GROUP_DEFAULT_STORE_ID` (`default_store_id`),
  CONSTRAINT `FK_CORE_STORE_GROUP_WEBSITE_ID_CORE_WEBSITE_WEBSITE_ID` FOREIGN KEY (`website_id`) REFERENCES `core_website` (`website_id`) ON DELETE CASCADE ON UPDATE CASCADE
) ENGINE=InnoDB DEFAULT CHARSET=utf8 COMMENT='Store Groups';

INSERT INTO `core_store_group` (`group_id`, `website_id`, `name`, `root_category_id`, `default_store_id`) VALUES
(0,	0,	'Default',	0,	0),
(1,	1,	'UnCut Voices Press',	2,	1);

CREATE TABLE `core_translate` (
  `key_id` int(10) unsigned NOT NULL AUTO_INCREMENT COMMENT 'Key Id of Translation',
  `string` varchar(255) NOT NULL DEFAULT 'Translate String' COMMENT 'Translation String',
  `store_id` smallint(5) unsigned NOT NULL DEFAULT '0' COMMENT 'Store Id',
  `translate` varchar(255) DEFAULT NULL COMMENT 'Translate',
  `locale` varchar(20) NOT NULL DEFAULT 'en_US' COMMENT 'Locale',
  `crc_string` bigint(20) NOT NULL DEFAULT '1591228201' COMMENT 'Translation String CRC32 Hash',
  PRIMARY KEY (`key_id`),
  UNIQUE KEY `UNQ_CORE_TRANSLATE_STORE_ID_LOCALE_CRC_STRING_STRING` (`store_id`,`locale`,`crc_string`,`string`),
  KEY `IDX_CORE_TRANSLATE_STORE_ID` (`store_id`),
  CONSTRAINT `FK_CORE_TRANSLATE_STORE_ID_CORE_STORE_STORE_ID` FOREIGN KEY (`store_id`) REFERENCES `core_store` (`store_id`) ON DELETE CASCADE ON UPDATE CASCADE
) ENGINE=InnoDB DEFAULT CHARSET=utf8 COMMENT='Translations';


CREATE TABLE `core_url_rewrite` (
  `url_rewrite_id` int(10) unsigned NOT NULL AUTO_INCREMENT COMMENT 'Rewrite Id',
  `store_id` smallint(5) unsigned NOT NULL DEFAULT '0' COMMENT 'Store Id',
  `id_path` varchar(255) DEFAULT NULL COMMENT 'Id Path',
  `request_path` varchar(255) DEFAULT NULL COMMENT 'Request Path',
  `target_path` varchar(255) DEFAULT NULL COMMENT 'Target Path',
  `is_system` smallint(5) unsigned DEFAULT '1' COMMENT 'Defines is Rewrite System',
  `options` varchar(255) DEFAULT NULL COMMENT 'Options',
  `description` varchar(255) DEFAULT NULL COMMENT 'Deascription',
  `category_id` int(10) unsigned DEFAULT NULL COMMENT 'Category Id',
  `product_id` int(10) unsigned DEFAULT NULL COMMENT 'Product Id',
  PRIMARY KEY (`url_rewrite_id`),
  UNIQUE KEY `UNQ_CORE_URL_REWRITE_REQUEST_PATH_STORE_ID` (`request_path`,`store_id`),
  UNIQUE KEY `UNQ_CORE_URL_REWRITE_ID_PATH_IS_SYSTEM_STORE_ID` (`id_path`,`is_system`,`store_id`),
  KEY `IDX_CORE_URL_REWRITE_TARGET_PATH_STORE_ID` (`target_path`,`store_id`),
  KEY `IDX_CORE_URL_REWRITE_ID_PATH` (`id_path`),
  KEY `IDX_CORE_URL_REWRITE_STORE_ID` (`store_id`),
  KEY `FK_CORE_URL_REWRITE_CTGR_ID_CAT_CTGR_ENTT_ENTT_ID` (`category_id`),
  KEY `FK_CORE_URL_REWRITE_PRODUCT_ID_CATALOG_CATEGORY_ENTITY_ENTITY_ID` (`product_id`),
  CONSTRAINT `FK_CORE_URL_REWRITE_CTGR_ID_CAT_CTGR_ENTT_ENTT_ID` FOREIGN KEY (`category_id`) REFERENCES `catalog_category_entity` (`entity_id`) ON DELETE CASCADE ON UPDATE CASCADE,
  CONSTRAINT `FK_CORE_URL_REWRITE_PRODUCT_ID_CATALOG_CATEGORY_ENTITY_ENTITY_ID` FOREIGN KEY (`product_id`) REFERENCES `catalog_product_entity` (`entity_id`) ON DELETE CASCADE ON UPDATE CASCADE,
  CONSTRAINT `FK_CORE_URL_REWRITE_STORE_ID_CORE_STORE_STORE_ID` FOREIGN KEY (`store_id`) REFERENCES `core_store` (`store_id`) ON DELETE CASCADE ON UPDATE CASCADE
) ENGINE=InnoDB DEFAULT CHARSET=utf8 COMMENT='Url Rewrites';

INSERT INTO `core_url_rewrite` (`url_rewrite_id`, `store_id`, `id_path`, `request_path`, `target_path`, `is_system`, `options`, `description`, `category_id`, `product_id`) VALUES
(1,	1,	'partner/elfriede-jelinek',	'partner/elfriede-jelinek',	'partners',	0,	NULL,	NULL,	NULL,	NULL),
(2,	1,	'partner/vera-ingrid-grant',	'partner/vera-ingrid-grant',	'partners',	0,	NULL,	NULL,	NULL,	NULL),
(3,	1,	'partner/diane-rosenfeld',	'partner/diane-rosenfeld',	'partners',	0,	NULL,	NULL,	NULL,	NULL),
(4,	1,	'partner/maria-jaschok',	'partner/maria-jaschok',	'partners',	0,	NULL,	NULL,	NULL,	NULL),
(5,	1,	'partner/owolabi-bjalkander',	'partner/owolabi-bjalkander',	'partners',	0,	NULL,	NULL,	NULL,	NULL),
(6,	1,	'partner/dr--obioma-nnaemeka',	'partner/dr--obioma-nnaemeka',	'partners',	0,	NULL,	NULL,	NULL,	NULL),
(7,	1,	'partner/fatoumata-sire-diakite',	'partner/fatoumata-sire-diakite',	'partners',	0,	NULL,	NULL,	NULL,	NULL),
(8,	1,	'partner/dr--pierrette-herzberger-fofana',	'partner/dr--pierrette-herzberger-fofana',	'partners',	0,	NULL,	NULL,	NULL,	NULL),
(9,	1,	'partner/dr--angelika-koster-lossack',	'partner/dr--angelika-koster-lossack',	'partners',	0,	NULL,	NULL,	NULL,	NULL),
(10,	1,	'partner/florence-howe',	'partner/florence-howe',	'partners',	0,	NULL,	NULL,	NULL,	NULL),
(11,	1,	'partner/shulamit-reinharz',	'partner/shulamit-reinharz',	'partners',	0,	NULL,	NULL,	NULL,	NULL),
(12,	1,	'partner/mariame-racine-sow',	'partner/mariame-racine-sow',	'partners',	0,	NULL,	NULL,	NULL,	NULL),
(13,	1,	'partner/fana-habteab',	'partner/fana-habteab',	'partners',	0,	NULL,	NULL,	NULL,	NULL),
(14,	1,	'partner/frankie-hutton',	'partner/frankie-hutton',	'partners',	0,	NULL,	NULL,	NULL,	NULL),
(15,	1,	'partner/godfrey-williams-okorodus',	'partner/godfrey-williams-okorodus',	'partners',	0,	NULL,	NULL,	NULL,	NULL),
(16,	1,	'partner/erica-pomerance',	'partner/erica-pomerance',	'partners',	0,	NULL,	NULL,	NULL,	NULL),
(17,	1,	'partner/yayehyirad-kitaw',	'partner/yayehyirad-kitaw',	'partners',	0,	NULL,	NULL,	NULL,	NULL),
(18,	1,	'partner/berhane-ras-work',	'partner/berhane-ras-work',	'partners',	0,	NULL,	NULL,	NULL,	NULL),
(19,	1,	'partner/adriana-kaplan-marcusan',	'partner/adriana-kaplan-marcusan',	'partners',	0,	NULL,	NULL,	NULL,	NULL),
(20,	1,	'partner/augustine-h--asaah',	'partner/augustine-h--asaah',	'partners',	0,	NULL,	NULL,	NULL,	NULL),
(21,	1,	'partner/hanny-lightfoot-klein',	'partner/hanny-lightfoot-klein',	'partners',	0,	NULL,	NULL,	NULL,	NULL),
(22,	1,	'partner/soraya-mire',	'partner/soraya-mire',	'partners',	0,	NULL,	NULL,	NULL,	NULL),
(23,	1,	'partner/comfort-momoh',	'partner/comfort-momoh',	'partners',	0,	NULL,	NULL,	NULL,	NULL),
(24,	1,	'partner/marianne-sarkis',	'partner/marianne-sarkis',	'partners',	0,	NULL,	NULL,	NULL,	NULL),
(25,	1,	'partner/linda-may-kallestein',	'partner/linda-may-kallestein',	'partners',	0,	NULL,	NULL,	NULL,	NULL),
(26,	1,	'partner/marilyn-safir',	'partner/marilyn-safir',	'partners',	0,	NULL,	NULL,	NULL,	NULL),
(27,	1,	'partner/dagmar-schultz',	'partner/dagmar-schultz',	'partners',	0,	NULL,	NULL,	NULL,	NULL),
(28,	1,	'partner/lucy-mashua',	'partner/lucy-mashua',	'partners',	0,	NULL,	NULL,	NULL,	NULL),
(29,	1,	'partner/waltraud-dumont-du-voitel',	'partner/waltraud-dumont-du-voitel',	'partners',	0,	NULL,	NULL,	NULL,	NULL),
(30,	1,	'partner/sarah-mcculloch',	'partner/sarah-mcculloch',	'partners',	0,	NULL,	NULL,	NULL,	NULL),
(31,	1,	'partner/mary-ann-smorra',	'partner/mary-ann-smorra',	'partners',	0,	NULL,	NULL,	NULL,	NULL),
(32,	1,	'partner/sachiko-mitsumori',	'partner/sachiko-mitsumori',	'partners',	0,	NULL,	NULL,	NULL,	NULL),
(33,	1,	'partner/raymond-lloyd',	'partner/raymond-lloyd',	'partners',	0,	NULL,	NULL,	NULL,	NULL),
(34,	1,	'partner/efua-dorkenoo',	'partner/efua-dorkenoo',	'partners',	0,	NULL,	NULL,	NULL,	NULL),
(35,	1,	'partner/lois-a--herman',	'partner/lois-a--herman',	'partners',	0,	NULL,	NULL,	NULL,	NULL),
(36,	1,	'partner/gabi-helfert',	'partner/gabi-helfert',	'partners',	0,	NULL,	NULL,	NULL,	NULL),
(37,	1,	'partner/libana',	'partner/libana',	'partners',	0,	NULL,	NULL,	NULL,	NULL),
(38,	1,	'partner/christiane-adamczyk',	'partner/christiane-adamczyk',	'partners',	0,	NULL,	NULL,	NULL,	NULL),
(39,	1,	'partner/adebisi-adebayo',	'partner/adebisi-adebayo',	'partners',	0,	NULL,	NULL,	NULL,	NULL),
(40,	1,	'partner/neneh-bojang',	'partner/neneh-bojang',	'partners',	0,	NULL,	NULL,	NULL,	NULL),
(41,	1,	'partner/emma-bonino',	'partner/emma-bonino',	'partners',	0,	NULL,	NULL,	NULL,	NULL),
(42,	1,	'partner/hilary-burrage',	'partner/hilary-burrage',	'partners',	0,	NULL,	NULL,	NULL,	NULL),
(43,	1,	'partner/katharina-buss',	'partner/katharina-buss',	'partners',	0,	NULL,	NULL,	NULL,	NULL),
(44,	1,	'partner/daniela-colombo',	'partner/daniela-colombo',	'partners',	0,	NULL,	NULL,	NULL,	NULL),
(45,	1,	'partner/nikki-denholme',	'partner/nikki-denholme',	'partners',	0,	NULL,	NULL,	NULL,	NULL),
(46,	1,	'partner/fatoumata-sire-diakite-and-dr--aminata-diakite',	'partner/fatoumata-sire-diakite-and-dr--aminata-diakite',	'partners',	0,	NULL,	NULL,	NULL,	NULL),
(47,	1,	'partner/cody-donahue',	'partner/cody-donahue',	'partners',	0,	NULL,	NULL,	NULL,	NULL),
(48,	1,	'partner/efua-dorkenoo-',	'partner/efua-dorkenoo-',	'partners',	0,	NULL,	NULL,	NULL,	NULL),
(49,	1,	'partner/excisions-parlons-en',	'partner/excisions-parlons-en',	'partners',	0,	NULL,	NULL,	NULL,	NULL),
(50,	1,	'partner/dr--isabelle-gillette-faye',	'partner/dr--isabelle-gillette-faye',	'partners',	0,	NULL,	NULL,	NULL,	NULL),
(51,	1,	'partner/dr--pierrette-herzberger-fofana-and-heidi-besas',	'partner/dr--pierrette-herzberger-fofana-and-heidi-besas',	'partners',	0,	NULL,	NULL,	NULL,	NULL),
(52,	1,	'partner/dr--frankie-hutton',	'partner/dr--frankie-hutton',	'partners',	0,	NULL,	NULL,	NULL,	NULL),
(53,	1,	'partner/heba-el-kalaawy',	'partner/heba-el-kalaawy',	'partners',	0,	NULL,	NULL,	NULL,	NULL),
(54,	1,	'partner/khady-koita-and-els-leye',	'partner/khady-koita-and-els-leye',	'partners',	0,	NULL,	NULL,	NULL,	NULL),
(55,	1,	'partner/lucy-mashua-',	'partner/lucy-mashua-',	'partners',	0,	NULL,	NULL,	NULL,	NULL),
(56,	1,	'partner/sarah-mcculloch-',	'partner/sarah-mcculloch-',	'partners',	0,	NULL,	NULL,	NULL,	NULL),
(57,	1,	'partner/susan-mclucas',	'partner/susan-mclucas',	'partners',	0,	NULL,	NULL,	NULL,	NULL),
(58,	1,	'partner/sachiko-mitsumori-',	'partner/sachiko-mitsumori-',	'partners',	0,	NULL,	NULL,	NULL,	NULL),
(59,	1,	'partner/thomas-von-der-osten-sacken',	'partner/thomas-von-der-osten-sacken',	'partners',	0,	NULL,	NULL,	NULL,	NULL),
(60,	1,	'partner/naana-otoo-oyortey',	'partner/naana-otoo-oyortey',	'partners',	0,	NULL,	NULL,	NULL,	NULL),
(61,	1,	'partner/holger-postulart-and-elizabeth-wilson',	'partner/holger-postulart-and-elizabeth-wilson',	'partners',	0,	NULL,	NULL,	NULL,	NULL),
(62,	1,	'partner/rebecca-salonen',	'partner/rebecca-salonen',	'partners',	0,	NULL,	NULL,	NULL,	NULL),
(63,	1,	'partner/dirk-wustenberg-and-ibrahim-gueye',	'partner/dirk-wustenberg-and-ibrahim-gueye',	'partners',	0,	NULL,	NULL,	NULL,	NULL),
(64,	1,	'author/hubert-prolongeau',	'author/hubert-prolongeau',	'authors',	0,	NULL,	NULL,	NULL,	NULL),
(65,	1,	'author/khady--with-marie-therese-cuny',	'author/khady--with-marie-therese-cuny',	'authors',	0,	NULL,	NULL,	NULL,	NULL),
(66,	1,	'author/nick-hadikwa-mwaluko',	'author/nick-hadikwa-mwaluko',	'authors',	0,	NULL,	NULL,	NULL,	NULL),
(67,	1,	'author/jeanie-kortum',	'author/jeanie-kortum',	'authors',	0,	NULL,	NULL,	NULL,	NULL),
(68,	1,	'author/kameel-ahmady',	'author/kameel-ahmady',	'authors',	0,	NULL,	NULL,	NULL,	NULL),
(69,	1,	'author/tobe-levin--editor',	'author/tobe-levin--editor',	'authors',	0,	NULL,	NULL,	NULL,	NULL),
(70,	1,	'category/3',	'books',	'catalog/category/view/id/3',	1,	NULL,	NULL,	3,	NULL),
(71,	1,	'product/1',	'blood-stains-a-child-of-africa-reclaims-her-human-rights.html',	'catalog/product/view/id/1',	1,	NULL,	NULL,	NULL,	1),
(72,	1,	'product/1/3',	'books/blood-stains-a-child-of-africa-reclaims-her-human-rights.html',	'catalog/product/view/id/1/category/3',	1,	NULL,	NULL,	3,	1),
(73,	1,	'product/2',	'undoing-fgm.html',	'catalog/product/view/id/2',	1,	NULL,	NULL,	NULL,	2),
(74,	1,	'product/2/3',	'books/undoing-fgm.html',	'catalog/product/view/id/2/category/3',	1,	NULL,	NULL,	3,	2),
(75,	1,	'product/3',	'waafrika.html',	'catalog/product/view/id/3',	1,	NULL,	NULL,	NULL,	3),
(76,	1,	'product/3/3',	'books/waafrika.html',	'catalog/product/view/id/3/category/3',	1,	NULL,	NULL,	3,	3),
(77,	1,	'product/4',	'waging-empathy.html',	'catalog/product/view/id/4',	1,	NULL,	NULL,	NULL,	4),
(78,	1,	'product/4/3',	'books/waging-empathy.html',	'catalog/product/view/id/4/category/3',	1,	NULL,	NULL,	3,	4),
(79,	1,	'product/5',	'kiminta.html',	'catalog/product/view/id/5',	1,	NULL,	NULL,	NULL,	5),
(80,	1,	'product/5/3',	'books/kiminta.html',	'catalog/product/view/id/5/category/3',	1,	NULL,	NULL,	3,	5),
(81,	1,	'product/6',	'rose-lore.html',	'catalog/product/view/id/6',	1,	NULL,	NULL,	NULL,	6),
(82,	1,	'product/6/3',	'books/rose-lore.html',	'catalog/product/view/id/6/category/3',	1,	NULL,	NULL,	3,	6),
(83,	1,	'product/7',	'taboo.html',	'catalog/product/view/id/7',	1,	NULL,	NULL,	NULL,	7),
(84,	1,	'product/7/3',	'books/taboo.html',	'catalog/product/view/id/7/category/3',	1,	NULL,	NULL,	3,	7),
(85,	1,	'product/8',	'stones-a-novel.html',	'catalog/product/view/id/8',	1,	NULL,	NULL,	NULL,	8),
(86,	1,	'product/8/3',	'books/stones-a-novel.html',	'catalog/product/view/id/8/category/3',	1,	NULL,	NULL,	3,	8),
(87,	1,	'product/9',	'in-the-name-of-tradition.html',	'catalog/product/view/id/9',	1,	NULL,	NULL,	NULL,	9),
(88,	1,	'product/9/3',	'books/in-the-name-of-tradition.html',	'catalog/product/view/id/9/category/3',	1,	NULL,	NULL,	3,	9);

CREATE TABLE `core_variable` (
  `variable_id` int(10) unsigned NOT NULL AUTO_INCREMENT COMMENT 'Variable Id',
  `code` varchar(255) DEFAULT NULL COMMENT 'Variable Code',
  `name` varchar(255) DEFAULT NULL COMMENT 'Variable Name',
  PRIMARY KEY (`variable_id`),
  UNIQUE KEY `UNQ_CORE_VARIABLE_CODE` (`code`)
) ENGINE=InnoDB DEFAULT CHARSET=utf8 COMMENT='Variables';


CREATE TABLE `core_variable_value` (
  `value_id` int(10) unsigned NOT NULL AUTO_INCREMENT COMMENT 'Variable Value Id',
  `variable_id` int(10) unsigned NOT NULL DEFAULT '0' COMMENT 'Variable Id',
  `store_id` smallint(5) unsigned NOT NULL DEFAULT '0' COMMENT 'Store Id',
  `plain_value` text COMMENT 'Plain Text Value',
  `html_value` text COMMENT 'Html Value',
  PRIMARY KEY (`value_id`),
  UNIQUE KEY `UNQ_CORE_VARIABLE_VALUE_VARIABLE_ID_STORE_ID` (`variable_id`,`store_id`),
  KEY `IDX_CORE_VARIABLE_VALUE_VARIABLE_ID` (`variable_id`),
  KEY `IDX_CORE_VARIABLE_VALUE_STORE_ID` (`store_id`),
  CONSTRAINT `FK_CORE_VARIABLE_VALUE_STORE_ID_CORE_STORE_STORE_ID` FOREIGN KEY (`store_id`) REFERENCES `core_store` (`store_id`) ON DELETE CASCADE ON UPDATE CASCADE,
  CONSTRAINT `FK_CORE_VARIABLE_VALUE_VARIABLE_ID_CORE_VARIABLE_VARIABLE_ID` FOREIGN KEY (`variable_id`) REFERENCES `core_variable` (`variable_id`) ON DELETE CASCADE ON UPDATE CASCADE
) ENGINE=InnoDB DEFAULT CHARSET=utf8 COMMENT='Variable Value';


CREATE TABLE `core_website` (
  `website_id` smallint(5) unsigned NOT NULL AUTO_INCREMENT COMMENT 'Website Id',
  `code` varchar(32) DEFAULT NULL COMMENT 'Code',
  `name` varchar(64) DEFAULT NULL COMMENT 'Website Name',
  `sort_order` smallint(5) unsigned NOT NULL DEFAULT '0' COMMENT 'Sort Order',
  `default_group_id` smallint(5) unsigned NOT NULL DEFAULT '0' COMMENT 'Default Group Id',
  `is_default` smallint(5) unsigned DEFAULT '0' COMMENT 'Defines Is Website Default',
  PRIMARY KEY (`website_id`),
  UNIQUE KEY `UNQ_CORE_WEBSITE_CODE` (`code`),
  KEY `IDX_CORE_WEBSITE_SORT_ORDER` (`sort_order`),
  KEY `IDX_CORE_WEBSITE_DEFAULT_GROUP_ID` (`default_group_id`)
) ENGINE=InnoDB DEFAULT CHARSET=utf8 COMMENT='Websites';

INSERT INTO `core_website` (`website_id`, `code`, `name`, `sort_order`, `default_group_id`, `is_default`) VALUES
(0,	'admin',	'Admin',	0,	0,	0),
(1,	'base',	'UnCut Voices Press',	0,	1,	1);

CREATE TABLE `coupon_aggregated` (
  `id` int(10) unsigned NOT NULL AUTO_INCREMENT COMMENT 'Id',
  `period` date NOT NULL COMMENT 'Period',
  `store_id` smallint(5) unsigned DEFAULT NULL COMMENT 'Store Id',
  `order_status` varchar(50) DEFAULT NULL COMMENT 'Order Status',
  `coupon_code` varchar(50) DEFAULT NULL COMMENT 'Coupon Code',
  `coupon_uses` int(11) NOT NULL DEFAULT '0' COMMENT 'Coupon Uses',
  `subtotal_amount` decimal(12,4) NOT NULL DEFAULT '0.0000' COMMENT 'Subtotal Amount',
  `discount_amount` decimal(12,4) NOT NULL DEFAULT '0.0000' COMMENT 'Discount Amount',
  `total_amount` decimal(12,4) NOT NULL DEFAULT '0.0000' COMMENT 'Total Amount',
  `subtotal_amount_actual` decimal(12,4) NOT NULL DEFAULT '0.0000' COMMENT 'Subtotal Amount Actual',
  `discount_amount_actual` decimal(12,4) NOT NULL DEFAULT '0.0000' COMMENT 'Discount Amount Actual',
  `total_amount_actual` decimal(12,4) NOT NULL DEFAULT '0.0000' COMMENT 'Total Amount Actual',
  `rule_name` varchar(255) DEFAULT NULL COMMENT 'Rule Name',
  PRIMARY KEY (`id`),
  UNIQUE KEY `UNQ_COUPON_AGGREGATED_PERIOD_STORE_ID_ORDER_STATUS_COUPON_CODE` (`period`,`store_id`,`order_status`,`coupon_code`),
  KEY `IDX_COUPON_AGGREGATED_STORE_ID` (`store_id`),
  KEY `IDX_COUPON_AGGREGATED_RULE_NAME` (`rule_name`),
  CONSTRAINT `FK_COUPON_AGGREGATED_STORE_ID_CORE_STORE_STORE_ID` FOREIGN KEY (`store_id`) REFERENCES `core_store` (`store_id`) ON DELETE CASCADE ON UPDATE CASCADE
) ENGINE=InnoDB DEFAULT CHARSET=utf8 COMMENT='Coupon Aggregated';


CREATE TABLE `coupon_aggregated_order` (
  `id` int(10) unsigned NOT NULL AUTO_INCREMENT COMMENT 'Id',
  `period` date NOT NULL COMMENT 'Period',
  `store_id` smallint(5) unsigned DEFAULT NULL COMMENT 'Store Id',
  `order_status` varchar(50) DEFAULT NULL COMMENT 'Order Status',
  `coupon_code` varchar(50) DEFAULT NULL COMMENT 'Coupon Code',
  `coupon_uses` int(11) NOT NULL DEFAULT '0' COMMENT 'Coupon Uses',
  `subtotal_amount` decimal(12,4) NOT NULL DEFAULT '0.0000' COMMENT 'Subtotal Amount',
  `discount_amount` decimal(12,4) NOT NULL DEFAULT '0.0000' COMMENT 'Discount Amount',
  `total_amount` decimal(12,4) NOT NULL DEFAULT '0.0000' COMMENT 'Total Amount',
  `rule_name` varchar(255) DEFAULT NULL COMMENT 'Rule Name',
  PRIMARY KEY (`id`),
  UNIQUE KEY `UNQ_COUPON_AGGRED_ORDER_PERIOD_STORE_ID_ORDER_STS_COUPON_CODE` (`period`,`store_id`,`order_status`,`coupon_code`),
  KEY `IDX_COUPON_AGGREGATED_ORDER_STORE_ID` (`store_id`),
  KEY `IDX_COUPON_AGGREGATED_ORDER_RULE_NAME` (`rule_name`),
  CONSTRAINT `FK_COUPON_AGGREGATED_ORDER_STORE_ID_CORE_STORE_STORE_ID` FOREIGN KEY (`store_id`) REFERENCES `core_store` (`store_id`) ON DELETE CASCADE ON UPDATE CASCADE
) ENGINE=InnoDB DEFAULT CHARSET=utf8 COMMENT='Coupon Aggregated Order';


CREATE TABLE `coupon_aggregated_updated` (
  `id` int(10) unsigned NOT NULL AUTO_INCREMENT COMMENT 'Id',
  `period` date NOT NULL COMMENT 'Period',
  `store_id` smallint(5) unsigned DEFAULT NULL COMMENT 'Store Id',
  `order_status` varchar(50) DEFAULT NULL COMMENT 'Order Status',
  `coupon_code` varchar(50) DEFAULT NULL COMMENT 'Coupon Code',
  `coupon_uses` int(11) NOT NULL DEFAULT '0' COMMENT 'Coupon Uses',
  `subtotal_amount` decimal(12,4) NOT NULL DEFAULT '0.0000' COMMENT 'Subtotal Amount',
  `discount_amount` decimal(12,4) NOT NULL DEFAULT '0.0000' COMMENT 'Discount Amount',
  `total_amount` decimal(12,4) NOT NULL DEFAULT '0.0000' COMMENT 'Total Amount',
  `subtotal_amount_actual` decimal(12,4) NOT NULL DEFAULT '0.0000' COMMENT 'Subtotal Amount Actual',
  `discount_amount_actual` decimal(12,4) NOT NULL DEFAULT '0.0000' COMMENT 'Discount Amount Actual',
  `total_amount_actual` decimal(12,4) NOT NULL DEFAULT '0.0000' COMMENT 'Total Amount Actual',
  `rule_name` varchar(255) DEFAULT NULL COMMENT 'Rule Name',
  PRIMARY KEY (`id`),
  UNIQUE KEY `UNQ_COUPON_AGGRED_UPDATED_PERIOD_STORE_ID_ORDER_STS_COUPON_CODE` (`period`,`store_id`,`order_status`,`coupon_code`),
  KEY `IDX_COUPON_AGGREGATED_UPDATED_STORE_ID` (`store_id`),
  KEY `IDX_COUPON_AGGREGATED_UPDATED_RULE_NAME` (`rule_name`),
  CONSTRAINT `FK_COUPON_AGGREGATED_UPDATED_STORE_ID_CORE_STORE_STORE_ID` FOREIGN KEY (`store_id`) REFERENCES `core_store` (`store_id`) ON DELETE CASCADE ON UPDATE CASCADE
) ENGINE=InnoDB DEFAULT CHARSET=utf8 COMMENT='Coupon Aggregated Updated';


CREATE TABLE `cron_schedule` (
  `schedule_id` int(10) unsigned NOT NULL AUTO_INCREMENT COMMENT 'Schedule Id',
  `job_code` varchar(255) NOT NULL DEFAULT '0' COMMENT 'Job Code',
  `status` varchar(7) NOT NULL DEFAULT 'pending' COMMENT 'Status',
  `messages` text COMMENT 'Messages',
  `created_at` timestamp NOT NULL DEFAULT '0000-00-00 00:00:00' COMMENT 'Created At',
  `scheduled_at` timestamp NULL DEFAULT NULL COMMENT 'Scheduled At',
  `executed_at` timestamp NULL DEFAULT NULL COMMENT 'Executed At',
  `finished_at` timestamp NULL DEFAULT NULL COMMENT 'Finished At',
  PRIMARY KEY (`schedule_id`),
  KEY `IDX_CRON_SCHEDULE_JOB_CODE` (`job_code`),
  KEY `IDX_CRON_SCHEDULE_SCHEDULED_AT_STATUS` (`scheduled_at`,`status`)
) ENGINE=InnoDB DEFAULT CHARSET=utf8 COMMENT='Cron Schedule';


CREATE TABLE `customer_address_entity` (
  `entity_id` int(10) unsigned NOT NULL AUTO_INCREMENT COMMENT 'Entity Id',
  `entity_type_id` smallint(5) unsigned NOT NULL DEFAULT '0' COMMENT 'Entity Type Id',
  `attribute_set_id` smallint(5) unsigned NOT NULL DEFAULT '0' COMMENT 'Attribute Set Id',
  `increment_id` varchar(50) DEFAULT NULL COMMENT 'Increment Id',
  `parent_id` int(10) unsigned DEFAULT NULL COMMENT 'Parent Id',
  `created_at` timestamp NOT NULL DEFAULT '0000-00-00 00:00:00' COMMENT 'Created At',
  `updated_at` timestamp NOT NULL DEFAULT '0000-00-00 00:00:00' COMMENT 'Updated At',
  `is_active` smallint(5) unsigned NOT NULL DEFAULT '1' COMMENT 'Is Active',
  PRIMARY KEY (`entity_id`),
  KEY `IDX_CUSTOMER_ADDRESS_ENTITY_PARENT_ID` (`parent_id`),
  CONSTRAINT `FK_CUSTOMER_ADDRESS_ENTITY_PARENT_ID_CUSTOMER_ENTITY_ENTITY_ID` FOREIGN KEY (`parent_id`) REFERENCES `customer_entity` (`entity_id`) ON DELETE CASCADE ON UPDATE CASCADE
) ENGINE=InnoDB DEFAULT CHARSET=utf8 COMMENT='Customer Address Entity';

INSERT INTO `customer_address_entity` (`entity_id`, `entity_type_id`, `attribute_set_id`, `increment_id`, `parent_id`, `created_at`, `updated_at`, `is_active`) VALUES
(1,	2,	0,	NULL,	1,	'2017-10-01 01:04:01',	'2018-02-09 15:05:07',	1),
(2,	2,	0,	NULL,	1,	'2018-01-21 07:42:30',	'2018-02-09 15:05:07',	1);

CREATE TABLE `customer_address_entity_datetime` (
  `value_id` int(11) NOT NULL AUTO_INCREMENT COMMENT 'Value Id',
  `entity_type_id` smallint(5) unsigned NOT NULL DEFAULT '0' COMMENT 'Entity Type Id',
  `attribute_id` smallint(5) unsigned NOT NULL DEFAULT '0' COMMENT 'Attribute Id',
  `entity_id` int(10) unsigned NOT NULL DEFAULT '0' COMMENT 'Entity Id',
  `value` datetime NOT NULL DEFAULT '0000-00-00 00:00:00' COMMENT 'Value',
  PRIMARY KEY (`value_id`),
  UNIQUE KEY `UNQ_CUSTOMER_ADDRESS_ENTITY_DATETIME_ENTITY_ID_ATTRIBUTE_ID` (`entity_id`,`attribute_id`),
  KEY `IDX_CUSTOMER_ADDRESS_ENTITY_DATETIME_ENTITY_TYPE_ID` (`entity_type_id`),
  KEY `IDX_CUSTOMER_ADDRESS_ENTITY_DATETIME_ATTRIBUTE_ID` (`attribute_id`),
  KEY `IDX_CUSTOMER_ADDRESS_ENTITY_DATETIME_ENTITY_ID` (`entity_id`),
  KEY `IDX_CSTR_ADDR_ENTT_DTIME_ENTT_ID_ATTR_ID_VAL` (`entity_id`,`attribute_id`,`value`),
  CONSTRAINT `FK_CSTR_ADDR_ENTT_DTIME_ATTR_ID_EAV_ATTR_ATTR_ID` FOREIGN KEY (`attribute_id`) REFERENCES `eav_attribute` (`attribute_id`) ON DELETE CASCADE ON UPDATE CASCADE,
  CONSTRAINT `FK_CSTR_ADDR_ENTT_DTIME_ENTT_ID_CSTR_ADDR_ENTT_ENTT_ID` FOREIGN KEY (`entity_id`) REFERENCES `customer_address_entity` (`entity_id`) ON DELETE CASCADE ON UPDATE CASCADE,
  CONSTRAINT `FK_CSTR_ADDR_ENTT_DTIME_ENTT_TYPE_ID_EAV_ENTT_TYPE_ENTT_TYPE_ID` FOREIGN KEY (`entity_type_id`) REFERENCES `eav_entity_type` (`entity_type_id`) ON DELETE CASCADE ON UPDATE CASCADE
) ENGINE=InnoDB DEFAULT CHARSET=utf8 COMMENT='Customer Address Entity Datetime';


CREATE TABLE `customer_address_entity_decimal` (
  `value_id` int(11) NOT NULL AUTO_INCREMENT COMMENT 'Value Id',
  `entity_type_id` smallint(5) unsigned NOT NULL DEFAULT '0' COMMENT 'Entity Type Id',
  `attribute_id` smallint(5) unsigned NOT NULL DEFAULT '0' COMMENT 'Attribute Id',
  `entity_id` int(10) unsigned NOT NULL DEFAULT '0' COMMENT 'Entity Id',
  `value` decimal(12,4) NOT NULL DEFAULT '0.0000' COMMENT 'Value',
  PRIMARY KEY (`value_id`),
  UNIQUE KEY `UNQ_CUSTOMER_ADDRESS_ENTITY_DECIMAL_ENTITY_ID_ATTRIBUTE_ID` (`entity_id`,`attribute_id`),
  KEY `IDX_CUSTOMER_ADDRESS_ENTITY_DECIMAL_ENTITY_TYPE_ID` (`entity_type_id`),
  KEY `IDX_CUSTOMER_ADDRESS_ENTITY_DECIMAL_ATTRIBUTE_ID` (`attribute_id`),
  KEY `IDX_CUSTOMER_ADDRESS_ENTITY_DECIMAL_ENTITY_ID` (`entity_id`),
  KEY `IDX_CUSTOMER_ADDRESS_ENTITY_DECIMAL_ENTITY_ID_ATTRIBUTE_ID_VALUE` (`entity_id`,`attribute_id`,`value`),
  CONSTRAINT `FK_CSTR_ADDR_ENTT_DEC_ATTR_ID_EAV_ATTR_ATTR_ID` FOREIGN KEY (`attribute_id`) REFERENCES `eav_attribute` (`attribute_id`) ON DELETE CASCADE ON UPDATE CASCADE,
  CONSTRAINT `FK_CSTR_ADDR_ENTT_DEC_ENTT_ID_CSTR_ADDR_ENTT_ENTT_ID` FOREIGN KEY (`entity_id`) REFERENCES `customer_address_entity` (`entity_id`) ON DELETE CASCADE ON UPDATE CASCADE,
  CONSTRAINT `FK_CSTR_ADDR_ENTT_DEC_ENTT_TYPE_ID_EAV_ENTT_TYPE_ENTT_TYPE_ID` FOREIGN KEY (`entity_type_id`) REFERENCES `eav_entity_type` (`entity_type_id`) ON DELETE CASCADE ON UPDATE CASCADE
) ENGINE=InnoDB DEFAULT CHARSET=utf8 COMMENT='Customer Address Entity Decimal';


CREATE TABLE `customer_address_entity_int` (
  `value_id` int(11) NOT NULL AUTO_INCREMENT COMMENT 'Value Id',
  `entity_type_id` smallint(5) unsigned NOT NULL DEFAULT '0' COMMENT 'Entity Type Id',
  `attribute_id` smallint(5) unsigned NOT NULL DEFAULT '0' COMMENT 'Attribute Id',
  `entity_id` int(10) unsigned NOT NULL DEFAULT '0' COMMENT 'Entity Id',
  `value` int(11) NOT NULL DEFAULT '0' COMMENT 'Value',
  PRIMARY KEY (`value_id`),
  UNIQUE KEY `UNQ_CUSTOMER_ADDRESS_ENTITY_INT_ENTITY_ID_ATTRIBUTE_ID` (`entity_id`,`attribute_id`),
  KEY `IDX_CUSTOMER_ADDRESS_ENTITY_INT_ENTITY_TYPE_ID` (`entity_type_id`),
  KEY `IDX_CUSTOMER_ADDRESS_ENTITY_INT_ATTRIBUTE_ID` (`attribute_id`),
  KEY `IDX_CUSTOMER_ADDRESS_ENTITY_INT_ENTITY_ID` (`entity_id`),
  KEY `IDX_CUSTOMER_ADDRESS_ENTITY_INT_ENTITY_ID_ATTRIBUTE_ID_VALUE` (`entity_id`,`attribute_id`,`value`),
  CONSTRAINT `FK_CSTR_ADDR_ENTT_INT_ATTR_ID_EAV_ATTR_ATTR_ID` FOREIGN KEY (`attribute_id`) REFERENCES `eav_attribute` (`attribute_id`) ON DELETE CASCADE ON UPDATE CASCADE,
  CONSTRAINT `FK_CSTR_ADDR_ENTT_INT_ENTT_ID_CSTR_ADDR_ENTT_ENTT_ID` FOREIGN KEY (`entity_id`) REFERENCES `customer_address_entity` (`entity_id`) ON DELETE CASCADE ON UPDATE CASCADE,
  CONSTRAINT `FK_CSTR_ADDR_ENTT_INT_ENTT_TYPE_ID_EAV_ENTT_TYPE_ENTT_TYPE_ID` FOREIGN KEY (`entity_type_id`) REFERENCES `eav_entity_type` (`entity_type_id`) ON DELETE CASCADE ON UPDATE CASCADE
) ENGINE=InnoDB DEFAULT CHARSET=utf8 COMMENT='Customer Address Entity Int';

INSERT INTO `customer_address_entity_int` (`value_id`, `entity_type_id`, `attribute_id`, `entity_id`, `value`) VALUES
(1,	2,	29,	1,	306),
(2,	2,	29,	2,	1);

CREATE TABLE `customer_address_entity_text` (
  `value_id` int(11) NOT NULL AUTO_INCREMENT COMMENT 'Value Id',
  `entity_type_id` smallint(5) unsigned NOT NULL DEFAULT '0' COMMENT 'Entity Type Id',
  `attribute_id` smallint(5) unsigned NOT NULL DEFAULT '0' COMMENT 'Attribute Id',
  `entity_id` int(10) unsigned NOT NULL DEFAULT '0' COMMENT 'Entity Id',
  `value` text NOT NULL COMMENT 'Value',
  PRIMARY KEY (`value_id`),
  UNIQUE KEY `UNQ_CUSTOMER_ADDRESS_ENTITY_TEXT_ENTITY_ID_ATTRIBUTE_ID` (`entity_id`,`attribute_id`),
  KEY `IDX_CUSTOMER_ADDRESS_ENTITY_TEXT_ENTITY_TYPE_ID` (`entity_type_id`),
  KEY `IDX_CUSTOMER_ADDRESS_ENTITY_TEXT_ATTRIBUTE_ID` (`attribute_id`),
  KEY `IDX_CUSTOMER_ADDRESS_ENTITY_TEXT_ENTITY_ID` (`entity_id`),
  CONSTRAINT `FK_CSTR_ADDR_ENTT_TEXT_ATTR_ID_EAV_ATTR_ATTR_ID` FOREIGN KEY (`attribute_id`) REFERENCES `eav_attribute` (`attribute_id`) ON DELETE CASCADE ON UPDATE CASCADE,
  CONSTRAINT `FK_CSTR_ADDR_ENTT_TEXT_ENTT_ID_CSTR_ADDR_ENTT_ENTT_ID` FOREIGN KEY (`entity_id`) REFERENCES `customer_address_entity` (`entity_id`) ON DELETE CASCADE ON UPDATE CASCADE,
  CONSTRAINT `FK_CSTR_ADDR_ENTT_TEXT_ENTT_TYPE_ID_EAV_ENTT_TYPE_ENTT_TYPE_ID` FOREIGN KEY (`entity_type_id`) REFERENCES `eav_entity_type` (`entity_type_id`) ON DELETE CASCADE ON UPDATE CASCADE
) ENGINE=InnoDB DEFAULT CHARSET=utf8 COMMENT='Customer Address Entity Text';

INSERT INTO `customer_address_entity_text` (`value_id`, `entity_type_id`, `attribute_id`, `entity_id`, `value`) VALUES
(1,	2,	25,	1,	'Boulevard of Broken Dreams'),
(2,	2,	25,	2,	'Abbeville ( 334 )');

CREATE TABLE `customer_address_entity_varchar` (
  `value_id` int(11) NOT NULL AUTO_INCREMENT COMMENT 'Value Id',
  `entity_type_id` smallint(5) unsigned NOT NULL DEFAULT '0' COMMENT 'Entity Type Id',
  `attribute_id` smallint(5) unsigned NOT NULL DEFAULT '0' COMMENT 'Attribute Id',
  `entity_id` int(10) unsigned NOT NULL DEFAULT '0' COMMENT 'Entity Id',
  `value` varchar(255) DEFAULT NULL COMMENT 'Value',
  PRIMARY KEY (`value_id`),
  UNIQUE KEY `UNQ_CUSTOMER_ADDRESS_ENTITY_VARCHAR_ENTITY_ID_ATTRIBUTE_ID` (`entity_id`,`attribute_id`),
  KEY `IDX_CUSTOMER_ADDRESS_ENTITY_VARCHAR_ENTITY_TYPE_ID` (`entity_type_id`),
  KEY `IDX_CUSTOMER_ADDRESS_ENTITY_VARCHAR_ATTRIBUTE_ID` (`attribute_id`),
  KEY `IDX_CUSTOMER_ADDRESS_ENTITY_VARCHAR_ENTITY_ID` (`entity_id`),
  KEY `IDX_CUSTOMER_ADDRESS_ENTITY_VARCHAR_ENTITY_ID_ATTRIBUTE_ID_VALUE` (`entity_id`,`attribute_id`,`value`),
  CONSTRAINT `FK_CSTR_ADDR_ENTT_VCHR_ATTR_ID_EAV_ATTR_ATTR_ID` FOREIGN KEY (`attribute_id`) REFERENCES `eav_attribute` (`attribute_id`) ON DELETE CASCADE ON UPDATE CASCADE,
  CONSTRAINT `FK_CSTR_ADDR_ENTT_VCHR_ENTT_ID_CSTR_ADDR_ENTT_ENTT_ID` FOREIGN KEY (`entity_id`) REFERENCES `customer_address_entity` (`entity_id`) ON DELETE CASCADE ON UPDATE CASCADE,
  CONSTRAINT `FK_CSTR_ADDR_ENTT_VCHR_ENTT_TYPE_ID_EAV_ENTT_TYPE_ENTT_TYPE_ID` FOREIGN KEY (`entity_type_id`) REFERENCES `eav_entity_type` (`entity_type_id`) ON DELETE CASCADE ON UPDATE CASCADE
) ENGINE=InnoDB DEFAULT CHARSET=utf8 COMMENT='Customer Address Entity Varchar';

INSERT INTO `customer_address_entity_varchar` (`value_id`, `entity_type_id`, `attribute_id`, `entity_id`, `value`) VALUES
(1,	2,	19,	1,	NULL),
(2,	2,	20,	1,	'AR'),
(3,	2,	21,	1,	NULL),
(4,	2,	22,	1,	'DEV'),
(5,	2,	23,	1,	NULL),
(6,	2,	24,	1,	'AR'),
(7,	2,	26,	1,	'Tg-Mures'),
(8,	2,	27,	1,	'RO'),
(9,	2,	28,	1,	'Mureş'),
(10,	2,	30,	1,	'123'),
(11,	2,	31,	1,	'123'),
(12,	2,	32,	1,	NULL),
(13,	2,	36,	1,	NULL),
(14,	2,	19,	2,	NULL),
(15,	2,	20,	2,	'AR'),
(16,	2,	21,	2,	NULL),
(17,	2,	22,	2,	'DEV'),
(18,	2,	23,	2,	NULL),
(19,	2,	24,	2,	'AR'),
(20,	2,	26,	2,	'Abbeville'),
(21,	2,	27,	2,	'US'),
(22,	2,	28,	2,	'Alabama'),
(23,	2,	30,	2,	'36310'),
(24,	2,	31,	2,	'0740123456'),
(25,	2,	32,	2,	NULL),
(26,	2,	36,	2,	NULL);

CREATE TABLE `customer_eav_attribute` (
  `attribute_id` smallint(5) unsigned NOT NULL COMMENT 'Attribute Id',
  `is_visible` smallint(5) unsigned NOT NULL DEFAULT '1' COMMENT 'Is Visible',
  `input_filter` varchar(255) DEFAULT NULL COMMENT 'Input Filter',
  `multiline_count` smallint(5) unsigned NOT NULL DEFAULT '1' COMMENT 'Multiline Count',
  `validate_rules` text COMMENT 'Validate Rules',
  `is_system` smallint(5) unsigned NOT NULL DEFAULT '0' COMMENT 'Is System',
  `sort_order` int(10) unsigned NOT NULL DEFAULT '0' COMMENT 'Sort Order',
  `data_model` varchar(255) DEFAULT NULL COMMENT 'Data Model',
  PRIMARY KEY (`attribute_id`),
  CONSTRAINT `FK_CSTR_EAV_ATTR_ATTR_ID_EAV_ATTR_ATTR_ID` FOREIGN KEY (`attribute_id`) REFERENCES `eav_attribute` (`attribute_id`) ON DELETE CASCADE ON UPDATE CASCADE
) ENGINE=InnoDB DEFAULT CHARSET=utf8 COMMENT='Customer Eav Attribute';

INSERT INTO `customer_eav_attribute` (`attribute_id`, `is_visible`, `input_filter`, `multiline_count`, `validate_rules`, `is_system`, `sort_order`, `data_model`) VALUES
(1,	1,	NULL,	0,	NULL,	1,	10,	NULL),
(2,	0,	NULL,	0,	NULL,	1,	0,	NULL),
(3,	1,	NULL,	0,	NULL,	1,	20,	NULL),
(4,	0,	NULL,	0,	NULL,	0,	30,	NULL),
(5,	1,	NULL,	0,	'a:2:{s:15:\"max_text_length\";i:255;s:15:\"min_text_length\";i:1;}',	1,	40,	NULL),
(6,	0,	NULL,	0,	NULL,	0,	50,	NULL),
(7,	1,	NULL,	0,	'a:2:{s:15:\"max_text_length\";i:255;s:15:\"min_text_length\";i:1;}',	1,	60,	NULL),
(8,	0,	NULL,	0,	NULL,	0,	70,	NULL),
(9,	1,	NULL,	0,	'a:1:{s:16:\"input_validation\";s:5:\"email\";}',	1,	80,	NULL),
(10,	1,	NULL,	0,	NULL,	1,	25,	NULL),
(11,	0,	'date',	0,	'a:1:{s:16:\"input_validation\";s:4:\"date\";}',	0,	90,	NULL),
(12,	0,	NULL,	0,	NULL,	1,	0,	NULL),
(13,	0,	NULL,	0,	NULL,	1,	0,	NULL),
(14,	0,	NULL,	0,	NULL,	1,	0,	NULL),
(15,	0,	NULL,	0,	'a:1:{s:15:\"max_text_length\";i:255;}',	0,	100,	NULL),
(16,	0,	NULL,	0,	NULL,	1,	0,	NULL),
(17,	0,	'datetime',	0,	NULL,	0,	0,	NULL),
(18,	0,	NULL,	0,	'a:0:{}',	0,	110,	NULL),
(19,	0,	NULL,	0,	NULL,	0,	10,	NULL),
(20,	1,	NULL,	0,	'a:2:{s:15:\"max_text_length\";i:255;s:15:\"min_text_length\";i:1;}',	1,	20,	NULL),
(21,	0,	NULL,	0,	NULL,	0,	30,	NULL),
(22,	1,	NULL,	0,	'a:2:{s:15:\"max_text_length\";i:255;s:15:\"min_text_length\";i:1;}',	1,	40,	NULL),
(23,	0,	NULL,	0,	NULL,	0,	50,	NULL),
(24,	1,	NULL,	0,	'a:2:{s:15:\"max_text_length\";i:255;s:15:\"min_text_length\";i:1;}',	1,	60,	NULL),
(25,	1,	NULL,	2,	'a:2:{s:15:\"max_text_length\";i:255;s:15:\"min_text_length\";i:1;}',	1,	70,	NULL),
(26,	1,	NULL,	0,	'a:2:{s:15:\"max_text_length\";i:255;s:15:\"min_text_length\";i:1;}',	1,	80,	NULL),
(27,	1,	NULL,	0,	NULL,	1,	90,	NULL),
(28,	1,	NULL,	0,	NULL,	1,	100,	NULL),
(29,	1,	NULL,	0,	NULL,	1,	100,	NULL),
(30,	1,	NULL,	0,	'a:0:{}',	1,	110,	'customer/attribute_data_postcode'),
(31,	1,	NULL,	0,	'a:2:{s:15:\"max_text_length\";i:255;s:15:\"min_text_length\";i:1;}',	1,	120,	NULL),
(32,	1,	NULL,	0,	'a:2:{s:15:\"max_text_length\";i:255;s:15:\"min_text_length\";i:1;}',	1,	130,	NULL),
(33,	0,	NULL,	0,	NULL,	1,	0,	NULL),
(34,	0,	NULL,	0,	'a:1:{s:16:\"input_validation\";s:4:\"date\";}',	1,	0,	NULL),
(35,	1,	NULL,	0,	NULL,	1,	28,	NULL),
(36,	1,	NULL,	0,	NULL,	1,	140,	NULL),
(37,	0,	NULL,	0,	NULL,	1,	0,	NULL),
(38,	0,	NULL,	0,	NULL,	1,	0,	NULL),
(39,	0,	NULL,	0,	NULL,	1,	0,	NULL),
(40,	0,	NULL,	0,	NULL,	1,	0,	NULL);

CREATE TABLE `customer_eav_attribute_website` (
  `attribute_id` smallint(5) unsigned NOT NULL COMMENT 'Attribute Id',
  `website_id` smallint(5) unsigned NOT NULL COMMENT 'Website Id',
  `is_visible` smallint(5) unsigned DEFAULT NULL COMMENT 'Is Visible',
  `is_required` smallint(5) unsigned DEFAULT NULL COMMENT 'Is Required',
  `default_value` text COMMENT 'Default Value',
  `multiline_count` smallint(5) unsigned DEFAULT NULL COMMENT 'Multiline Count',
  PRIMARY KEY (`attribute_id`,`website_id`),
  KEY `IDX_CUSTOMER_EAV_ATTRIBUTE_WEBSITE_WEBSITE_ID` (`website_id`),
  CONSTRAINT `FK_CSTR_EAV_ATTR_WS_ATTR_ID_EAV_ATTR_ATTR_ID` FOREIGN KEY (`attribute_id`) REFERENCES `eav_attribute` (`attribute_id`) ON DELETE CASCADE ON UPDATE CASCADE,
  CONSTRAINT `FK_CSTR_EAV_ATTR_WS_WS_ID_CORE_WS_WS_ID` FOREIGN KEY (`website_id`) REFERENCES `core_website` (`website_id`) ON DELETE CASCADE ON UPDATE CASCADE
) ENGINE=InnoDB DEFAULT CHARSET=utf8 COMMENT='Customer Eav Attribute Website';


CREATE TABLE `customer_entity` (
  `entity_id` int(10) unsigned NOT NULL AUTO_INCREMENT COMMENT 'Entity Id',
  `entity_type_id` smallint(5) unsigned NOT NULL DEFAULT '0' COMMENT 'Entity Type Id',
  `attribute_set_id` smallint(5) unsigned NOT NULL DEFAULT '0' COMMENT 'Attribute Set Id',
  `website_id` smallint(5) unsigned DEFAULT NULL COMMENT 'Website Id',
  `email` varchar(255) DEFAULT NULL COMMENT 'Email',
  `group_id` smallint(5) unsigned NOT NULL DEFAULT '0' COMMENT 'Group Id',
  `increment_id` varchar(50) DEFAULT NULL COMMENT 'Increment Id',
  `store_id` smallint(5) unsigned DEFAULT '0' COMMENT 'Store Id',
  `created_at` timestamp NOT NULL DEFAULT '0000-00-00 00:00:00' COMMENT 'Created At',
  `updated_at` timestamp NOT NULL DEFAULT '0000-00-00 00:00:00' COMMENT 'Updated At',
  `is_active` smallint(5) unsigned NOT NULL DEFAULT '1' COMMENT 'Is Active',
  `disable_auto_group_change` smallint(5) unsigned NOT NULL DEFAULT '0' COMMENT 'Disable automatic group change based on VAT ID',
  PRIMARY KEY (`entity_id`),
  UNIQUE KEY `UNQ_CUSTOMER_ENTITY_EMAIL_WEBSITE_ID` (`email`,`website_id`),
  KEY `IDX_CUSTOMER_ENTITY_STORE_ID` (`store_id`),
  KEY `IDX_CUSTOMER_ENTITY_ENTITY_TYPE_ID` (`entity_type_id`),
  KEY `IDX_CUSTOMER_ENTITY_EMAIL_WEBSITE_ID` (`email`,`website_id`),
  KEY `IDX_CUSTOMER_ENTITY_WEBSITE_ID` (`website_id`),
  CONSTRAINT `FK_CUSTOMER_ENTITY_STORE_ID_CORE_STORE_STORE_ID` FOREIGN KEY (`store_id`) REFERENCES `core_store` (`store_id`) ON DELETE SET NULL ON UPDATE CASCADE,
  CONSTRAINT `FK_CUSTOMER_ENTITY_WEBSITE_ID_CORE_WEBSITE_WEBSITE_ID` FOREIGN KEY (`website_id`) REFERENCES `core_website` (`website_id`) ON DELETE SET NULL ON UPDATE CASCADE
) ENGINE=InnoDB DEFAULT CHARSET=utf8 COMMENT='Customer Entity';

INSERT INTO `customer_entity` (`entity_id`, `entity_type_id`, `attribute_set_id`, `website_id`, `email`, `group_id`, `increment_id`, `store_id`, `created_at`, `updated_at`, `is_active`, `disable_auto_group_change`) VALUES
(1,	1,	0,	1,	'marius@aprilred.com',	1,	NULL,	1,	'2017-09-27 12:55:34',	'2018-02-09 15:05:07',	1,	0);

CREATE TABLE `customer_entity_datetime` (
  `value_id` int(11) NOT NULL AUTO_INCREMENT COMMENT 'Value Id',
  `entity_type_id` smallint(5) unsigned NOT NULL DEFAULT '0' COMMENT 'Entity Type Id',
  `attribute_id` smallint(5) unsigned NOT NULL DEFAULT '0' COMMENT 'Attribute Id',
  `entity_id` int(10) unsigned NOT NULL DEFAULT '0' COMMENT 'Entity Id',
  `value` datetime NOT NULL DEFAULT '0000-00-00 00:00:00' COMMENT 'Value',
  PRIMARY KEY (`value_id`),
  UNIQUE KEY `UNQ_CUSTOMER_ENTITY_DATETIME_ENTITY_ID_ATTRIBUTE_ID` (`entity_id`,`attribute_id`),
  KEY `IDX_CUSTOMER_ENTITY_DATETIME_ENTITY_TYPE_ID` (`entity_type_id`),
  KEY `IDX_CUSTOMER_ENTITY_DATETIME_ATTRIBUTE_ID` (`attribute_id`),
  KEY `IDX_CUSTOMER_ENTITY_DATETIME_ENTITY_ID` (`entity_id`),
  KEY `IDX_CUSTOMER_ENTITY_DATETIME_ENTITY_ID_ATTRIBUTE_ID_VALUE` (`entity_id`,`attribute_id`,`value`),
  CONSTRAINT `FK_CSTR_ENTT_DTIME_ATTR_ID_EAV_ATTR_ATTR_ID` FOREIGN KEY (`attribute_id`) REFERENCES `eav_attribute` (`attribute_id`) ON DELETE CASCADE ON UPDATE CASCADE,
  CONSTRAINT `FK_CSTR_ENTT_DTIME_ENTT_TYPE_ID_EAV_ENTT_TYPE_ENTT_TYPE_ID` FOREIGN KEY (`entity_type_id`) REFERENCES `eav_entity_type` (`entity_type_id`) ON DELETE CASCADE ON UPDATE CASCADE,
  CONSTRAINT `FK_CUSTOMER_ENTITY_DATETIME_ENTITY_ID_CUSTOMER_ENTITY_ENTITY_ID` FOREIGN KEY (`entity_id`) REFERENCES `customer_entity` (`entity_id`) ON DELETE CASCADE ON UPDATE CASCADE
) ENGINE=InnoDB DEFAULT CHARSET=utf8 COMMENT='Customer Entity Datetime';

INSERT INTO `customer_entity_datetime` (`value_id`, `entity_type_id`, `attribute_id`, `entity_id`, `value`) VALUES
(1,	1,	11,	1,	'1987-05-20 00:00:00');

CREATE TABLE `customer_entity_decimal` (
  `value_id` int(11) NOT NULL AUTO_INCREMENT COMMENT 'Value Id',
  `entity_type_id` smallint(5) unsigned NOT NULL DEFAULT '0' COMMENT 'Entity Type Id',
  `attribute_id` smallint(5) unsigned NOT NULL DEFAULT '0' COMMENT 'Attribute Id',
  `entity_id` int(10) unsigned NOT NULL DEFAULT '0' COMMENT 'Entity Id',
  `value` decimal(12,4) NOT NULL DEFAULT '0.0000' COMMENT 'Value',
  PRIMARY KEY (`value_id`),
  UNIQUE KEY `UNQ_CUSTOMER_ENTITY_DECIMAL_ENTITY_ID_ATTRIBUTE_ID` (`entity_id`,`attribute_id`),
  KEY `IDX_CUSTOMER_ENTITY_DECIMAL_ENTITY_TYPE_ID` (`entity_type_id`),
  KEY `IDX_CUSTOMER_ENTITY_DECIMAL_ATTRIBUTE_ID` (`attribute_id`),
  KEY `IDX_CUSTOMER_ENTITY_DECIMAL_ENTITY_ID` (`entity_id`),
  KEY `IDX_CUSTOMER_ENTITY_DECIMAL_ENTITY_ID_ATTRIBUTE_ID_VALUE` (`entity_id`,`attribute_id`,`value`),
  CONSTRAINT `FK_CSTR_ENTT_DEC_ATTR_ID_EAV_ATTR_ATTR_ID` FOREIGN KEY (`attribute_id`) REFERENCES `eav_attribute` (`attribute_id`) ON DELETE CASCADE ON UPDATE CASCADE,
  CONSTRAINT `FK_CSTR_ENTT_DEC_ENTT_TYPE_ID_EAV_ENTT_TYPE_ENTT_TYPE_ID` FOREIGN KEY (`entity_type_id`) REFERENCES `eav_entity_type` (`entity_type_id`) ON DELETE CASCADE ON UPDATE CASCADE,
  CONSTRAINT `FK_CUSTOMER_ENTITY_DECIMAL_ENTITY_ID_CUSTOMER_ENTITY_ENTITY_ID` FOREIGN KEY (`entity_id`) REFERENCES `customer_entity` (`entity_id`) ON DELETE CASCADE ON UPDATE CASCADE
) ENGINE=InnoDB DEFAULT CHARSET=utf8 COMMENT='Customer Entity Decimal';


CREATE TABLE `customer_entity_int` (
  `value_id` int(11) NOT NULL AUTO_INCREMENT COMMENT 'Value Id',
  `entity_type_id` smallint(5) unsigned NOT NULL DEFAULT '0' COMMENT 'Entity Type Id',
  `attribute_id` smallint(5) unsigned NOT NULL DEFAULT '0' COMMENT 'Attribute Id',
  `entity_id` int(10) unsigned NOT NULL DEFAULT '0' COMMENT 'Entity Id',
  `value` int(11) NOT NULL DEFAULT '0' COMMENT 'Value',
  PRIMARY KEY (`value_id`),
  UNIQUE KEY `UNQ_CUSTOMER_ENTITY_INT_ENTITY_ID_ATTRIBUTE_ID` (`entity_id`,`attribute_id`),
  KEY `IDX_CUSTOMER_ENTITY_INT_ENTITY_TYPE_ID` (`entity_type_id`),
  KEY `IDX_CUSTOMER_ENTITY_INT_ATTRIBUTE_ID` (`attribute_id`),
  KEY `IDX_CUSTOMER_ENTITY_INT_ENTITY_ID` (`entity_id`),
  KEY `IDX_CUSTOMER_ENTITY_INT_ENTITY_ID_ATTRIBUTE_ID_VALUE` (`entity_id`,`attribute_id`,`value`),
  CONSTRAINT `FK_CSTR_ENTT_INT_ENTT_TYPE_ID_EAV_ENTT_TYPE_ENTT_TYPE_ID` FOREIGN KEY (`entity_type_id`) REFERENCES `eav_entity_type` (`entity_type_id`) ON DELETE CASCADE ON UPDATE CASCADE,
  CONSTRAINT `FK_CUSTOMER_ENTITY_INT_ATTRIBUTE_ID_EAV_ATTRIBUTE_ATTRIBUTE_ID` FOREIGN KEY (`attribute_id`) REFERENCES `eav_attribute` (`attribute_id`) ON DELETE CASCADE ON UPDATE CASCADE,
  CONSTRAINT `FK_CUSTOMER_ENTITY_INT_ENTITY_ID_CUSTOMER_ENTITY_ENTITY_ID` FOREIGN KEY (`entity_id`) REFERENCES `customer_entity` (`entity_id`) ON DELETE CASCADE ON UPDATE CASCADE
) ENGINE=InnoDB DEFAULT CHARSET=utf8 COMMENT='Customer Entity Int';

INSERT INTO `customer_entity_int` (`value_id`, `entity_type_id`, `attribute_id`, `entity_id`, `value`) VALUES
(1,	1,	18,	1,	1),
(2,	1,	13,	1,	1),
(3,	1,	14,	1,	1);

CREATE TABLE `customer_entity_text` (
  `value_id` int(11) NOT NULL AUTO_INCREMENT COMMENT 'Value Id',
  `entity_type_id` smallint(5) unsigned NOT NULL DEFAULT '0' COMMENT 'Entity Type Id',
  `attribute_id` smallint(5) unsigned NOT NULL DEFAULT '0' COMMENT 'Attribute Id',
  `entity_id` int(10) unsigned NOT NULL DEFAULT '0' COMMENT 'Entity Id',
  `value` text NOT NULL COMMENT 'Value',
  PRIMARY KEY (`value_id`),
  UNIQUE KEY `UNQ_CUSTOMER_ENTITY_TEXT_ENTITY_ID_ATTRIBUTE_ID` (`entity_id`,`attribute_id`),
  KEY `IDX_CUSTOMER_ENTITY_TEXT_ENTITY_TYPE_ID` (`entity_type_id`),
  KEY `IDX_CUSTOMER_ENTITY_TEXT_ATTRIBUTE_ID` (`attribute_id`),
  KEY `IDX_CUSTOMER_ENTITY_TEXT_ENTITY_ID` (`entity_id`),
  CONSTRAINT `FK_CSTR_ENTT_TEXT_ENTT_TYPE_ID_EAV_ENTT_TYPE_ENTT_TYPE_ID` FOREIGN KEY (`entity_type_id`) REFERENCES `eav_entity_type` (`entity_type_id`) ON DELETE CASCADE ON UPDATE CASCADE,
  CONSTRAINT `FK_CUSTOMER_ENTITY_TEXT_ATTRIBUTE_ID_EAV_ATTRIBUTE_ATTRIBUTE_ID` FOREIGN KEY (`attribute_id`) REFERENCES `eav_attribute` (`attribute_id`) ON DELETE CASCADE ON UPDATE CASCADE,
  CONSTRAINT `FK_CUSTOMER_ENTITY_TEXT_ENTITY_ID_CUSTOMER_ENTITY_ENTITY_ID` FOREIGN KEY (`entity_id`) REFERENCES `customer_entity` (`entity_id`) ON DELETE CASCADE ON UPDATE CASCADE
) ENGINE=InnoDB DEFAULT CHARSET=utf8 COMMENT='Customer Entity Text';


CREATE TABLE `customer_entity_varchar` (
  `value_id` int(11) NOT NULL AUTO_INCREMENT COMMENT 'Value Id',
  `entity_type_id` smallint(5) unsigned NOT NULL DEFAULT '0' COMMENT 'Entity Type Id',
  `attribute_id` smallint(5) unsigned NOT NULL DEFAULT '0' COMMENT 'Attribute Id',
  `entity_id` int(10) unsigned NOT NULL DEFAULT '0' COMMENT 'Entity Id',
  `value` varchar(255) DEFAULT NULL COMMENT 'Value',
  PRIMARY KEY (`value_id`),
  UNIQUE KEY `UNQ_CUSTOMER_ENTITY_VARCHAR_ENTITY_ID_ATTRIBUTE_ID` (`entity_id`,`attribute_id`),
  KEY `IDX_CUSTOMER_ENTITY_VARCHAR_ENTITY_TYPE_ID` (`entity_type_id`),
  KEY `IDX_CUSTOMER_ENTITY_VARCHAR_ATTRIBUTE_ID` (`attribute_id`),
  KEY `IDX_CUSTOMER_ENTITY_VARCHAR_ENTITY_ID` (`entity_id`),
  KEY `IDX_CUSTOMER_ENTITY_VARCHAR_ENTITY_ID_ATTRIBUTE_ID_VALUE` (`entity_id`,`attribute_id`,`value`),
  CONSTRAINT `FK_CSTR_ENTT_VCHR_ATTR_ID_EAV_ATTR_ATTR_ID` FOREIGN KEY (`attribute_id`) REFERENCES `eav_attribute` (`attribute_id`) ON DELETE CASCADE ON UPDATE CASCADE,
  CONSTRAINT `FK_CSTR_ENTT_VCHR_ENTT_TYPE_ID_EAV_ENTT_TYPE_ENTT_TYPE_ID` FOREIGN KEY (`entity_type_id`) REFERENCES `eav_entity_type` (`entity_type_id`) ON DELETE CASCADE ON UPDATE CASCADE,
  CONSTRAINT `FK_CUSTOMER_ENTITY_VARCHAR_ENTITY_ID_CUSTOMER_ENTITY_ENTITY_ID` FOREIGN KEY (`entity_id`) REFERENCES `customer_entity` (`entity_id`) ON DELETE CASCADE ON UPDATE CASCADE
) ENGINE=InnoDB DEFAULT CHARSET=utf8 COMMENT='Customer Entity Varchar';

INSERT INTO `customer_entity_varchar` (`value_id`, `entity_type_id`, `attribute_id`, `entity_id`, `value`) VALUES
(1,	1,	5,	1,	'AR'),
(2,	1,	7,	1,	'DEV'),
(3,	1,	12,	1,	'ae9bd3f453e9c6063b2852f6b6a96baa:UIeSH0O0Z42TbG8uFLVefQXmxsCkAoAa'),
(4,	1,	3,	1,	'Default Store View');

CREATE TABLE `customer_flowpassword` (
  `flowpassword_id` int(10) unsigned NOT NULL AUTO_INCREMENT COMMENT 'Flow password Id',
  `ip` varchar(50) NOT NULL COMMENT 'User IP',
  `email` varchar(255) NOT NULL COMMENT 'Requested email for change',
  `requested_date` varchar(255) NOT NULL DEFAULT '0000-00-00 00:00:00' COMMENT 'Requested date for change',
  PRIMARY KEY (`flowpassword_id`),
  KEY `IDX_CUSTOMER_FLOWPASSWORD_EMAIL` (`email`),
  KEY `IDX_CUSTOMER_FLOWPASSWORD_IP` (`ip`),
  KEY `IDX_CUSTOMER_FLOWPASSWORD_REQUESTED_DATE` (`requested_date`)
) ENGINE=InnoDB DEFAULT CHARSET=utf8 COMMENT='Customer flow password';


CREATE TABLE `customer_form_attribute` (
  `form_code` varchar(32) NOT NULL COMMENT 'Form Code',
  `attribute_id` smallint(5) unsigned NOT NULL COMMENT 'Attribute Id',
  PRIMARY KEY (`form_code`,`attribute_id`),
  KEY `IDX_CUSTOMER_FORM_ATTRIBUTE_ATTRIBUTE_ID` (`attribute_id`),
  CONSTRAINT `FK_CSTR_FORM_ATTR_ATTR_ID_EAV_ATTR_ATTR_ID` FOREIGN KEY (`attribute_id`) REFERENCES `eav_attribute` (`attribute_id`) ON DELETE CASCADE ON UPDATE CASCADE
) ENGINE=InnoDB DEFAULT CHARSET=utf8 COMMENT='Customer Form Attribute';

INSERT INTO `customer_form_attribute` (`form_code`, `attribute_id`) VALUES
('adminhtml_customer',	1),
('adminhtml_customer',	3),
('adminhtml_customer',	4),
('checkout_register',	4),
('customer_account_create',	4),
('customer_account_edit',	4),
('adminhtml_customer',	5),
('checkout_register',	5),
('customer_account_create',	5),
('customer_account_edit',	5),
('adminhtml_customer',	6),
('checkout_register',	6),
('customer_account_create',	6),
('customer_account_edit',	6),
('adminhtml_customer',	7),
('checkout_register',	7),
('customer_account_create',	7),
('customer_account_edit',	7),
('adminhtml_customer',	8),
('checkout_register',	8),
('customer_account_create',	8),
('customer_account_edit',	8),
('adminhtml_checkout',	9),
('adminhtml_customer',	9),
('checkout_register',	9),
('customer_account_create',	9),
('customer_account_edit',	9),
('adminhtml_checkout',	10),
('adminhtml_customer',	10),
('adminhtml_checkout',	11),
('adminhtml_customer',	11),
('checkout_register',	11),
('customer_account_create',	11),
('customer_account_edit',	11),
('adminhtml_checkout',	15),
('adminhtml_customer',	15),
('checkout_register',	15),
('customer_account_create',	15),
('customer_account_edit',	15),
('adminhtml_customer',	17),
('checkout_register',	17),
('customer_account_create',	17),
('customer_account_edit',	17),
('adminhtml_checkout',	18),
('adminhtml_customer',	18),
('checkout_register',	18),
('customer_account_create',	18),
('customer_account_edit',	18),
('adminhtml_customer_address',	19),
('customer_address_edit',	19),
('customer_register_address',	19),
('adminhtml_customer_address',	20),
('customer_address_edit',	20),
('customer_register_address',	20),
('adminhtml_customer_address',	21),
('customer_address_edit',	21),
('customer_register_address',	21),
('adminhtml_customer_address',	22),
('customer_address_edit',	22),
('customer_register_address',	22),
('adminhtml_customer_address',	23),
('customer_address_edit',	23),
('customer_register_address',	23),
('adminhtml_customer_address',	24),
('customer_address_edit',	24),
('customer_register_address',	24),
('adminhtml_customer_address',	25),
('customer_address_edit',	25),
('customer_register_address',	25),
('adminhtml_customer_address',	26),
('customer_address_edit',	26),
('customer_register_address',	26),
('adminhtml_customer_address',	27),
('customer_address_edit',	27),
('customer_register_address',	27),
('adminhtml_customer_address',	28),
('customer_address_edit',	28),
('customer_register_address',	28),
('adminhtml_customer_address',	29),
('customer_address_edit',	29),
('customer_register_address',	29),
('adminhtml_customer_address',	30),
('customer_address_edit',	30),
('customer_register_address',	30),
('adminhtml_customer_address',	31),
('customer_address_edit',	31),
('customer_register_address',	31),
('adminhtml_customer_address',	32),
('customer_address_edit',	32),
('customer_register_address',	32),
('adminhtml_customer',	35),
('adminhtml_customer_address',	36),
('customer_address_edit',	36),
('customer_register_address',	36);

CREATE TABLE `customer_group` (
  `customer_group_id` smallint(5) unsigned NOT NULL AUTO_INCREMENT COMMENT 'Customer Group Id',
  `customer_group_code` varchar(32) NOT NULL COMMENT 'Customer Group Code',
  `tax_class_id` int(10) unsigned NOT NULL DEFAULT '0' COMMENT 'Tax Class Id',
  PRIMARY KEY (`customer_group_id`)
) ENGINE=InnoDB DEFAULT CHARSET=utf8 COMMENT='Customer Group';

INSERT INTO `customer_group` (`customer_group_id`, `customer_group_code`, `tax_class_id`) VALUES
(0,	'NOT LOGGED IN',	3),
(1,	'General',	3),
(2,	'Wholesale',	3),
(3,	'Retailer',	3);

CREATE TABLE `customgrid_grid` (
  `grid_id` int(10) unsigned NOT NULL AUTO_INCREMENT,
  `type` varchar(255) NOT NULL,
  `module_name` varchar(255) NOT NULL,
  `controller_name` varchar(255) NOT NULL,
  `block_type` varchar(255) NOT NULL,
  `rewriting_class_name` varchar(255) DEFAULT NULL,
  `block_id` varchar(255) DEFAULT NULL,
  `max_attribute_column_id` int(10) unsigned NOT NULL DEFAULT '0',
  `max_custom_column_id` int(10) unsigned NOT NULL DEFAULT '0',
  `default_page` int(10) unsigned DEFAULT NULL,
  `default_limit` int(10) unsigned DEFAULT NULL,
  `default_sort` varchar(255) DEFAULT NULL,
  `default_dir` enum('asc','desc') DEFAULT NULL,
  `default_filter` text,
  `disabled` tinyint(1) unsigned NOT NULL DEFAULT '0',
  `default_page_behaviour` enum('default','force_original','force_custom') DEFAULT NULL,
  `default_limit_behaviour` enum('default','force_original','force_custom') DEFAULT NULL,
  `default_sort_behaviour` enum('default','force_original','force_custom') DEFAULT NULL,
  `default_dir_behaviour` enum('default','force_original','force_custom') DEFAULT NULL,
  `default_filter_behaviour` enum('default','force_original','force_custom','merge_default','merge_on_original','merge_on_custom') DEFAULT NULL,
  PRIMARY KEY (`grid_id`)
) ENGINE=InnoDB DEFAULT CHARSET=utf8;

INSERT INTO `customgrid_grid` (`grid_id`, `type`, `module_name`, `controller_name`, `block_type`, `rewriting_class_name`, `block_id`, `max_attribute_column_id`, `max_custom_column_id`, `default_page`, `default_limit`, `default_sort`, `default_dir`, `default_filter`, `disabled`, `default_page_behaviour`, `default_limit_behaviour`, `default_sort_behaviour`, `default_dir_behaviour`, `default_filter_behaviour`) VALUES
(1,	'product',	'admin',	'catalog_product',	'adminhtml/catalog_product_grid',	NULL,	'productGrid',	3,	0,	NULL,	NULL,	NULL,	NULL,	NULL,	0,	NULL,	NULL,	NULL,	NULL,	NULL),
(2,	'other',	'authors_cms',	'adminhtml_authors',	'authors/adminhtml_authors_grid',	NULL,	'authorsGrid',	0,	0,	NULL,	NULL,	NULL,	NULL,	NULL,	0,	NULL,	NULL,	NULL,	NULL,	NULL),
(3,	'other',	'admin',	'catalog_product_attribute',	'adminhtml/catalog_product_attribute_grid',	NULL,	'attributeGrid',	0,	0,	NULL,	NULL,	NULL,	NULL,	NULL,	0,	NULL,	NULL,	NULL,	NULL,	NULL),
(4,	'product',	'admin',	'catalog_product',	'adminhtml/catalog_product_edit_tab_crosssell',	NULL,	'cross_sell_product_grid',	0,	0,	NULL,	NULL,	NULL,	NULL,	NULL,	0,	NULL,	NULL,	NULL,	NULL,	NULL),
(5,	'product',	'admin',	'catalog_product',	'adminhtml/catalog_product_edit_tab_upsell',	NULL,	'up_sell_product_grid',	0,	0,	NULL,	NULL,	NULL,	NULL,	NULL,	0,	NULL,	NULL,	NULL,	NULL,	NULL),
(6,	'product',	'admin',	'catalog_category',	'adminhtml/catalog_category_tab_product',	NULL,	'catalog_category_products',	0,	0,	NULL,	NULL,	NULL,	NULL,	NULL,	0,	NULL,	NULL,	NULL,	NULL,	NULL),
(7,	'catalog_search',	'admin',	'catalog_search',	'adminhtml/catalog_search_grid',	NULL,	'catalog_search_grid',	0,	0,	NULL,	NULL,	NULL,	NULL,	NULL,	0,	NULL,	NULL,	NULL,	NULL,	NULL),
(8,	'other',	'admin',	'process',	'index/adminhtml_process_grid',	NULL,	'indexer_processes_grid',	0,	0,	NULL,	NULL,	NULL,	NULL,	NULL,	0,	NULL,	NULL,	NULL,	NULL,	NULL),
(9,	'product_edit_tab',	'admin',	'catalog_product',	'adminhtml/catalog_product_edit_tab_reviews',	NULL,	'reviwGrid',	0,	0,	NULL,	NULL,	NULL,	NULL,	NULL,	0,	NULL,	NULL,	NULL,	NULL,	NULL),
(10,	'product_review',	'admin',	'catalog_product_review',	'adminhtml/review_grid',	NULL,	'reviwGrid',	0,	0,	NULL,	NULL,	NULL,	NULL,	NULL,	0,	NULL,	NULL,	NULL,	NULL,	NULL),
(11,	'other',	'admin',	'catalog_product_review',	'adminhtml/review_product_grid',	NULL,	'productGrid',	0,	0,	NULL,	NULL,	NULL,	NULL,	NULL,	0,	NULL,	NULL,	NULL,	NULL,	NULL),
(12,	'cms_page',	'admin',	'cms_page',	'adminhtml/cms_page_grid',	NULL,	'cmsPageGrid',	0,	0,	NULL,	NULL,	NULL,	NULL,	NULL,	0,	NULL,	NULL,	NULL,	NULL,	NULL),
(13,	'cms_block',	'admin',	'cms_block',	'adminhtml/cms_block_grid',	NULL,	'cmsBlockGrid',	0,	0,	NULL,	NULL,	NULL,	NULL,	NULL,	0,	NULL,	NULL,	NULL,	NULL,	NULL),
(14,	'other',	'admin',	'awblog_manage_blog',	'blog/manage_blog_grid',	NULL,	'blogGrid',	0,	0,	NULL,	NULL,	NULL,	NULL,	NULL,	0,	NULL,	NULL,	NULL,	NULL,	NULL),
(15,	'other',	'admin',	'awblog_manage_cat',	'blog/manage_cat_grid',	NULL,	'categoryGrid',	0,	0,	NULL,	NULL,	NULL,	NULL,	NULL,	0,	NULL,	NULL,	NULL,	NULL,	NULL),
(16,	'other',	'admin',	'notification',	'adminhtml/notification_grid',	NULL,	'notificationGrid',	0,	0,	NULL,	NULL,	NULL,	NULL,	NULL,	0,	NULL,	NULL,	NULL,	NULL,	NULL),
(17,	'other',	'admin',	'system_backup',	'adminhtml/backup_grid',	NULL,	'backupsGrid',	0,	0,	NULL,	NULL,	NULL,	NULL,	NULL,	0,	NULL,	NULL,	NULL,	NULL,	NULL),
(18,	'sales_order',	'admin',	'sales_order',	'adminhtml/sales_order_grid',	'Raveinfosys_Deleteorder_Block_Adminhtml_Sales_Order_Grid',	'sales_order_grid',	0,	0,	NULL,	NULL,	NULL,	NULL,	NULL,	0,	NULL,	NULL,	NULL,	NULL,	NULL),
(19,	'other',	'admin',	'promo_catalog',	'adminhtml/promo_catalog_grid',	NULL,	'promo_catalog_grid',	0,	0,	NULL,	NULL,	NULL,	NULL,	NULL,	0,	NULL,	NULL,	NULL,	NULL,	NULL),
(20,	'other',	'admin',	'promo_quote',	'adminhtml/promo_quote_grid',	NULL,	'promo_quote_grid',	0,	0,	NULL,	NULL,	NULL,	NULL,	NULL,	0,	NULL,	NULL,	NULL,	NULL,	NULL),
(21,	'other',	'admin',	'promo_quote',	'adminhtml/promo_quote_edit_tab_coupons_grid',	NULL,	'couponCodesGrid',	0,	0,	NULL,	NULL,	NULL,	NULL,	NULL,	0,	NULL,	NULL,	NULL,	NULL,	NULL),
(22,	'other',	'admin',	'cache',	'adminhtml/cache_grid',	NULL,	'cache_grid',	0,	0,	NULL,	NULL,	NULL,	NULL,	NULL,	0,	NULL,	NULL,	NULL,	NULL,	NULL),
(23,	'other',	'uncut_cms',	'cache',	'adminhtml/cache_grid',	NULL,	'cache_grid',	0,	0,	NULL,	NULL,	NULL,	NULL,	NULL,	0,	NULL,	NULL,	NULL,	NULL,	NULL),
(24,	'product',	'uncut_cms',	'catalog_product',	'adminhtml/catalog_product_grid',	NULL,	'productGrid',	2,	0,	NULL,	NULL,	NULL,	NULL,	NULL,	0,	NULL,	NULL,	NULL,	NULL,	NULL),
(25,	'customer',	'uncut_cms',	'customer',	'adminhtml/customer_grid',	NULL,	'customerGrid',	0,	0,	NULL,	NULL,	NULL,	NULL,	NULL,	0,	NULL,	NULL,	NULL,	NULL,	NULL),
(26,	'customer_edit_tab',	'uncut_cms',	'customer',	'adminhtml/customer_edit_tab_newsletter_grid',	NULL,	'queueGrid',	0,	0,	NULL,	NULL,	NULL,	NULL,	NULL,	0,	NULL,	NULL,	NULL,	NULL,	NULL),
(27,	'customer_edit_tab',	'uncut_cms',	'customer',	'sales/adminhtml_customer_edit_tab_agreement',	NULL,	'customer_edit_tab_agreements',	0,	0,	NULL,	NULL,	NULL,	NULL,	NULL,	0,	NULL,	NULL,	NULL,	NULL,	NULL),
(28,	'other',	'uncut_cms',	'customer',	'sales/adminhtml_customer_edit_tab_recurring_profile',	NULL,	'customer_edit_tab_recurring_profile',	0,	0,	NULL,	NULL,	NULL,	NULL,	NULL,	0,	NULL,	NULL,	NULL,	NULL,	NULL),
(29,	'other',	'uncut_cms',	'sales_order_status',	'adminhtml/sales_order_status_grid',	NULL,	'sales_order_status_grid',	0,	0,	NULL,	NULL,	NULL,	NULL,	NULL,	0,	NULL,	NULL,	NULL,	NULL,	NULL),
(30,	'other',	'uncut_cms',	'api_role',	'adminhtml/api_grid_role',	NULL,	'roleGrid',	0,	0,	NULL,	NULL,	NULL,	NULL,	NULL,	0,	NULL,	NULL,	NULL,	NULL,	NULL),
(31,	'permissions_role_users',	'uncut_cms',	'api_role',	'adminhtml/api_role_grid_user',	NULL,	'roleUserGrid',	0,	0,	NULL,	NULL,	NULL,	NULL,	NULL,	0,	NULL,	NULL,	NULL,	NULL,	NULL),
(32,	'other',	'uncut_cms',	'api_user',	'adminhtml/api_user_grid',	NULL,	'permissionsUserGrid',	0,	0,	NULL,	NULL,	NULL,	NULL,	NULL,	0,	NULL,	NULL,	NULL,	NULL,	NULL),
(33,	'other',	'uncut_cms',	'api_user',	'adminhtml/api_user_edit_tab_roles',	NULL,	'permissionsUserRolesGrid',	0,	0,	NULL,	NULL,	NULL,	NULL,	NULL,	0,	NULL,	NULL,	NULL,	NULL,	NULL),
(34,	'other',	'uncut_cms',	'system_convert_gui',	'adminhtml/system_convert_gui_grid',	NULL,	'convertProfileGrid',	0,	0,	NULL,	NULL,	NULL,	NULL,	NULL,	0,	NULL,	NULL,	NULL,	NULL,	NULL),
(35,	'other',	'uncut_cms',	'system_convert_gui',	'adminhtml/system_convert_gui_grid',	'IKT_OrderExport_Block_SystemConvertGuiGrid',	'convertProfileGrid',	0,	0,	NULL,	NULL,	NULL,	NULL,	NULL,	0,	NULL,	NULL,	NULL,	NULL,	NULL),
(36,	'other',	'uncut_cms',	'system_convert_profile',	'adminhtml/system_convert_profile_grid',	NULL,	'convertProfileGrid',	0,	0,	NULL,	NULL,	NULL,	NULL,	NULL,	0,	NULL,	NULL,	NULL,	NULL,	NULL),
(37,	'other',	'uncut_cms',	'system_convert_gui',	'adminhtml/system_convert_profile_edit_tab_history',	NULL,	'history_grid',	0,	0,	NULL,	NULL,	NULL,	NULL,	NULL,	0,	NULL,	NULL,	NULL,	NULL,	NULL),
(38,	'sales_order',	'uncut_cms',	'sales_order',	'adminhtml/sales_order_grid',	'Raveinfosys_Deleteorder_Block_Adminhtml_Sales_Order_Grid',	'sales_order_grid',	0,	0,	NULL,	NULL,	NULL,	NULL,	NULL,	0,	NULL,	NULL,	NULL,	NULL,	NULL),
(39,	'other',	'uncut_cms',	'process',	'index/adminhtml_process_grid',	NULL,	'indexer_processes_grid',	0,	0,	NULL,	NULL,	NULL,	NULL,	NULL,	0,	NULL,	NULL,	NULL,	NULL,	NULL),
(40,	'url_rewrite',	'uncut_cms',	'urlrewrite',	'adminhtml/urlrewrite_grid',	NULL,	'urlrewriteGrid',	0,	0,	NULL,	NULL,	NULL,	NULL,	NULL,	0,	NULL,	NULL,	NULL,	NULL,	NULL),
(42,	'order_view_tab',	'uncut_cms',	'sales_order',	'adminhtml/sales_order_view_tab_invoices',	NULL,	'order_invoices',	0,	0,	NULL,	NULL,	NULL,	NULL,	NULL,	0,	NULL,	NULL,	NULL,	NULL,	NULL),
(43,	'order_view_tab',	'uncut_cms',	'sales_order',	'adminhtml/sales_order_view_tab_creditmemos',	NULL,	'order_creditmemos',	0,	0,	NULL,	NULL,	NULL,	NULL,	NULL,	0,	NULL,	NULL,	NULL,	NULL,	NULL),
(44,	'order_view_tab',	'uncut_cms',	'sales_order',	'adminhtml/sales_order_view_tab_shipments',	NULL,	'order_shipments',	0,	0,	NULL,	NULL,	NULL,	NULL,	NULL,	0,	NULL,	NULL,	NULL,	NULL,	NULL),
(45,	'order_view_tab',	'uncut_cms',	'sales_order',	'adminhtml/sales_order_view_tab_transactions',	NULL,	'order_transactions',	0,	0,	NULL,	NULL,	NULL,	NULL,	NULL,	0,	NULL,	NULL,	NULL,	NULL,	NULL),
(46,	'cms_block',	'uncut_cms',	'cms_block',	'adminhtml/cms_block_grid',	NULL,	'cmsBlockGrid',	0,	0,	NULL,	NULL,	NULL,	NULL,	NULL,	0,	NULL,	NULL,	NULL,	NULL,	NULL),
(47,	'other',	'uncut_cms',	'promo_quote',	'adminhtml/promo_quote_grid',	NULL,	'promo_quote_grid',	0,	0,	NULL,	NULL,	NULL,	NULL,	NULL,	0,	NULL,	NULL,	NULL,	NULL,	NULL),
(48,	'other',	'uncut_cms',	'awblog_manage_blog',	'blog/manage_blog_grid',	NULL,	'blogGrid',	0,	0,	NULL,	NULL,	NULL,	NULL,	NULL,	0,	NULL,	NULL,	NULL,	NULL,	NULL),
(49,	'other',	'uncut_cms',	'catalog_product_attribute',	'adminhtml/catalog_product_attribute_grid',	NULL,	'attributeGrid',	0,	0,	NULL,	NULL,	NULL,	NULL,	NULL,	0,	NULL,	NULL,	NULL,	NULL,	NULL),
(50,	'cms_page',	'uncut_cms',	'cms_page',	'adminhtml/cms_page_grid',	NULL,	'cmsPageGrid',	0,	0,	NULL,	NULL,	NULL,	NULL,	NULL,	0,	NULL,	NULL,	NULL,	NULL,	NULL),
(51,	'cms_widget',	'uncut_cms',	'widget_instance',	'widget/adminhtml_widget_instance_grid',	NULL,	'widgetInstanceGrid',	0,	0,	NULL,	NULL,	NULL,	NULL,	NULL,	0,	NULL,	NULL,	NULL,	NULL,	NULL),
(52,	'other',	'uncut_cms',	'blcg_custom_grid',	'customgrid/custom_grid_grid',	NULL,	'BLCG_CustomGridGrid',	0,	0,	NULL,	NULL,	NULL,	NULL,	NULL,	0,	NULL,	NULL,	NULL,	NULL,	NULL),
(54,	'other',	'partners_cms',	'adminhtml_partners',	'partners/adminhtml_partners_grid',	NULL,	'partnersGrid',	0,	0,	NULL,	NULL,	NULL,	NULL,	NULL,	0,	NULL,	NULL,	NULL,	NULL,	NULL),
(55,	'other',	'uncut_cms',	'notification',	'adminhtml/notification_grid',	NULL,	'notificationGrid',	0,	0,	NULL,	NULL,	NULL,	NULL,	NULL,	0,	NULL,	NULL,	NULL,	NULL,	NULL),
(56,	'customer_edit_tab',	'uncut_cms',	'customer',	'adminhtml/customer_edit_tab_orders',	NULL,	'customer_orders_grid',	0,	0,	NULL,	NULL,	NULL,	NULL,	NULL,	0,	NULL,	NULL,	NULL,	NULL,	NULL),
(57,	'customer_edit_tab',	'uncut_cms',	'customer',	'adminhtml/customer_edit_tab_reviews',	NULL,	'reviwGrid',	0,	0,	NULL,	NULL,	NULL,	NULL,	NULL,	0,	NULL,	NULL,	NULL,	NULL,	NULL),
(58,	'customer_edit_tab',	'uncut_cms',	'customer',	'adminhtml/customer_edit_tab_tag',	NULL,	'tag_grid',	0,	0,	NULL,	NULL,	NULL,	NULL,	NULL,	0,	NULL,	NULL,	NULL,	NULL,	NULL),
(59,	'other',	'uncut_cms',	'customer_online',	'adminhtml/customer_online_grid',	NULL,	'onlineGrid',	0,	0,	NULL,	NULL,	NULL,	NULL,	NULL,	0,	NULL,	NULL,	NULL,	NULL,	NULL),
(60,	'catalog_search',	'uncut_cms',	'catalog_search',	'adminhtml/catalog_search_grid',	NULL,	'catalog_search_grid',	0,	0,	NULL,	NULL,	NULL,	NULL,	NULL,	0,	NULL,	NULL,	NULL,	NULL,	NULL),
(61,	'other',	'uncut_cms',	'awblog_manage_cat',	'blog/manage_cat_grid',	NULL,	'categoryGrid',	0,	0,	NULL,	NULL,	NULL,	NULL,	NULL,	0,	NULL,	NULL,	NULL,	NULL,	NULL),
(62,	'other',	'uncut_cms',	'menumanager_index',	'scandi_menumanager/adminhtml_menu_grid',	NULL,	'cmsMenuGrid',	0,	0,	NULL,	NULL,	NULL,	NULL,	NULL,	0,	NULL,	NULL,	NULL,	NULL,	NULL),
(63,	'other',	'uncut_cms',	'menumanager_index',	'scandi_menumanager/adminhtml_menu_edit_tab_items',	NULL,	'cmsMenuItemsGrid',	0,	0,	NULL,	NULL,	NULL,	NULL,	NULL,	0,	NULL,	NULL,	NULL,	NULL,	NULL),
(64,	'other',	'uncut_cms',	'system_backup',	'adminhtml/backup_grid',	NULL,	'backupsGrid',	0,	0,	NULL,	NULL,	NULL,	NULL,	NULL,	0,	NULL,	NULL,	NULL,	NULL,	NULL),
(65,	'sales_invoice',	'uncut_cms',	'sales_invoice',	'adminhtml/sales_invoice_grid',	NULL,	'sales_invoice_grid',	0,	0,	NULL,	NULL,	NULL,	NULL,	NULL,	0,	NULL,	NULL,	NULL,	NULL,	NULL),
(66,	'tax_rule',	'uncut_cms',	'tax_rule',	'adminhtml/tax_rule_grid',	NULL,	'taxRuleGrid',	0,	0,	NULL,	NULL,	NULL,	NULL,	NULL,	0,	NULL,	NULL,	NULL,	NULL,	NULL),
(67,	'tax_rate',	'uncut_cms',	'tax_rate',	'adminhtml/tax_rate_grid',	NULL,	'tax_rate_grid',	0,	0,	NULL,	NULL,	NULL,	NULL,	NULL,	0,	NULL,	NULL,	NULL,	NULL,	NULL),
(68,	'other',	'uncut_cms',	'imaclean',	'defcon2imaclean/adminhtml_imaclean_grid',	NULL,	'imacleanGrid',	0,	0,	NULL,	NULL,	NULL,	NULL,	NULL,	0,	NULL,	NULL,	NULL,	NULL,	NULL),
(69,	'other',	'uncut_cms',	'promo_catalog',	'adminhtml/promo_catalog_grid',	NULL,	'promo_catalog_grid',	0,	0,	NULL,	NULL,	NULL,	NULL,	NULL,	0,	NULL,	NULL,	NULL,	NULL,	NULL),
(70,	'other',	'uncut_cms',	'promo_quote',	'adminhtml/promo_quote_edit_tab_coupons_grid',	NULL,	'couponCodesGrid',	0,	0,	NULL,	NULL,	NULL,	NULL,	NULL,	0,	NULL,	NULL,	NULL,	NULL,	NULL),
(71,	'other',	'uncut_cms',	'newsletter_queue',	'adminhtml/newsletter_queue_grid',	NULL,	'queueGrid',	0,	0,	NULL,	NULL,	NULL,	NULL,	NULL,	0,	NULL,	NULL,	NULL,	NULL,	NULL);

CREATE TABLE `customgrid_grid_column` (
  `column_id` int(10) unsigned NOT NULL AUTO_INCREMENT,
  `grid_id` int(10) unsigned NOT NULL,
  `id` varchar(255) NOT NULL,
  `index` varchar(255) DEFAULT NULL,
  `width` varchar(128) DEFAULT '',
  `align` enum('left','center','right') DEFAULT 'left',
  `header` varchar(255) DEFAULT '',
  `order` int(10) NOT NULL DEFAULT '0',
  `origin` enum('grid','collection','attribute','custom') NOT NULL DEFAULT 'grid',
  `is_visible` tinyint(1) NOT NULL DEFAULT '1',
  `is_system` tinyint(1) NOT NULL DEFAULT '0',
  `missing` tinyint(1) unsigned NOT NULL DEFAULT '0',
  `store_id` smallint(5) unsigned DEFAULT NULL,
  `renderer_type` varchar(255) DEFAULT NULL,
  `renderer_params` text,
  `allow_edit` tinyint(1) unsigned NOT NULL DEFAULT '1',
  `profile_id` int(10) unsigned DEFAULT NULL,
  `custom_params` text,
  PRIMARY KEY (`column_id`),
  KEY `FK_CUSTOM_GRID_GRID_COLUMN_GRID` (`grid_id`),
  KEY `FK_CUSTOM_GRID_GRID_COLUMN_STORE` (`store_id`),
  KEY `FK_CUSTOM_GRID_GRID_COLUMN_PROFILE_GRID_PROFILE` (`profile_id`),
  CONSTRAINT `FK_CUSTOM_GRID_GRID_COLUMN_GRID` FOREIGN KEY (`grid_id`) REFERENCES `customgrid_grid` (`grid_id`) ON DELETE CASCADE,
  CONSTRAINT `FK_CUSTOM_GRID_GRID_COLUMN_PROFILE_GRID_PROFILE` FOREIGN KEY (`profile_id`) REFERENCES `customgrid_grid_profile` (`profile_id`) ON DELETE SET NULL ON UPDATE CASCADE,
  CONSTRAINT `FK_CUSTOM_GRID_GRID_COLUMN_STORE` FOREIGN KEY (`store_id`) REFERENCES `core_store` (`store_id`) ON DELETE SET NULL
) ENGINE=InnoDB DEFAULT CHARSET=utf8;

INSERT INTO `customgrid_grid_column` (`column_id`, `grid_id`, `id`, `index`, `width`, `align`, `header`, `order`, `origin`, `is_visible`, `is_system`, `missing`, `store_id`, `renderer_type`, `renderer_params`, `allow_edit`, `profile_id`, `custom_params`) VALUES
(1,	1,	'massaction',	'entity_id',	'10px',	'center',	'',	10,	'grid',	1,	1,	0,	NULL,	NULL,	NULL,	1,	NULL,	NULL),
(2,	1,	'entity_id',	'entity_id',	'50px',	'left',	'ID',	20,	'grid',	1,	0,	0,	NULL,	NULL,	NULL,	1,	NULL,	NULL),
(3,	1,	'name',	'name',	'',	'left',	'Name',	30,	'grid',	1,	0,	0,	NULL,	NULL,	NULL,	1,	NULL,	NULL),
(4,	1,	'type',	'type_id',	'60px',	'left',	'Type',	40,	'grid',	1,	0,	0,	NULL,	NULL,	NULL,	1,	NULL,	NULL),
(5,	1,	'set_name',	'attribute_set_id',	'100px',	'left',	'Attrib. Set Name',	50,	'grid',	1,	0,	0,	NULL,	NULL,	NULL,	1,	NULL,	NULL),
(6,	1,	'sku',	'sku',	'80px',	'left',	'SKU',	60,	'grid',	1,	0,	0,	NULL,	NULL,	NULL,	1,	NULL,	NULL),
(7,	1,	'price',	'price',	'',	'left',	'Price',	70,	'grid',	1,	0,	0,	NULL,	NULL,	NULL,	1,	NULL,	NULL),
(8,	1,	'qty',	'qty',	'100px',	'left',	'Qty',	80,	'grid',	1,	0,	0,	NULL,	NULL,	NULL,	1,	NULL,	NULL),
(9,	1,	'visibility',	'visibility',	'70px',	'left',	'Visibility',	90,	'grid',	1,	0,	0,	NULL,	NULL,	NULL,	1,	NULL,	NULL),
(10,	1,	'status',	'status',	'70px',	'left',	'Status',	100,	'grid',	1,	0,	0,	NULL,	NULL,	NULL,	1,	NULL,	NULL),
(11,	1,	'action',	'stores',	'50px',	'left',	'Action',	110,	'grid',	1,	0,	0,	NULL,	NULL,	NULL,	1,	NULL,	NULL),
(12,	1,	'entity_type_id',	'entity_type_id',	'',	'left',	'Entity Type Id',	120,	'collection',	0,	0,	0,	NULL,	NULL,	NULL,	1,	NULL,	NULL),
(13,	1,	'has_options',	'has_options',	'',	'left',	'Has Options',	130,	'collection',	0,	0,	0,	NULL,	NULL,	NULL,	1,	NULL,	NULL),
(14,	1,	'required_options',	'required_options',	'',	'left',	'Required Options',	140,	'collection',	0,	0,	0,	NULL,	NULL,	NULL,	1,	NULL,	NULL),
(15,	1,	'created_at',	'created_at',	'',	'left',	'Created At',	150,	'collection',	0,	0,	0,	NULL,	NULL,	NULL,	1,	NULL,	NULL),
(16,	1,	'updated_at',	'updated_at',	'',	'left',	'Updated At',	160,	'collection',	0,	0,	0,	NULL,	NULL,	NULL,	1,	NULL,	NULL),
(17,	2,	'massaction',	'authors_id',	NULL,	'center',	NULL,	10,	'grid',	1,	1,	0,	NULL,	NULL,	NULL,	1,	NULL,	NULL),
(18,	2,	'authors_id',	'authors_id',	'50px',	'right',	'ID',	20,	'grid',	1,	0,	0,	NULL,	NULL,	NULL,	1,	NULL,	NULL),
(19,	2,	'author',	'author',	NULL,	'left',	'Name',	30,	'grid',	1,	0,	0,	NULL,	NULL,	NULL,	1,	NULL,	NULL),
(20,	2,	'created_time',	'created_time',	NULL,	'left',	'Created Time',	40,	'grid',	1,	0,	0,	NULL,	NULL,	NULL,	1,	NULL,	NULL),
(21,	2,	'update_time',	'update_time',	NULL,	'left',	'Update Time',	50,	'grid',	1,	0,	0,	NULL,	NULL,	NULL,	1,	NULL,	NULL),
(22,	2,	'status',	'status',	'80px',	'left',	'Status',	60,	'grid',	1,	0,	0,	NULL,	NULL,	NULL,	1,	NULL,	NULL),
(23,	2,	'action',	'stores',	'100',	'left',	'Action',	70,	'grid',	1,	1,	0,	NULL,	NULL,	NULL,	1,	NULL,	NULL),
(24,	2,	'url_path',	'url_path',	'',	'left',	'Url Path',	80,	'collection',	0,	0,	0,	NULL,	NULL,	NULL,	1,	NULL,	NULL),
(25,	2,	'filename',	'filename',	'',	'left',	'Filename',	90,	'collection',	0,	0,	0,	NULL,	NULL,	NULL,	1,	NULL,	NULL),
(26,	2,	'description',	'description',	'',	'left',	'Description',	100,	'collection',	0,	0,	0,	NULL,	NULL,	NULL,	1,	NULL,	NULL),
(27,	3,	'attribute_code',	'attribute_code',	NULL,	'left',	'Attribute Code',	10,	'grid',	1,	0,	0,	NULL,	NULL,	NULL,	1,	NULL,	NULL),
(28,	3,	'frontend_label',	'frontend_label',	NULL,	'left',	'Attribute Label',	20,	'grid',	1,	0,	0,	NULL,	NULL,	NULL,	1,	NULL,	NULL),
(29,	3,	'is_required',	'is_required',	NULL,	'center',	'Required',	30,	'grid',	1,	0,	0,	NULL,	NULL,	NULL,	1,	NULL,	NULL),
(30,	3,	'is_user_defined',	'is_user_defined',	NULL,	'center',	'System',	40,	'grid',	1,	0,	0,	NULL,	NULL,	NULL,	1,	NULL,	NULL),
(31,	3,	'is_visible',	'is_visible_on_front',	NULL,	'center',	'Visible',	50,	'grid',	1,	0,	0,	NULL,	NULL,	NULL,	1,	NULL,	NULL),
(32,	3,	'is_global',	'is_global',	NULL,	'center',	'Scope',	60,	'grid',	1,	0,	0,	NULL,	NULL,	NULL,	1,	NULL,	NULL),
(33,	3,	'is_searchable',	'is_searchable',	NULL,	'center',	'Searchable',	70,	'grid',	1,	0,	0,	NULL,	NULL,	NULL,	1,	NULL,	NULL),
(34,	3,	'is_filterable',	'is_filterable',	NULL,	'center',	'Use in Layered Navigation',	80,	'grid',	1,	0,	0,	NULL,	NULL,	NULL,	1,	NULL,	NULL),
(35,	3,	'is_comparable',	'is_comparable',	NULL,	'center',	'Comparable',	90,	'grid',	1,	0,	0,	NULL,	NULL,	NULL,	1,	NULL,	NULL),
(36,	3,	'entity_type_id',	'entity_type_id',	'',	'left',	'Entity Type Id',	100,	'collection',	0,	0,	0,	NULL,	NULL,	NULL,	1,	NULL,	NULL),
(37,	3,	'attribute_model',	'attribute_model',	'',	'left',	'Attribute Model',	110,	'collection',	0,	0,	0,	NULL,	NULL,	NULL,	1,	NULL,	NULL),
(38,	3,	'backend_model',	'backend_model',	'',	'left',	'Backend Model',	120,	'collection',	0,	0,	0,	NULL,	NULL,	NULL,	1,	NULL,	NULL),
(39,	3,	'backend_type',	'backend_type',	'',	'left',	'Backend Type',	130,	'collection',	0,	0,	0,	NULL,	NULL,	NULL,	1,	NULL,	NULL),
(40,	3,	'backend_table',	'backend_table',	'',	'left',	'Backend Table',	140,	'collection',	0,	0,	0,	NULL,	NULL,	NULL,	1,	NULL,	NULL),
(41,	3,	'frontend_model',	'frontend_model',	'',	'left',	'Frontend Model',	150,	'collection',	0,	0,	0,	NULL,	NULL,	NULL,	1,	NULL,	NULL),
(42,	3,	'frontend_input',	'frontend_input',	'',	'left',	'Frontend Input',	160,	'collection',	0,	0,	0,	NULL,	NULL,	NULL,	1,	NULL,	NULL),
(43,	3,	'frontend_class',	'frontend_class',	'',	'left',	'Frontend Class',	170,	'collection',	0,	0,	0,	NULL,	NULL,	NULL,	1,	NULL,	NULL),
(44,	3,	'source_model',	'source_model',	'',	'left',	'Source Model',	180,	'collection',	0,	0,	0,	NULL,	NULL,	NULL,	1,	NULL,	NULL),
(45,	3,	'default_value',	'default_value',	'',	'left',	'Default Value',	190,	'collection',	0,	0,	0,	NULL,	NULL,	NULL,	1,	NULL,	NULL),
(46,	3,	'is_unique',	'is_unique',	'',	'left',	'Is Unique',	200,	'collection',	0,	0,	0,	NULL,	NULL,	NULL,	1,	NULL,	NULL),
(47,	3,	'note',	'note',	'',	'left',	'Note',	210,	'collection',	0,	0,	0,	NULL,	NULL,	NULL,	1,	NULL,	NULL),
(48,	3,	'attribute_id',	'attribute_id',	'',	'left',	'Attribute Id',	220,	'collection',	0,	0,	0,	NULL,	NULL,	NULL,	1,	NULL,	NULL),
(49,	3,	'frontend_input_renderer',	'frontend_input_renderer',	'',	'left',	'Frontend Input Renderer',	230,	'collection',	0,	0,	0,	NULL,	NULL,	NULL,	1,	NULL,	NULL),
(50,	3,	'is_html_allowed_on_front',	'is_html_allowed_on_front',	'',	'left',	'Is Html Allowed On Front',	240,	'collection',	0,	0,	0,	NULL,	NULL,	NULL,	1,	NULL,	NULL),
(51,	3,	'is_used_for_price_rules',	'is_used_for_price_rules',	'',	'left',	'Is Used For Price Rules',	250,	'collection',	0,	0,	0,	NULL,	NULL,	NULL,	1,	NULL,	NULL),
(52,	3,	'is_filterable_in_search',	'is_filterable_in_search',	'',	'left',	'Is Filterable In Search',	260,	'collection',	0,	0,	0,	NULL,	NULL,	NULL,	1,	NULL,	NULL),
(53,	3,	'used_in_product_listing',	'used_in_product_listing',	'',	'left',	'Used In Product Listing',	270,	'collection',	0,	0,	0,	NULL,	NULL,	NULL,	1,	NULL,	NULL),
(54,	3,	'used_for_sort_by',	'used_for_sort_by',	'',	'left',	'Used For Sort By',	280,	'collection',	0,	0,	0,	NULL,	NULL,	NULL,	1,	NULL,	NULL),
(55,	3,	'is_configurable',	'is_configurable',	'',	'left',	'Is Configurable',	290,	'collection',	0,	0,	0,	NULL,	NULL,	NULL,	1,	NULL,	NULL),
(56,	3,	'apply_to',	'apply_to',	'',	'left',	'Apply To',	300,	'collection',	0,	0,	0,	NULL,	NULL,	NULL,	1,	NULL,	NULL),
(57,	3,	'is_visible_in_advanced_search',	'is_visible_in_advanced_search',	'',	'left',	'Is Visible In Advanced Search',	310,	'collection',	0,	0,	0,	NULL,	NULL,	NULL,	1,	NULL,	NULL),
(58,	3,	'position',	'position',	'',	'left',	'Position',	320,	'collection',	0,	0,	0,	NULL,	NULL,	NULL,	1,	NULL,	NULL),
(59,	3,	'is_wysiwyg_enabled',	'is_wysiwyg_enabled',	'',	'left',	'Is Wysiwyg Enabled',	330,	'collection',	0,	0,	0,	NULL,	NULL,	NULL,	1,	NULL,	NULL),
(60,	3,	'is_used_for_promo_rules',	'is_used_for_promo_rules',	'',	'left',	'Is Used For Promo Rules',	340,	'collection',	0,	0,	0,	NULL,	NULL,	NULL,	1,	NULL,	NULL),
(62,	4,	'in_products',	'entity_id',	NULL,	'center',	NULL,	10,	'grid',	1,	0,	0,	NULL,	NULL,	NULL,	1,	NULL,	NULL),
(63,	4,	'entity_id',	'entity_id',	'60',	'left',	'ID',	20,	'grid',	1,	0,	0,	NULL,	NULL,	NULL,	1,	NULL,	NULL),
(64,	4,	'name',	'name',	NULL,	'left',	'Name',	30,	'grid',	1,	0,	0,	NULL,	NULL,	NULL,	1,	NULL,	NULL),
(65,	4,	'type',	'type_id',	'100',	'left',	'Type',	40,	'grid',	1,	0,	0,	NULL,	NULL,	NULL,	1,	NULL,	NULL),
(66,	4,	'set_name',	'attribute_set_id',	'130',	'left',	'Attrib. Set Name',	50,	'grid',	1,	0,	0,	NULL,	NULL,	NULL,	1,	NULL,	NULL),
(67,	4,	'status',	'status',	'90',	'left',	'Status',	60,	'grid',	1,	0,	0,	NULL,	NULL,	NULL,	1,	NULL,	NULL),
(68,	4,	'visibility',	'visibility',	'90',	'left',	'Visibility',	70,	'grid',	1,	0,	0,	NULL,	NULL,	NULL,	1,	NULL,	NULL),
(69,	4,	'sku',	'sku',	'80',	'left',	'SKU',	80,	'grid',	1,	0,	0,	NULL,	NULL,	NULL,	1,	NULL,	NULL),
(70,	4,	'price',	'price',	NULL,	'left',	'Price',	90,	'grid',	1,	0,	0,	NULL,	NULL,	NULL,	1,	NULL,	NULL),
(71,	4,	'position',	'position',	'60',	'left',	'Position',	100,	'grid',	1,	0,	0,	NULL,	NULL,	NULL,	1,	NULL,	NULL),
(72,	4,	'entity_type_id',	'entity_type_id',	'',	'left',	'Entity Type Id',	110,	'collection',	0,	0,	0,	NULL,	NULL,	NULL,	1,	NULL,	NULL),
(73,	4,	'has_options',	'has_options',	'',	'left',	'Has Options',	120,	'collection',	0,	0,	0,	NULL,	NULL,	NULL,	1,	NULL,	NULL),
(74,	4,	'required_options',	'required_options',	'',	'left',	'Required Options',	130,	'collection',	0,	0,	0,	NULL,	NULL,	NULL,	1,	NULL,	NULL),
(75,	4,	'created_at',	'created_at',	'',	'left',	'Created At',	140,	'collection',	0,	0,	0,	NULL,	NULL,	NULL,	1,	NULL,	NULL),
(76,	4,	'updated_at',	'updated_at',	'',	'left',	'Updated At',	150,	'collection',	0,	0,	0,	NULL,	NULL,	NULL,	1,	NULL,	NULL),
(77,	4,	'tax_class_id',	'tax_class_id',	'',	'left',	'Tax Class Id',	160,	'collection',	0,	0,	0,	NULL,	NULL,	NULL,	1,	NULL,	NULL),
(78,	4,	'is_recurring',	'is_recurring',	'',	'left',	'Is Recurring',	170,	'collection',	0,	0,	0,	NULL,	NULL,	NULL,	1,	NULL,	NULL),
(79,	4,	'author',	'author',	'',	'left',	'Author',	180,	'collection',	0,	0,	0,	NULL,	NULL,	NULL,	1,	NULL,	NULL),
(80,	4,	'weight',	'weight',	'',	'left',	'Weight',	190,	'collection',	0,	0,	0,	NULL,	NULL,	NULL,	1,	NULL,	NULL),
(81,	4,	'msrp',	'msrp',	'',	'left',	'Msrp',	200,	'collection',	0,	0,	0,	NULL,	NULL,	NULL,	1,	NULL,	NULL),
(82,	4,	'special_price',	'special_price',	'',	'left',	'Special Price',	210,	'collection',	0,	0,	0,	NULL,	NULL,	NULL,	1,	NULL,	NULL),
(83,	4,	'url_key',	'url_key',	'',	'left',	'Url Key',	220,	'collection',	0,	0,	0,	NULL,	NULL,	NULL,	1,	NULL,	NULL),
(84,	4,	'featured_position',	'featured_position',	'',	'left',	'Featured Position',	230,	'collection',	0,	0,	0,	NULL,	NULL,	NULL,	1,	NULL,	NULL),
(85,	4,	'msrp_enabled',	'msrp_enabled',	'',	'left',	'Msrp Enabled',	240,	'collection',	0,	0,	0,	NULL,	NULL,	NULL,	1,	NULL,	NULL),
(86,	4,	'msrp_display_actual_price_type',	'msrp_display_actual_price_type',	'',	'left',	'Msrp Display Actual Price Type',	250,	'collection',	0,	0,	0,	NULL,	NULL,	NULL,	1,	NULL,	NULL),
(87,	4,	'country_of_manufacture',	'country_of_manufacture',	'',	'left',	'Country Of Manufacture',	260,	'collection',	0,	0,	0,	NULL,	NULL,	NULL,	1,	NULL,	NULL),
(88,	4,	'meta_title',	'meta_title',	'',	'left',	'Meta Title',	270,	'collection',	0,	0,	0,	NULL,	NULL,	NULL,	1,	NULL,	NULL),
(89,	4,	'meta_description',	'meta_description',	'',	'left',	'Meta Description',	280,	'collection',	0,	0,	0,	NULL,	NULL,	NULL,	1,	NULL,	NULL),
(90,	4,	'image',	'image',	'',	'left',	'Image',	290,	'collection',	0,	0,	0,	NULL,	NULL,	NULL,	1,	NULL,	NULL),
(91,	4,	'small_image',	'small_image',	'',	'left',	'Small Image',	300,	'collection',	0,	0,	0,	NULL,	NULL,	NULL,	1,	NULL,	NULL),
(92,	4,	'thumbnail',	'thumbnail',	'',	'left',	'Thumbnail',	310,	'collection',	0,	0,	0,	NULL,	NULL,	NULL,	1,	NULL,	NULL),
(93,	4,	'custom_design',	'custom_design',	'',	'left',	'Custom Design',	320,	'collection',	0,	0,	0,	NULL,	NULL,	NULL,	1,	NULL,	NULL),
(94,	4,	'page_layout',	'page_layout',	'',	'left',	'Page Layout',	330,	'collection',	0,	0,	0,	NULL,	NULL,	NULL,	1,	NULL,	NULL),
(95,	4,	'options_container',	'options_container',	'',	'left',	'Options Container',	340,	'collection',	0,	0,	0,	NULL,	NULL,	NULL,	1,	NULL,	NULL),
(96,	4,	'gift_message_available',	'gift_message_available',	'',	'left',	'Gift Message Available',	350,	'collection',	0,	0,	0,	NULL,	NULL,	NULL,	1,	NULL,	NULL),
(97,	4,	'image_label',	'image_label',	'',	'left',	'Image Label',	360,	'collection',	0,	0,	0,	NULL,	NULL,	NULL,	1,	NULL,	NULL),
(98,	4,	'small_image_label',	'small_image_label',	'',	'left',	'Small Image Label',	370,	'collection',	0,	0,	0,	NULL,	NULL,	NULL,	1,	NULL,	NULL),
(99,	4,	'thumbnail_label',	'thumbnail_label',	'',	'left',	'Thumbnail Label',	380,	'collection',	0,	0,	0,	NULL,	NULL,	NULL,	1,	NULL,	NULL),
(100,	4,	'url_path',	'url_path',	'',	'left',	'Url Path',	390,	'collection',	0,	0,	0,	NULL,	NULL,	NULL,	1,	NULL,	NULL),
(101,	4,	'news_to_date',	'news_to_date',	'',	'left',	'News To Date',	400,	'collection',	0,	0,	0,	NULL,	NULL,	NULL,	1,	NULL,	NULL),
(102,	4,	'news_from_date',	'news_from_date',	'',	'left',	'News From Date',	410,	'collection',	0,	0,	0,	NULL,	NULL,	NULL,	1,	NULL,	NULL),
(103,	4,	'special_from_date',	'special_from_date',	'',	'left',	'Special From Date',	420,	'collection',	0,	0,	0,	NULL,	NULL,	NULL,	1,	NULL,	NULL),
(104,	4,	'special_to_date',	'special_to_date',	'',	'left',	'Special To Date',	430,	'collection',	0,	0,	0,	NULL,	NULL,	NULL,	1,	NULL,	NULL),
(105,	4,	'custom_design_from',	'custom_design_from',	'',	'left',	'Custom Design From',	440,	'collection',	0,	0,	0,	NULL,	NULL,	NULL,	1,	NULL,	NULL),
(106,	4,	'custom_design_to',	'custom_design_to',	'',	'left',	'Custom Design To',	450,	'collection',	0,	0,	0,	NULL,	NULL,	NULL,	1,	NULL,	NULL),
(107,	4,	'short_description',	'short_description',	'',	'left',	'Short Description',	460,	'collection',	0,	0,	0,	NULL,	NULL,	NULL,	1,	NULL,	NULL),
(108,	4,	'description',	'description',	'',	'left',	'Description',	470,	'collection',	0,	0,	0,	NULL,	NULL,	NULL,	1,	NULL,	NULL),
(109,	4,	'meta_keyword',	'meta_keyword',	'',	'left',	'Meta Keyword',	480,	'collection',	0,	0,	0,	NULL,	NULL,	NULL,	1,	NULL,	NULL),
(110,	4,	'custom_layout_update',	'custom_layout_update',	'',	'left',	'Custom Layout Update',	490,	'collection',	0,	0,	0,	NULL,	NULL,	NULL,	1,	NULL,	NULL),
(111,	5,	'in_products',	'entity_id',	NULL,	'center',	NULL,	10,	'grid',	1,	0,	0,	NULL,	NULL,	NULL,	1,	NULL,	NULL),
(112,	5,	'entity_id',	'entity_id',	'60',	'left',	'ID',	20,	'grid',	1,	0,	0,	NULL,	NULL,	NULL,	1,	NULL,	NULL),
(113,	5,	'name',	'name',	NULL,	'left',	'Name',	30,	'grid',	1,	0,	0,	NULL,	NULL,	NULL,	1,	NULL,	NULL),
(114,	5,	'type',	'type_id',	'100',	'left',	'Type',	40,	'grid',	1,	0,	0,	NULL,	NULL,	NULL,	1,	NULL,	NULL),
(115,	5,	'set_name',	'attribute_set_id',	'130',	'left',	'Attrib. Set Name',	50,	'grid',	1,	0,	0,	NULL,	NULL,	NULL,	1,	NULL,	NULL),
(116,	5,	'status',	'status',	'90',	'left',	'Status',	60,	'grid',	1,	0,	0,	NULL,	NULL,	NULL,	1,	NULL,	NULL),
(117,	5,	'visibility',	'visibility',	'90',	'left',	'Visibility',	70,	'grid',	1,	0,	0,	NULL,	NULL,	NULL,	1,	NULL,	NULL),
(118,	5,	'sku',	'sku',	'80',	'left',	'SKU',	80,	'grid',	1,	0,	0,	NULL,	NULL,	NULL,	1,	NULL,	NULL),
(119,	5,	'price',	'price',	NULL,	'left',	'Price',	90,	'grid',	1,	0,	0,	NULL,	NULL,	NULL,	1,	NULL,	NULL),
(120,	5,	'position',	'position',	'60',	'left',	'Position',	100,	'grid',	1,	0,	0,	NULL,	NULL,	NULL,	1,	NULL,	NULL),
(121,	5,	'entity_type_id',	'entity_type_id',	'',	'left',	'Entity Type Id',	110,	'collection',	0,	0,	0,	NULL,	NULL,	NULL,	1,	NULL,	NULL),
(122,	5,	'has_options',	'has_options',	'',	'left',	'Has Options',	120,	'collection',	0,	0,	0,	NULL,	NULL,	NULL,	1,	NULL,	NULL),
(123,	5,	'required_options',	'required_options',	'',	'left',	'Required Options',	130,	'collection',	0,	0,	0,	NULL,	NULL,	NULL,	1,	NULL,	NULL),
(124,	5,	'created_at',	'created_at',	'',	'left',	'Created At',	140,	'collection',	0,	0,	0,	NULL,	NULL,	NULL,	1,	NULL,	NULL),
(125,	5,	'updated_at',	'updated_at',	'',	'left',	'Updated At',	150,	'collection',	0,	0,	0,	NULL,	NULL,	NULL,	1,	NULL,	NULL),
(126,	5,	'tax_class_id',	'tax_class_id',	'',	'left',	'Tax Class Id',	160,	'collection',	0,	0,	0,	NULL,	NULL,	NULL,	1,	NULL,	NULL),
(127,	5,	'is_recurring',	'is_recurring',	'',	'left',	'Is Recurring',	170,	'collection',	0,	0,	0,	NULL,	NULL,	NULL,	1,	NULL,	NULL),
(128,	5,	'author',	'author',	'',	'left',	'Author',	180,	'collection',	0,	0,	0,	NULL,	NULL,	NULL,	1,	NULL,	NULL),
(129,	5,	'weight',	'weight',	'',	'left',	'Weight',	190,	'collection',	0,	0,	0,	NULL,	NULL,	NULL,	1,	NULL,	NULL),
(130,	5,	'msrp',	'msrp',	'',	'left',	'Msrp',	200,	'collection',	0,	0,	0,	NULL,	NULL,	NULL,	1,	NULL,	NULL),
(131,	5,	'special_price',	'special_price',	'',	'left',	'Special Price',	210,	'collection',	0,	0,	0,	NULL,	NULL,	NULL,	1,	NULL,	NULL),
(132,	5,	'url_key',	'url_key',	'',	'left',	'Url Key',	220,	'collection',	0,	0,	0,	NULL,	NULL,	NULL,	1,	NULL,	NULL),
(133,	5,	'featured_position',	'featured_position',	'',	'left',	'Featured Position',	230,	'collection',	0,	0,	0,	NULL,	NULL,	NULL,	1,	NULL,	NULL),
(134,	5,	'msrp_enabled',	'msrp_enabled',	'',	'left',	'Msrp Enabled',	240,	'collection',	0,	0,	0,	NULL,	NULL,	NULL,	1,	NULL,	NULL),
(135,	5,	'msrp_display_actual_price_type',	'msrp_display_actual_price_type',	'',	'left',	'Msrp Display Actual Price Type',	250,	'collection',	0,	0,	0,	NULL,	NULL,	NULL,	1,	NULL,	NULL),
(136,	5,	'country_of_manufacture',	'country_of_manufacture',	'',	'left',	'Country Of Manufacture',	260,	'collection',	0,	0,	0,	NULL,	NULL,	NULL,	1,	NULL,	NULL),
(137,	5,	'meta_title',	'meta_title',	'',	'left',	'Meta Title',	270,	'collection',	0,	0,	0,	NULL,	NULL,	NULL,	1,	NULL,	NULL),
(138,	5,	'meta_description',	'meta_description',	'',	'left',	'Meta Description',	280,	'collection',	0,	0,	0,	NULL,	NULL,	NULL,	1,	NULL,	NULL),
(139,	5,	'image',	'image',	'',	'left',	'Image',	290,	'collection',	0,	0,	0,	NULL,	NULL,	NULL,	1,	NULL,	NULL),
(140,	5,	'small_image',	'small_image',	'',	'left',	'Small Image',	300,	'collection',	0,	0,	0,	NULL,	NULL,	NULL,	1,	NULL,	NULL),
(141,	5,	'thumbnail',	'thumbnail',	'',	'left',	'Thumbnail',	310,	'collection',	0,	0,	0,	NULL,	NULL,	NULL,	1,	NULL,	NULL),
(142,	5,	'custom_design',	'custom_design',	'',	'left',	'Custom Design',	320,	'collection',	0,	0,	0,	NULL,	NULL,	NULL,	1,	NULL,	NULL),
(143,	5,	'page_layout',	'page_layout',	'',	'left',	'Page Layout',	330,	'collection',	0,	0,	0,	NULL,	NULL,	NULL,	1,	NULL,	NULL),
(144,	5,	'options_container',	'options_container',	'',	'left',	'Options Container',	340,	'collection',	0,	0,	0,	NULL,	NULL,	NULL,	1,	NULL,	NULL),
(145,	5,	'gift_message_available',	'gift_message_available',	'',	'left',	'Gift Message Available',	350,	'collection',	0,	0,	0,	NULL,	NULL,	NULL,	1,	NULL,	NULL),
(146,	5,	'image_label',	'image_label',	'',	'left',	'Image Label',	360,	'collection',	0,	0,	0,	NULL,	NULL,	NULL,	1,	NULL,	NULL),
(147,	5,	'small_image_label',	'small_image_label',	'',	'left',	'Small Image Label',	370,	'collection',	0,	0,	0,	NULL,	NULL,	NULL,	1,	NULL,	NULL),
(148,	5,	'thumbnail_label',	'thumbnail_label',	'',	'left',	'Thumbnail Label',	380,	'collection',	0,	0,	0,	NULL,	NULL,	NULL,	1,	NULL,	NULL),
(149,	5,	'url_path',	'url_path',	'',	'left',	'Url Path',	390,	'collection',	0,	0,	0,	NULL,	NULL,	NULL,	1,	NULL,	NULL),
(150,	5,	'news_to_date',	'news_to_date',	'',	'left',	'News To Date',	400,	'collection',	0,	0,	0,	NULL,	NULL,	NULL,	1,	NULL,	NULL),
(151,	5,	'news_from_date',	'news_from_date',	'',	'left',	'News From Date',	410,	'collection',	0,	0,	0,	NULL,	NULL,	NULL,	1,	NULL,	NULL),
(152,	5,	'special_from_date',	'special_from_date',	'',	'left',	'Special From Date',	420,	'collection',	0,	0,	0,	NULL,	NULL,	NULL,	1,	NULL,	NULL),
(153,	5,	'special_to_date',	'special_to_date',	'',	'left',	'Special To Date',	430,	'collection',	0,	0,	0,	NULL,	NULL,	NULL,	1,	NULL,	NULL),
(154,	5,	'custom_design_from',	'custom_design_from',	'',	'left',	'Custom Design From',	440,	'collection',	0,	0,	0,	NULL,	NULL,	NULL,	1,	NULL,	NULL),
(155,	5,	'custom_design_to',	'custom_design_to',	'',	'left',	'Custom Design To',	450,	'collection',	0,	0,	0,	NULL,	NULL,	NULL,	1,	NULL,	NULL),
(156,	5,	'short_description',	'short_description',	'',	'left',	'Short Description',	460,	'collection',	0,	0,	0,	NULL,	NULL,	NULL,	1,	NULL,	NULL),
(157,	5,	'description',	'description',	'',	'left',	'Description',	470,	'collection',	0,	0,	0,	NULL,	NULL,	NULL,	1,	NULL,	NULL),
(158,	5,	'meta_keyword',	'meta_keyword',	'',	'left',	'Meta Keyword',	480,	'collection',	0,	0,	0,	NULL,	NULL,	NULL,	1,	NULL,	NULL),
(159,	5,	'custom_layout_update',	'custom_layout_update',	'',	'left',	'Custom Layout Update',	490,	'collection',	0,	0,	0,	NULL,	NULL,	NULL,	1,	NULL,	NULL),
(160,	5,	'link_id',	'link_id',	'',	'left',	'Link Id',	500,	'collection',	0,	0,	0,	NULL,	NULL,	NULL,	1,	NULL,	NULL),
(161,	6,	'in_category',	'entity_id',	NULL,	'center',	NULL,	10,	'grid',	1,	0,	0,	NULL,	NULL,	NULL,	1,	NULL,	NULL),
(162,	6,	'entity_id',	'entity_id',	'60',	'left',	'ID',	20,	'grid',	1,	0,	0,	NULL,	NULL,	NULL,	1,	NULL,	NULL),
(163,	6,	'name',	'name',	NULL,	'left',	'Name',	30,	'grid',	1,	0,	0,	NULL,	NULL,	NULL,	1,	NULL,	NULL),
(164,	6,	'sku',	'sku',	'80',	'left',	'SKU',	40,	'grid',	1,	0,	0,	NULL,	NULL,	NULL,	1,	NULL,	NULL),
(165,	6,	'price',	'price',	'1',	'left',	'Price',	50,	'grid',	1,	0,	0,	NULL,	NULL,	NULL,	1,	NULL,	NULL),
(166,	6,	'position',	'position',	'1',	'left',	'Position',	60,	'grid',	1,	0,	0,	NULL,	NULL,	NULL,	1,	NULL,	NULL),
(167,	6,	'entity_type_id',	'entity_type_id',	'',	'left',	'Entity Type Id',	70,	'collection',	0,	0,	0,	NULL,	NULL,	NULL,	1,	NULL,	NULL),
(168,	6,	'attribute_set_id',	'attribute_set_id',	'',	'left',	'Attribute Set Id',	80,	'collection',	0,	0,	0,	NULL,	NULL,	NULL,	1,	NULL,	NULL),
(169,	6,	'type_id',	'type_id',	'',	'left',	'Type Id',	90,	'collection',	0,	0,	0,	NULL,	NULL,	NULL,	1,	NULL,	NULL),
(170,	6,	'has_options',	'has_options',	'',	'left',	'Has Options',	100,	'collection',	0,	0,	0,	NULL,	NULL,	NULL,	1,	NULL,	NULL),
(171,	6,	'required_options',	'required_options',	'',	'left',	'Required Options',	110,	'collection',	0,	0,	0,	NULL,	NULL,	NULL,	1,	NULL,	NULL),
(172,	6,	'created_at',	'created_at',	'',	'left',	'Created At',	120,	'collection',	0,	0,	0,	NULL,	NULL,	NULL,	1,	NULL,	NULL),
(173,	6,	'updated_at',	'updated_at',	'',	'left',	'Updated At',	130,	'collection',	0,	0,	0,	NULL,	NULL,	NULL,	1,	NULL,	NULL),
(174,	7,	'massaction',	'query_id',	NULL,	'center',	NULL,	10,	'grid',	1,	1,	0,	NULL,	NULL,	NULL,	1,	NULL,	NULL),
(175,	7,	'search_query',	'query_text',	NULL,	'left',	'Search Query',	20,	'grid',	1,	0,	0,	NULL,	NULL,	NULL,	1,	NULL,	NULL),
(176,	7,	'num_results',	'num_results',	NULL,	'left',	'Results',	30,	'grid',	1,	0,	0,	NULL,	NULL,	NULL,	1,	NULL,	NULL),
(177,	7,	'popularity',	'popularity',	NULL,	'left',	'Number of Uses',	40,	'grid',	1,	0,	0,	NULL,	NULL,	NULL,	1,	NULL,	NULL),
(178,	7,	'synonym_for',	'synonym_for',	'160px',	'left',	'Synonym For',	50,	'grid',	1,	0,	0,	NULL,	NULL,	NULL,	1,	NULL,	NULL),
(179,	7,	'redirect',	'redirect',	'200px',	'left',	'Redirect',	60,	'grid',	1,	0,	0,	NULL,	NULL,	NULL,	1,	NULL,	NULL),
(180,	7,	'display_in_terms',	'display_in_terms',	'100px',	'left',	'Display in Suggested Terms',	70,	'grid',	1,	0,	0,	NULL,	NULL,	NULL,	1,	NULL,	NULL),
(181,	7,	'action',	'catalog',	'100px',	'left',	'Action',	80,	'grid',	1,	0,	0,	NULL,	NULL,	NULL,	1,	NULL,	NULL),
(182,	7,	'store_id',	'store_id',	'',	'left',	'Store Id',	90,	'collection',	0,	0,	0,	NULL,	NULL,	NULL,	1,	NULL,	NULL),
(183,	7,	'is_active',	'is_active',	'',	'left',	'Is Active',	100,	'collection',	0,	0,	0,	NULL,	NULL,	NULL,	1,	NULL,	NULL),
(184,	7,	'is_processed',	'is_processed',	'',	'left',	'Is Processed',	110,	'collection',	0,	0,	0,	NULL,	NULL,	NULL,	1,	NULL,	NULL),
(185,	7,	'updated_at',	'updated_at',	'',	'left',	'Updated At',	120,	'collection',	0,	0,	0,	NULL,	NULL,	NULL,	1,	NULL,	NULL),
(186,	8,	'massaction',	'process_id',	NULL,	'center',	NULL,	10,	'grid',	1,	1,	0,	NULL,	NULL,	NULL,	1,	NULL,	NULL),
(187,	8,	'indexer_code',	'name',	'180',	'left',	'Index',	20,	'grid',	1,	0,	0,	NULL,	NULL,	NULL,	1,	NULL,	NULL),
(188,	8,	'description',	'description',	NULL,	'left',	'Description',	30,	'grid',	1,	0,	0,	NULL,	NULL,	NULL,	1,	NULL,	NULL),
(189,	8,	'mode',	'mode',	'150',	'left',	'Mode',	40,	'grid',	1,	0,	0,	NULL,	NULL,	NULL,	1,	NULL,	NULL),
(190,	8,	'status',	'status',	'120',	'left',	'Status',	50,	'grid',	1,	0,	0,	NULL,	NULL,	NULL,	1,	NULL,	NULL),
(191,	8,	'update_required',	'update_required',	'120',	'left',	'Update Required',	60,	'grid',	1,	0,	0,	NULL,	NULL,	NULL,	1,	NULL,	NULL),
(192,	8,	'ended_at',	'ended_at',	'180',	'left',	'Updated At',	70,	'grid',	1,	0,	0,	NULL,	NULL,	NULL,	1,	NULL,	NULL),
(193,	8,	'action',	NULL,	'100',	'left',	'Action',	80,	'grid',	1,	1,	0,	NULL,	NULL,	NULL,	1,	NULL,	NULL),
(194,	8,	'started_at',	'started_at',	'',	'left',	'Started At',	90,	'collection',	0,	0,	0,	NULL,	NULL,	NULL,	1,	NULL,	NULL),
(195,	4,	'link_id',	'link_id',	'',	'left',	'Link Id',	500,	'collection',	0,	0,	0,	NULL,	NULL,	NULL,	1,	NULL,	NULL),
(196,	9,	'review_id',	'review_id',	'50px',	'right',	'ID',	10,	'grid',	1,	0,	0,	NULL,	NULL,	NULL,	1,	NULL,	NULL),
(197,	9,	'created_at',	'review_created_at',	'100px',	'left',	'Created On',	20,	'grid',	1,	0,	0,	NULL,	NULL,	NULL,	1,	NULL,	NULL),
(198,	9,	'status',	'status_id',	'100px',	'left',	'Status',	30,	'grid',	1,	0,	0,	NULL,	NULL,	NULL,	1,	NULL,	NULL),
(199,	9,	'title',	'title',	'100px',	'left',	'Title',	40,	'grid',	1,	0,	0,	NULL,	NULL,	NULL,	1,	NULL,	NULL),
(200,	9,	'nickname',	'nickname',	'100px',	'left',	'Nickname',	50,	'grid',	1,	0,	0,	NULL,	NULL,	NULL,	1,	NULL,	NULL),
(201,	9,	'detail',	'detail',	NULL,	'left',	'Review',	60,	'grid',	1,	0,	0,	NULL,	NULL,	NULL,	1,	NULL,	NULL),
(202,	9,	'type',	'type',	NULL,	'left',	'Type',	70,	'grid',	1,	0,	0,	NULL,	NULL,	NULL,	1,	NULL,	NULL),
(203,	9,	'name',	'name',	NULL,	'left',	'Product Name',	80,	'grid',	1,	0,	0,	NULL,	NULL,	NULL,	1,	NULL,	NULL),
(204,	9,	'sku',	'sku',	'50px',	'right',	'Product SKU',	90,	'grid',	1,	0,	0,	NULL,	NULL,	NULL,	1,	NULL,	NULL),
(205,	9,	'action',	NULL,	'50px',	'left',	'Action',	100,	'grid',	1,	0,	0,	NULL,	NULL,	NULL,	1,	NULL,	NULL),
(206,	10,	'massaction',	'review_id',	NULL,	'center',	NULL,	10,	'grid',	1,	1,	0,	NULL,	NULL,	NULL,	1,	NULL,	NULL),
(207,	10,	'review_id',	'review_id',	'50px',	'right',	'ID',	20,	'grid',	1,	0,	0,	NULL,	NULL,	NULL,	1,	NULL,	NULL),
(208,	10,	'created_at',	'review_created_at',	'100px',	'left',	'Created On',	30,	'grid',	1,	0,	0,	NULL,	NULL,	NULL,	1,	NULL,	NULL),
(209,	10,	'status',	'status_id',	'100px',	'left',	'Status',	40,	'grid',	1,	0,	0,	NULL,	NULL,	NULL,	1,	NULL,	NULL),
(210,	10,	'title',	'title',	'100px',	'left',	'Title',	50,	'grid',	1,	0,	0,	NULL,	NULL,	NULL,	1,	NULL,	NULL),
(211,	10,	'nickname',	'nickname',	'100px',	'left',	'Nickname',	60,	'grid',	1,	0,	0,	NULL,	NULL,	NULL,	1,	NULL,	NULL),
(212,	10,	'detail',	'detail',	NULL,	'left',	'Review',	70,	'grid',	1,	0,	0,	NULL,	NULL,	NULL,	1,	NULL,	NULL),
(213,	10,	'type',	'type',	NULL,	'left',	'Type',	80,	'grid',	1,	0,	0,	NULL,	NULL,	NULL,	1,	NULL,	NULL),
(214,	10,	'name',	'name',	NULL,	'left',	'Product Name',	90,	'grid',	1,	0,	0,	NULL,	NULL,	NULL,	1,	NULL,	NULL),
(215,	10,	'sku',	'sku',	'50px',	'right',	'Product SKU',	100,	'grid',	1,	0,	0,	NULL,	NULL,	NULL,	1,	NULL,	NULL),
(216,	10,	'action',	NULL,	'50px',	'left',	'Action',	110,	'grid',	1,	0,	0,	NULL,	NULL,	NULL,	1,	NULL,	NULL),
(217,	10,	'entity_id',	'entity_id',	'',	'left',	'Entity Id',	120,	'collection',	0,	0,	0,	NULL,	NULL,	NULL,	1,	NULL,	NULL),
(218,	10,	'entity_type_id',	'entity_type_id',	'',	'left',	'Entity Type Id',	130,	'collection',	0,	0,	0,	NULL,	NULL,	NULL,	1,	NULL,	NULL),
(219,	10,	'attribute_set_id',	'attribute_set_id',	'',	'left',	'Attribute Set Id',	140,	'collection',	0,	0,	0,	NULL,	NULL,	NULL,	1,	NULL,	NULL),
(220,	10,	'type_id',	'type_id',	'',	'left',	'Type Id',	150,	'collection',	0,	0,	0,	NULL,	NULL,	NULL,	1,	NULL,	NULL),
(221,	10,	'has_options',	'has_options',	'',	'left',	'Has Options',	160,	'collection',	0,	0,	0,	NULL,	NULL,	NULL,	1,	NULL,	NULL),
(222,	10,	'required_options',	'required_options',	'',	'left',	'Required Options',	170,	'collection',	0,	0,	0,	NULL,	NULL,	NULL,	1,	NULL,	NULL),
(223,	10,	'updated_at',	'updated_at',	'',	'left',	'Updated At',	180,	'collection',	0,	0,	0,	NULL,	NULL,	NULL,	1,	NULL,	NULL),
(224,	10,	'entity_pk_value',	'entity_pk_value',	'',	'left',	'Entity Pk Value',	190,	'collection',	0,	0,	0,	NULL,	NULL,	NULL,	1,	NULL,	NULL),
(225,	10,	'customer_id',	'customer_id',	'',	'left',	'Customer Id',	200,	'collection',	0,	0,	0,	NULL,	NULL,	NULL,	1,	NULL,	NULL),
(226,	10,	'store_id',	'store_id',	'',	'left',	'Store Id',	210,	'collection',	0,	0,	0,	NULL,	NULL,	NULL,	1,	NULL,	NULL),
(227,	11,	'entity_id',	'entity_id',	'50px',	'left',	'ID',	10,	'grid',	1,	0,	0,	NULL,	NULL,	NULL,	1,	NULL,	NULL),
(228,	11,	'name',	'name',	NULL,	'left',	'Name',	20,	'grid',	1,	0,	0,	NULL,	NULL,	NULL,	1,	NULL,	NULL),
(229,	11,	'sku',	'sku',	'80px',	'left',	'SKU',	30,	'grid',	1,	0,	0,	NULL,	NULL,	NULL,	1,	NULL,	NULL),
(230,	11,	'price',	'price',	NULL,	'left',	'Price',	40,	'grid',	1,	0,	0,	NULL,	NULL,	NULL,	1,	NULL,	NULL),
(231,	11,	'qty',	'qty',	'130px',	'left',	'Qty',	50,	'grid',	1,	0,	0,	NULL,	NULL,	NULL,	1,	NULL,	NULL),
(232,	11,	'status',	'status',	'90px',	'left',	'Status',	60,	'grid',	1,	0,	0,	NULL,	NULL,	NULL,	1,	NULL,	NULL),
(233,	11,	'entity_type_id',	'entity_type_id',	'',	'left',	'Entity Type Id',	70,	'collection',	0,	0,	0,	NULL,	NULL,	NULL,	1,	NULL,	NULL),
(234,	11,	'attribute_set_id',	'attribute_set_id',	'',	'left',	'Attribute Set Id',	80,	'collection',	0,	0,	0,	NULL,	NULL,	NULL,	1,	NULL,	NULL),
(235,	11,	'type_id',	'type_id',	'',	'left',	'Type Id',	90,	'collection',	0,	0,	0,	NULL,	NULL,	NULL,	1,	NULL,	NULL),
(236,	11,	'has_options',	'has_options',	'',	'left',	'Has Options',	100,	'collection',	0,	0,	0,	NULL,	NULL,	NULL,	1,	NULL,	NULL),
(237,	11,	'required_options',	'required_options',	'',	'left',	'Required Options',	110,	'collection',	0,	0,	0,	NULL,	NULL,	NULL,	1,	NULL,	NULL),
(238,	11,	'created_at',	'created_at',	'',	'left',	'Created At',	120,	'collection',	0,	0,	0,	NULL,	NULL,	NULL,	1,	NULL,	NULL),
(239,	11,	'updated_at',	'updated_at',	'',	'left',	'Updated At',	130,	'collection',	0,	0,	0,	NULL,	NULL,	NULL,	1,	NULL,	NULL),
(240,	11,	'visibility',	'visibility',	'',	'left',	'Visibility',	140,	'collection',	0,	0,	0,	NULL,	NULL,	NULL,	1,	NULL,	NULL),
(241,	12,	'title',	'title',	NULL,	'left',	'Title',	10,	'grid',	1,	0,	0,	NULL,	NULL,	NULL,	1,	NULL,	NULL),
(242,	12,	'identifier',	'identifier',	NULL,	'left',	'URL Key',	20,	'grid',	1,	0,	0,	NULL,	NULL,	NULL,	1,	NULL,	NULL),
(243,	12,	'root_template',	'root_template',	NULL,	'left',	'Layout',	30,	'grid',	1,	0,	0,	NULL,	NULL,	NULL,	1,	NULL,	NULL),
(244,	12,	'is_active',	'is_active',	NULL,	'left',	'Status',	40,	'grid',	1,	0,	0,	NULL,	NULL,	NULL,	1,	NULL,	NULL),
(245,	12,	'creation_time',	'creation_time',	NULL,	'left',	'Date Created',	50,	'grid',	1,	0,	0,	NULL,	NULL,	NULL,	1,	NULL,	NULL),
(246,	12,	'update_time',	'update_time',	NULL,	'left',	'Last Modified',	60,	'grid',	1,	0,	0,	NULL,	NULL,	NULL,	1,	NULL,	NULL),
(247,	12,	'page_actions',	NULL,	'10',	'left',	'Action',	70,	'grid',	1,	0,	0,	NULL,	NULL,	NULL,	1,	NULL,	NULL),
(248,	12,	'page_id',	'page_id',	'',	'left',	'Page Id',	80,	'collection',	0,	0,	0,	NULL,	NULL,	NULL,	1,	NULL,	NULL),
(249,	12,	'meta_keywords',	'meta_keywords',	'',	'left',	'Meta Keywords',	90,	'collection',	0,	0,	0,	NULL,	NULL,	NULL,	1,	NULL,	NULL),
(250,	12,	'meta_description',	'meta_description',	'',	'left',	'Meta Description',	100,	'collection',	0,	0,	0,	NULL,	NULL,	NULL,	1,	NULL,	NULL),
(251,	12,	'content_heading',	'content_heading',	'',	'left',	'Content Heading',	110,	'collection',	0,	0,	0,	NULL,	NULL,	NULL,	1,	NULL,	NULL),
(252,	12,	'content',	'content',	'',	'left',	'Content',	120,	'collection',	0,	0,	0,	NULL,	NULL,	NULL,	1,	NULL,	NULL),
(253,	12,	'sort_order',	'sort_order',	'',	'left',	'Sort Order',	130,	'collection',	0,	0,	0,	NULL,	NULL,	NULL,	1,	NULL,	NULL),
(254,	12,	'layout_update_xml',	'layout_update_xml',	'',	'left',	'Layout Update Xml',	140,	'collection',	0,	0,	0,	NULL,	NULL,	NULL,	1,	NULL,	NULL),
(255,	12,	'custom_theme',	'custom_theme',	'',	'left',	'Custom Theme',	150,	'collection',	0,	0,	0,	NULL,	NULL,	NULL,	1,	NULL,	NULL),
(256,	12,	'custom_root_template',	'custom_root_template',	'',	'left',	'Custom Root Template',	160,	'collection',	0,	0,	0,	NULL,	NULL,	NULL,	1,	NULL,	NULL),
(257,	12,	'custom_layout_update_xml',	'custom_layout_update_xml',	'',	'left',	'Custom Layout Update Xml',	170,	'collection',	0,	0,	0,	NULL,	NULL,	NULL,	1,	NULL,	NULL),
(258,	12,	'custom_theme_from',	'custom_theme_from',	'',	'left',	'Custom Theme From',	180,	'collection',	0,	0,	0,	NULL,	NULL,	NULL,	1,	NULL,	NULL),
(259,	12,	'custom_theme_to',	'custom_theme_to',	'',	'left',	'Custom Theme To',	190,	'collection',	0,	0,	0,	NULL,	NULL,	NULL,	1,	NULL,	NULL),
(260,	12,	'_first_store_id',	'_first_store_id',	'',	'left',	'First Store Id',	200,	'collection',	0,	0,	0,	NULL,	NULL,	NULL,	1,	NULL,	NULL),
(261,	12,	'store_code',	'store_code',	'',	'left',	'Store Code',	210,	'collection',	0,	0,	0,	NULL,	NULL,	NULL,	1,	NULL,	NULL),
(262,	13,	'title',	'title',	NULL,	'left',	'Title',	10,	'grid',	1,	0,	0,	NULL,	NULL,	NULL,	1,	NULL,	NULL),
(263,	13,	'identifier',	'identifier',	NULL,	'left',	'Identifier',	20,	'grid',	1,	0,	0,	NULL,	NULL,	NULL,	1,	NULL,	NULL),
(264,	13,	'is_active',	'is_active',	NULL,	'left',	'Status',	30,	'grid',	1,	0,	0,	NULL,	NULL,	NULL,	1,	NULL,	NULL),
(265,	13,	'creation_time',	'creation_time',	NULL,	'left',	'Date Created',	40,	'grid',	1,	0,	0,	NULL,	NULL,	NULL,	1,	NULL,	NULL),
(266,	13,	'update_time',	'update_time',	NULL,	'left',	'Last Modified',	50,	'grid',	1,	0,	0,	NULL,	NULL,	NULL,	1,	NULL,	NULL),
(267,	13,	'block_id',	'block_id',	'',	'left',	'Block Id',	60,	'collection',	0,	0,	0,	NULL,	NULL,	NULL,	1,	NULL,	NULL),
(268,	13,	'content',	'content',	'',	'left',	'Content',	70,	'collection',	0,	0,	0,	NULL,	NULL,	NULL,	1,	NULL,	NULL),
(271,	14,	'massaction',	'post_id',	NULL,	'center',	NULL,	10,	'grid',	1,	1,	0,	NULL,	NULL,	NULL,	1,	NULL,	NULL),
(272,	14,	'post_id',	'post_id',	'50px',	'right',	'ID',	20,	'grid',	1,	0,	0,	NULL,	NULL,	NULL,	1,	NULL,	NULL),
(273,	14,	'title',	'title',	NULL,	'left',	'Title',	30,	'grid',	1,	0,	0,	NULL,	NULL,	NULL,	1,	NULL,	NULL),
(274,	14,	'identifier',	'identifier',	NULL,	'left',	'Identifier',	40,	'grid',	1,	0,	0,	NULL,	NULL,	NULL,	1,	NULL,	NULL),
(275,	14,	'user',	'user',	'150px',	'left',	'Poster',	50,	'grid',	1,	0,	0,	NULL,	NULL,	NULL,	1,	NULL,	NULL),
(276,	14,	'created_time',	'created_time',	'120px',	'left',	'Created at',	60,	'grid',	1,	0,	0,	NULL,	NULL,	NULL,	1,	NULL,	NULL),
(277,	14,	'update_time',	'update_time',	'120px',	'left',	'Updated at',	70,	'grid',	1,	0,	0,	NULL,	NULL,	NULL,	1,	NULL,	NULL),
(278,	14,	'status',	'status',	'80px',	'left',	'Status',	80,	'grid',	1,	0,	0,	NULL,	NULL,	NULL,	1,	NULL,	NULL),
(279,	14,	'action',	'stores',	'100',	'left',	'Action',	90,	'grid',	1,	1,	0,	NULL,	NULL,	NULL,	1,	NULL,	NULL),
(280,	14,	'post_content',	'post_content',	'',	'left',	'Post Content',	100,	'collection',	0,	0,	0,	NULL,	NULL,	NULL,	1,	NULL,	NULL),
(281,	14,	'update_user',	'update_user',	'',	'left',	'Update User',	110,	'collection',	0,	0,	0,	NULL,	NULL,	NULL,	1,	NULL,	NULL),
(282,	14,	'meta_keywords',	'meta_keywords',	'',	'left',	'Meta Keywords',	120,	'collection',	0,	0,	0,	NULL,	NULL,	NULL,	1,	NULL,	NULL),
(283,	14,	'meta_description',	'meta_description',	'',	'left',	'Meta Description',	130,	'collection',	0,	0,	0,	NULL,	NULL,	NULL,	1,	NULL,	NULL),
(284,	14,	'comments',	'comments',	'',	'left',	'Comments',	140,	'collection',	0,	0,	0,	NULL,	NULL,	NULL,	1,	NULL,	NULL),
(285,	14,	'tags',	'tags',	'',	'left',	'Tags',	150,	'collection',	0,	0,	0,	NULL,	NULL,	NULL,	1,	NULL,	NULL),
(286,	14,	'short_content',	'short_content',	'',	'left',	'Short Content',	160,	'collection',	0,	0,	0,	NULL,	NULL,	NULL,	1,	NULL,	NULL),
(287,	14,	'filename',	'filename',	'',	'left',	'Filename',	170,	'collection',	0,	0,	0,	NULL,	NULL,	NULL,	1,	NULL,	NULL),
(288,	15,	'massaction',	'cat_id',	NULL,	'center',	NULL,	10,	'grid',	1,	1,	0,	NULL,	NULL,	NULL,	1,	NULL,	NULL),
(289,	15,	'cat_id',	'cat_id',	'50px',	'right',	'ID',	20,	'grid',	1,	0,	0,	NULL,	NULL,	NULL,	1,	NULL,	NULL),
(290,	15,	'title',	'title',	NULL,	'left',	'Title',	30,	'grid',	1,	0,	0,	NULL,	NULL,	NULL,	1,	NULL,	NULL),
(291,	15,	'identifier',	'identifier',	NULL,	'left',	'Identifier',	40,	'grid',	1,	0,	0,	NULL,	NULL,	NULL,	1,	NULL,	NULL),
(292,	15,	'sort_order',	'sort_order',	'50px',	'left',	'Sort Order',	50,	'grid',	1,	0,	0,	NULL,	NULL,	NULL,	1,	NULL,	NULL),
(293,	15,	'action',	'stores',	'100px',	'left',	'Action',	60,	'grid',	1,	1,	0,	NULL,	NULL,	NULL,	1,	NULL,	NULL),
(294,	15,	'meta_keywords',	'meta_keywords',	'',	'left',	'Meta Keywords',	70,	'collection',	0,	0,	0,	NULL,	NULL,	NULL,	1,	NULL,	NULL),
(295,	15,	'meta_description',	'meta_description',	'',	'left',	'Meta Description',	80,	'collection',	0,	0,	0,	NULL,	NULL,	NULL,	1,	NULL,	NULL),
(296,	16,	'massaction',	'notification_id',	NULL,	'center',	NULL,	10,	'grid',	1,	1,	0,	NULL,	NULL,	NULL,	1,	NULL,	NULL),
(297,	16,	'severity',	'severity',	'60px',	'left',	'Severity',	20,	'grid',	1,	0,	0,	NULL,	NULL,	NULL,	1,	NULL,	NULL),
(298,	16,	'date_added',	'date_added',	'150px',	'left',	'Date Added',	30,	'grid',	1,	0,	0,	NULL,	NULL,	NULL,	1,	NULL,	NULL),
(299,	16,	'title',	'title',	NULL,	'left',	'Message',	40,	'grid',	1,	0,	0,	NULL,	NULL,	NULL,	1,	NULL,	NULL),
(300,	16,	'actions',	NULL,	'250px',	'left',	'Actions',	50,	'grid',	1,	0,	0,	NULL,	NULL,	NULL,	1,	NULL,	NULL),
(301,	16,	'description',	'description',	'',	'left',	'Description',	60,	'collection',	0,	0,	0,	NULL,	NULL,	NULL,	1,	NULL,	NULL),
(302,	16,	'url',	'url',	'',	'left',	'Url',	70,	'collection',	0,	0,	0,	NULL,	NULL,	NULL,	1,	NULL,	NULL),
(303,	16,	'is_read',	'is_read',	'',	'left',	'Is Read',	80,	'collection',	0,	0,	0,	NULL,	NULL,	NULL,	1,	NULL,	NULL),
(304,	16,	'is_remove',	'is_remove',	'',	'left',	'Is Remove',	90,	'collection',	0,	0,	0,	NULL,	NULL,	NULL,	1,	NULL,	NULL),
(305,	17,	'massaction',	'id',	NULL,	'center',	NULL,	10,	'grid',	1,	1,	0,	NULL,	NULL,	NULL,	1,	NULL,	NULL),
(306,	17,	'time',	'date_object',	'200',	'left',	'Time',	20,	'grid',	1,	0,	0,	NULL,	NULL,	NULL,	1,	NULL,	NULL),
(307,	17,	'display_name',	'display_name',	'350',	'left',	'Name',	30,	'grid',	1,	0,	0,	NULL,	NULL,	NULL,	1,	NULL,	NULL),
(308,	17,	'size',	'size',	NULL,	'left',	'Size, Bytes',	40,	'grid',	1,	0,	0,	NULL,	NULL,	NULL,	1,	NULL,	NULL),
(309,	17,	'type',	'type',	'300',	'left',	'Type',	50,	'grid',	1,	0,	0,	NULL,	NULL,	NULL,	1,	NULL,	NULL),
(310,	17,	'download',	'type',	NULL,	'left',	'Download',	60,	'grid',	1,	0,	0,	NULL,	NULL,	NULL,	1,	NULL,	NULL),
(311,	17,	'action',	'type',	'80px',	'left',	'Action',	70,	'grid',	1,	0,	0,	NULL,	NULL,	NULL,	1,	NULL,	NULL),
(312,	17,	'filename',	'filename',	'',	'left',	'Filename',	80,	'collection',	0,	0,	0,	NULL,	NULL,	NULL,	1,	NULL,	NULL),
(313,	17,	'basename',	'basename',	'',	'left',	'Basename',	90,	'collection',	0,	0,	0,	NULL,	NULL,	NULL,	1,	NULL,	NULL),
(314,	17,	'path',	'path',	'',	'left',	'Path',	100,	'collection',	0,	0,	0,	NULL,	NULL,	NULL,	1,	NULL,	NULL),
(315,	17,	'extension',	'extension',	'',	'left',	'Extension',	110,	'collection',	0,	0,	0,	NULL,	NULL,	NULL,	1,	NULL,	NULL),
(316,	17,	'name',	'name',	'',	'left',	'Name',	120,	'collection',	0,	0,	0,	NULL,	NULL,	NULL,	1,	NULL,	NULL),
(317,	18,	'massaction',	'entity_id',	'10px',	'center',	'',	10,	'grid',	1,	1,	0,	NULL,	NULL,	NULL,	1,	NULL,	NULL),
(318,	18,	'real_order_id',	'increment_id',	'80px',	'left',	'Order #',	20,	'grid',	1,	0,	0,	NULL,	NULL,	NULL,	1,	NULL,	NULL),
(319,	18,	'created_at',	'created_at',	'100px',	'left',	'Purchased On',	30,	'grid',	1,	0,	0,	NULL,	NULL,	NULL,	1,	NULL,	NULL),
(320,	18,	'billing_name',	'billing_name',	'',	'left',	'Bill to Name',	40,	'grid',	1,	0,	0,	NULL,	NULL,	NULL,	1,	NULL,	NULL),
(321,	18,	'shipping_name',	'shipping_name',	'',	'left',	'Ship to Name',	50,	'grid',	1,	0,	0,	NULL,	NULL,	NULL,	1,	NULL,	NULL),
(322,	18,	'base_grand_total',	'base_grand_total',	'',	'left',	'G.T. (Base)',	60,	'grid',	1,	0,	0,	NULL,	NULL,	NULL,	1,	NULL,	NULL),
(323,	18,	'grand_total',	'grand_total',	'',	'left',	'G.T. (Purchased)',	70,	'grid',	1,	0,	0,	NULL,	NULL,	NULL,	1,	NULL,	NULL),
(324,	18,	'status',	'status',	'70px',	'left',	'Status',	80,	'grid',	1,	0,	0,	NULL,	NULL,	NULL,	1,	NULL,	NULL),
(325,	18,	'action',	'stores',	'100px',	'left',	'Action',	90,	'grid',	1,	1,	0,	NULL,	NULL,	NULL,	1,	NULL,	NULL),
(326,	19,	'rule_id',	'rule_id',	'50px',	'right',	'ID',	10,	'grid',	1,	0,	0,	NULL,	NULL,	NULL,	1,	NULL,	NULL),
(327,	19,	'name',	'name',	NULL,	'left',	'Rule Name',	20,	'grid',	1,	0,	0,	NULL,	NULL,	NULL,	1,	NULL,	NULL),
(328,	19,	'from_date',	'from_date',	'120px',	'left',	'Date Start',	30,	'grid',	1,	0,	0,	NULL,	NULL,	NULL,	1,	NULL,	NULL),
(329,	19,	'to_date',	'to_date',	'120px',	'left',	'Date Expire',	40,	'grid',	1,	0,	0,	NULL,	NULL,	NULL,	1,	NULL,	NULL),
(330,	19,	'is_active',	'is_active',	'80px',	'left',	'Status',	50,	'grid',	1,	0,	0,	NULL,	NULL,	NULL,	1,	NULL,	NULL),
(331,	20,	'rule_id',	'rule_id',	'50px',	'right',	'ID',	10,	'grid',	1,	0,	0,	NULL,	NULL,	NULL,	1,	NULL,	NULL),
(332,	20,	'name',	'name',	NULL,	'left',	'Rule Name',	20,	'grid',	1,	0,	0,	NULL,	NULL,	NULL,	1,	NULL,	NULL),
(333,	20,	'coupon_code',	'code',	'150px',	'left',	'Coupon Code',	30,	'grid',	1,	0,	0,	NULL,	NULL,	NULL,	1,	NULL,	NULL),
(334,	20,	'from_date',	'from_date',	'120px',	'left',	'Date Start',	40,	'grid',	1,	0,	0,	NULL,	NULL,	NULL,	1,	NULL,	NULL),
(335,	20,	'to_date',	'to_date',	'120px',	'left',	'Date Expire',	50,	'grid',	1,	0,	0,	NULL,	NULL,	NULL,	1,	NULL,	NULL),
(336,	20,	'is_active',	'is_active',	'80px',	'left',	'Status',	60,	'grid',	1,	0,	0,	NULL,	NULL,	NULL,	1,	NULL,	NULL),
(337,	20,	'sort_order',	'sort_order',	'100',	'right',	'Priority',	70,	'grid',	1,	0,	0,	NULL,	NULL,	NULL,	1,	NULL,	NULL),
(338,	21,	'massaction',	'coupon_id',	NULL,	'center',	NULL,	10,	'grid',	1,	1,	0,	NULL,	NULL,	NULL,	1,	NULL,	NULL),
(339,	21,	'code',	'code',	NULL,	'left',	'Coupon Code',	20,	'grid',	1,	0,	0,	NULL,	NULL,	NULL,	1,	NULL,	NULL),
(340,	21,	'created_at',	'created_at',	'160',	'center',	'Created On',	30,	'grid',	1,	0,	0,	NULL,	NULL,	NULL,	1,	NULL,	NULL),
(341,	21,	'used',	'times_used',	'100',	'left',	'Used',	40,	'grid',	1,	0,	0,	NULL,	NULL,	NULL,	1,	NULL,	NULL),
(342,	21,	'times_used',	'times_used',	'50',	'left',	'Times Used',	50,	'grid',	1,	0,	0,	NULL,	NULL,	NULL,	1,	NULL,	NULL),
(343,	22,	'massaction',	'id',	NULL,	'center',	NULL,	10,	'grid',	1,	1,	0,	NULL,	NULL,	NULL,	1,	NULL,	NULL),
(344,	22,	'cache_type',	'cache_type',	'180',	'left',	'Cache Type',	20,	'grid',	1,	0,	0,	NULL,	NULL,	NULL,	1,	NULL,	NULL),
(345,	22,	'description',	'description',	NULL,	'left',	'Description',	30,	'grid',	1,	0,	0,	NULL,	NULL,	NULL,	1,	NULL,	NULL),
(346,	22,	'tags',	'tags',	'180',	'left',	'Associated Tags',	40,	'grid',	1,	0,	0,	NULL,	NULL,	NULL,	1,	NULL,	NULL),
(347,	22,	'status',	'status',	'120',	'left',	'Status',	50,	'grid',	1,	0,	0,	NULL,	NULL,	NULL,	1,	NULL,	NULL),
(348,	23,	'massaction',	'id',	NULL,	'center',	NULL,	10,	'grid',	1,	1,	0,	NULL,	NULL,	NULL,	1,	NULL,	NULL),
(349,	23,	'cache_type',	'cache_type',	'180',	'left',	'Cache Type',	20,	'grid',	1,	0,	0,	NULL,	NULL,	NULL,	1,	NULL,	NULL),
(350,	23,	'description',	'description',	NULL,	'left',	'Description',	30,	'grid',	1,	0,	0,	NULL,	NULL,	NULL,	1,	NULL,	NULL),
(351,	23,	'tags',	'tags',	'180',	'left',	'Associated Tags',	40,	'grid',	1,	0,	0,	NULL,	NULL,	NULL,	1,	NULL,	NULL),
(352,	23,	'status',	'status',	'120',	'left',	'Status',	50,	'grid',	1,	0,	0,	NULL,	NULL,	NULL,	1,	NULL,	NULL),
(353,	24,	'massaction',	'entity_id',	'',	'center',	'',	10,	'grid',	1,	1,	0,	NULL,	NULL,	NULL,	1,	NULL,	NULL),
(354,	24,	'entity_id',	'entity_id',	'50px',	'left',	'ID',	20,	'grid',	1,	0,	0,	NULL,	NULL,	NULL,	1,	NULL,	NULL),
(355,	24,	'name',	'name',	'',	'left',	'Name',	30,	'grid',	1,	0,	0,	NULL,	NULL,	NULL,	1,	NULL,	NULL),
(356,	24,	'type',	'type_id',	'60px',	'left',	'Type',	50,	'grid',	1,	0,	0,	NULL,	NULL,	NULL,	1,	NULL,	NULL),
(357,	24,	'set_name',	'attribute_set_id',	'100px',	'left',	'Attrib. Set Name',	60,	'grid',	1,	0,	0,	NULL,	NULL,	NULL,	1,	NULL,	NULL),
(358,	24,	'sku',	'sku',	'80px',	'left',	'SKU',	70,	'grid',	1,	0,	0,	NULL,	NULL,	NULL,	1,	NULL,	NULL),
(359,	24,	'price',	'price',	'',	'left',	'Price',	80,	'grid',	1,	0,	0,	NULL,	NULL,	NULL,	1,	NULL,	NULL),
(360,	24,	'qty',	'qty',	'100px',	'left',	'Qty',	90,	'grid',	1,	0,	0,	NULL,	NULL,	NULL,	1,	NULL,	NULL),
(361,	24,	'visibility',	'visibility',	'70px',	'left',	'Visibility',	100,	'grid',	1,	0,	0,	NULL,	NULL,	NULL,	1,	NULL,	NULL),
(362,	24,	'status',	'status',	'70px',	'left',	'Status',	110,	'grid',	1,	0,	0,	NULL,	NULL,	NULL,	1,	NULL,	NULL),
(363,	24,	'action',	'stores',	'50px',	'left',	'Action',	120,	'grid',	1,	0,	0,	NULL,	NULL,	NULL,	1,	NULL,	NULL),
(364,	24,	'entity_type_id',	'entity_type_id',	'',	'left',	'Entity Type Id',	130,	'collection',	0,	0,	0,	NULL,	NULL,	NULL,	1,	NULL,	NULL),
(365,	24,	'has_options',	'has_options',	'',	'left',	'Has Options',	140,	'collection',	0,	0,	0,	NULL,	NULL,	NULL,	1,	NULL,	NULL),
(366,	24,	'required_options',	'required_options',	'',	'left',	'Required Options',	150,	'collection',	0,	0,	0,	NULL,	NULL,	NULL,	1,	NULL,	NULL),
(367,	24,	'created_at',	'created_at',	'',	'left',	'Created At',	160,	'collection',	0,	0,	0,	NULL,	NULL,	NULL,	1,	NULL,	NULL),
(368,	24,	'updated_at',	'updated_at',	'',	'left',	'Updated At',	170,	'collection',	0,	0,	0,	NULL,	NULL,	NULL,	1,	NULL,	NULL),
(369,	25,	'massaction',	'entity_id',	'10px',	'center',	'',	10,	'grid',	1,	1,	0,	NULL,	NULL,	NULL,	1,	NULL,	NULL),
(370,	25,	'entity_id',	'entity_id',	'50px',	'left',	'ID',	20,	'grid',	1,	0,	0,	NULL,	NULL,	NULL,	1,	NULL,	NULL),
(371,	25,	'name',	'name',	'',	'left',	'Name',	30,	'grid',	1,	0,	0,	NULL,	NULL,	NULL,	1,	NULL,	NULL),
(372,	25,	'email',	'email',	'150',	'left',	'Email',	40,	'grid',	1,	0,	0,	NULL,	NULL,	NULL,	1,	NULL,	NULL),
(373,	25,	'group',	'group_id',	'100',	'left',	'Group',	50,	'grid',	1,	0,	0,	NULL,	NULL,	NULL,	1,	NULL,	NULL),
(374,	25,	'Telephone',	'billing_telephone',	'100',	'left',	'Telephone',	60,	'grid',	1,	0,	0,	NULL,	NULL,	NULL,	1,	NULL,	NULL),
(375,	25,	'billing_postcode',	'billing_postcode',	'90',	'left',	'ZIP',	70,	'grid',	1,	0,	0,	NULL,	NULL,	NULL,	1,	NULL,	NULL),
(376,	25,	'billing_country_id',	'billing_country_id',	'100',	'left',	'Country',	80,	'grid',	1,	0,	0,	NULL,	NULL,	NULL,	1,	NULL,	NULL),
(377,	25,	'billing_region',	'billing_region',	'100',	'left',	'State/Province',	90,	'grid',	1,	0,	0,	NULL,	NULL,	NULL,	1,	NULL,	NULL),
(378,	25,	'customer_since',	'created_at',	'',	'center',	'Customer Since',	100,	'grid',	1,	0,	0,	NULL,	NULL,	NULL,	1,	NULL,	NULL),
(379,	25,	'action',	'stores',	'100',	'left',	'Action',	110,	'grid',	1,	1,	0,	NULL,	NULL,	NULL,	1,	NULL,	NULL),
(380,	25,	'entity_type_id',	'entity_type_id',	'',	'left',	'Entity Type Id',	120,	'collection',	0,	0,	0,	NULL,	NULL,	NULL,	1,	NULL,	NULL),
(381,	25,	'attribute_set_id',	'attribute_set_id',	'',	'left',	'Attribute Set Id',	130,	'collection',	0,	0,	0,	NULL,	NULL,	NULL,	1,	NULL,	NULL),
(382,	25,	'website_id',	'website_id',	'',	'left',	'Website Id',	140,	'collection',	0,	0,	0,	NULL,	NULL,	NULL,	1,	NULL,	NULL),
(383,	25,	'increment_id',	'increment_id',	'',	'left',	'Increment Id',	150,	'collection',	0,	0,	0,	NULL,	NULL,	NULL,	1,	NULL,	NULL),
(384,	25,	'store_id',	'store_id',	'',	'left',	'Store Id',	160,	'collection',	0,	0,	0,	NULL,	NULL,	NULL,	1,	NULL,	NULL),
(385,	25,	'updated_at',	'updated_at',	'',	'left',	'Updated At',	170,	'collection',	0,	0,	0,	NULL,	NULL,	NULL,	1,	NULL,	NULL),
(386,	25,	'is_active',	'is_active',	'',	'left',	'Is Active',	180,	'collection',	0,	0,	0,	NULL,	NULL,	NULL,	1,	NULL,	NULL),
(387,	25,	'disable_auto_group_change',	'disable_auto_group_change',	'',	'left',	'Disable Auto Group Change',	190,	'collection',	0,	0,	0,	NULL,	NULL,	NULL,	1,	NULL,	NULL),
(388,	25,	'prefix',	'prefix',	'',	'left',	'Prefix',	200,	'collection',	0,	0,	0,	NULL,	NULL,	NULL,	1,	NULL,	NULL),
(389,	25,	'firstname',	'firstname',	'',	'left',	'Firstname',	210,	'collection',	0,	0,	0,	NULL,	NULL,	NULL,	1,	NULL,	NULL),
(390,	25,	'middlename',	'middlename',	'',	'left',	'Middlename',	220,	'collection',	0,	0,	0,	NULL,	NULL,	NULL,	1,	NULL,	NULL),
(391,	25,	'lastname',	'lastname',	'',	'left',	'Lastname',	230,	'collection',	0,	0,	0,	NULL,	NULL,	NULL,	1,	NULL,	NULL),
(392,	25,	'suffix',	'suffix',	'',	'left',	'Suffix',	240,	'collection',	0,	0,	0,	NULL,	NULL,	NULL,	1,	NULL,	NULL),
(393,	25,	'default_billing',	'default_billing',	'',	'left',	'Default Billing',	250,	'collection',	0,	0,	0,	NULL,	NULL,	NULL,	1,	NULL,	NULL),
(394,	25,	'billing_city',	'billing_city',	'',	'left',	'Billing City',	260,	'collection',	0,	0,	0,	NULL,	NULL,	NULL,	1,	NULL,	NULL),
(395,	26,	'queue_id',	'queue_id',	'10',	'left',	'ID',	10,	'grid',	1,	0,	0,	NULL,	NULL,	NULL,	1,	NULL,	NULL),
(396,	26,	'start_at',	'queue_start_at',	NULL,	'center',	'Newsletter Start',	20,	'grid',	1,	0,	0,	NULL,	NULL,	NULL,	1,	NULL,	NULL),
(397,	26,	'finish_at',	'queue_finish_at',	NULL,	'center',	'Newsletter Finish',	30,	'grid',	1,	0,	0,	NULL,	NULL,	NULL,	1,	NULL,	NULL),
(398,	26,	'letter_sent_at',	'letter_sent_at',	NULL,	'center',	'Newsletter Received',	40,	'grid',	1,	0,	0,	NULL,	NULL,	NULL,	1,	NULL,	NULL),
(399,	26,	'template_subject',	'template_subject',	NULL,	'center',	'Subject',	50,	'grid',	1,	0,	0,	NULL,	NULL,	NULL,	1,	NULL,	NULL),
(400,	26,	'status',	'queue_status',	NULL,	'center',	'Status',	60,	'grid',	1,	0,	0,	NULL,	NULL,	NULL,	1,	NULL,	NULL),
(401,	26,	'action',	NULL,	NULL,	'center',	'Action',	70,	'grid',	1,	0,	0,	NULL,	NULL,	NULL,	1,	NULL,	NULL),
(402,	27,	'agreement_id',	'agreement_id',	NULL,	'left',	'ID',	10,	'grid',	1,	0,	0,	NULL,	NULL,	NULL,	1,	NULL,	NULL),
(403,	27,	'method_code',	'method_code',	NULL,	'left',	'Payment Method',	20,	'grid',	1,	0,	0,	NULL,	NULL,	NULL,	1,	NULL,	NULL),
(404,	27,	'reference_id',	'reference_id',	NULL,	'left',	'Reference ID',	30,	'grid',	1,	0,	0,	NULL,	NULL,	NULL,	1,	NULL,	NULL),
(405,	27,	'status',	'status',	NULL,	'left',	'Status',	40,	'grid',	1,	0,	0,	NULL,	NULL,	NULL,	1,	NULL,	NULL),
(406,	27,	'created_at',	'agreement_created_at',	'1',	'center',	'Created At',	50,	'grid',	1,	0,	0,	NULL,	NULL,	NULL,	1,	NULL,	NULL),
(407,	27,	'updated_at',	'agreement_updated_at',	'1',	'center',	'Updated At',	60,	'grid',	1,	0,	0,	NULL,	NULL,	NULL,	1,	NULL,	NULL),
(408,	28,	'reference_id',	'reference_id',	'1',	'left',	'Payment Reference ID',	10,	'grid',	1,	0,	0,	NULL,	NULL,	NULL,	1,	NULL,	NULL),
(409,	28,	'state',	'state',	'1',	'left',	'Profile State',	20,	'grid',	1,	0,	0,	NULL,	NULL,	NULL,	1,	NULL,	NULL),
(410,	28,	'created_at',	'created_at',	'1',	'left',	'Created At',	30,	'grid',	1,	0,	0,	NULL,	NULL,	NULL,	1,	NULL,	NULL),
(411,	28,	'updated_at',	'updated_at',	'1',	'left',	'Updated At',	40,	'grid',	1,	0,	0,	NULL,	NULL,	NULL,	1,	NULL,	NULL),
(412,	28,	'method_code',	'method_code',	NULL,	'left',	'Payment Method',	50,	'grid',	1,	0,	0,	NULL,	NULL,	NULL,	1,	NULL,	NULL),
(413,	28,	'schedule_description',	'schedule_description',	NULL,	'left',	'Schedule Description',	60,	'grid',	1,	0,	0,	NULL,	NULL,	NULL,	1,	NULL,	NULL),
(414,	29,	'label',	'label',	NULL,	'left',	'Status',	10,	'grid',	1,	0,	0,	NULL,	NULL,	NULL,	1,	NULL,	NULL),
(415,	29,	'status',	'status',	'200px',	'left',	'Status Code',	20,	'grid',	1,	0,	0,	NULL,	NULL,	NULL,	1,	NULL,	NULL),
(416,	29,	'is_default',	'is_default',	'100px',	'left',	'Default Status',	30,	'grid',	1,	0,	0,	NULL,	NULL,	NULL,	1,	NULL,	NULL),
(417,	29,	'state',	'state',	'250px',	'left',	'State Code [State Title]',	40,	'grid',	1,	0,	0,	NULL,	NULL,	NULL,	1,	NULL,	NULL),
(418,	29,	'unassign',	'unassign',	'100px',	'left',	'Action',	50,	'grid',	1,	0,	0,	NULL,	NULL,	NULL,	1,	NULL,	NULL),
(419,	30,	'role_id',	'role_id',	'50px',	'right',	'ID',	10,	'grid',	1,	0,	0,	NULL,	NULL,	NULL,	1,	NULL,	NULL),
(420,	30,	'role_name',	'role_name',	NULL,	'left',	'Role Name',	20,	'grid',	1,	0,	0,	NULL,	NULL,	NULL,	1,	NULL,	NULL),
(421,	31,	'in_role_users',	'user_id',	NULL,	'center',	NULL,	10,	'grid',	1,	0,	0,	NULL,	NULL,	NULL,	1,	NULL,	NULL),
(422,	31,	'role_user_id',	'user_id',	'5',	'left',	'User ID',	20,	'grid',	1,	0,	0,	NULL,	NULL,	NULL,	1,	NULL,	NULL),
(423,	31,	'role_user_username',	'username',	NULL,	'left',	'User Name',	30,	'grid',	1,	0,	0,	NULL,	NULL,	NULL,	1,	NULL,	NULL),
(424,	31,	'role_user_firstname',	'firstname',	NULL,	'left',	'First Name',	40,	'grid',	1,	0,	0,	NULL,	NULL,	NULL,	1,	NULL,	NULL),
(425,	31,	'role_user_lastname',	'lastname',	NULL,	'left',	'Last Name',	50,	'grid',	1,	0,	0,	NULL,	NULL,	NULL,	1,	NULL,	NULL),
(426,	31,	'role_user_email',	'email',	'40',	'left',	'Email',	60,	'grid',	1,	0,	0,	NULL,	NULL,	NULL,	1,	NULL,	NULL),
(427,	31,	'role_user_is_active',	'is_active',	NULL,	'left',	'Status',	70,	'grid',	1,	0,	0,	NULL,	NULL,	NULL,	1,	NULL,	NULL),
(428,	30,	'parent_id',	'parent_id',	'',	'left',	'Parent Id',	30,	'collection',	0,	0,	0,	NULL,	NULL,	NULL,	1,	NULL,	NULL),
(429,	30,	'tree_level',	'tree_level',	'',	'left',	'Tree Level',	40,	'collection',	0,	0,	0,	NULL,	NULL,	NULL,	1,	NULL,	NULL),
(430,	30,	'sort_order',	'sort_order',	'',	'left',	'Sort Order',	50,	'collection',	0,	0,	0,	NULL,	NULL,	NULL,	1,	NULL,	NULL),
(431,	30,	'role_type',	'role_type',	'',	'left',	'Role Type',	60,	'collection',	0,	0,	0,	NULL,	NULL,	NULL,	1,	NULL,	NULL),
(432,	30,	'user_id',	'user_id',	'',	'left',	'User Id',	70,	'collection',	0,	0,	0,	NULL,	NULL,	NULL,	1,	NULL,	NULL),
(433,	32,	'user_id',	'user_id',	'5',	'right',	'ID',	10,	'grid',	1,	0,	0,	NULL,	NULL,	NULL,	1,	NULL,	NULL),
(434,	32,	'username',	'username',	NULL,	'left',	'User Name',	20,	'grid',	1,	0,	0,	NULL,	NULL,	NULL,	1,	NULL,	NULL),
(435,	32,	'firstname',	'firstname',	NULL,	'left',	'First Name',	30,	'grid',	1,	0,	0,	NULL,	NULL,	NULL,	1,	NULL,	NULL),
(436,	32,	'lastname',	'lastname',	NULL,	'left',	'Last Name',	40,	'grid',	1,	0,	0,	NULL,	NULL,	NULL,	1,	NULL,	NULL),
(437,	32,	'email',	'email',	'40',	'left',	'Email',	50,	'grid',	1,	0,	0,	NULL,	NULL,	NULL,	1,	NULL,	NULL),
(438,	32,	'is_active',	'is_active',	NULL,	'left',	'Status',	60,	'grid',	1,	0,	0,	NULL,	NULL,	NULL,	1,	NULL,	NULL),
(439,	33,	'assigned_user_role',	'role_id',	NULL,	'center',	'Assigned',	10,	'grid',	1,	0,	0,	NULL,	NULL,	NULL,	1,	NULL,	NULL),
(440,	33,	'role_name',	'role_name',	NULL,	'left',	'Role Name',	20,	'grid',	1,	0,	0,	NULL,	NULL,	NULL,	1,	NULL,	NULL),
(441,	33,	'parent_id',	'parent_id',	'',	'left',	'Parent Id',	30,	'collection',	0,	0,	0,	NULL,	NULL,	NULL,	1,	NULL,	NULL),
(442,	33,	'tree_level',	'tree_level',	'',	'left',	'Tree Level',	40,	'collection',	0,	0,	0,	NULL,	NULL,	NULL,	1,	NULL,	NULL),
(443,	33,	'sort_order',	'sort_order',	'',	'left',	'Sort Order',	50,	'collection',	0,	0,	0,	NULL,	NULL,	NULL,	1,	NULL,	NULL),
(444,	33,	'role_type',	'role_type',	'',	'left',	'Role Type',	60,	'collection',	0,	0,	0,	NULL,	NULL,	NULL,	1,	NULL,	NULL),
(445,	33,	'user_id',	'user_id',	'',	'left',	'User Id',	70,	'collection',	0,	0,	0,	NULL,	NULL,	NULL,	1,	NULL,	NULL),
(446,	34,	'profile_id',	'profile_id',	'50px',	'left',	'ID',	10,	'grid',	1,	0,	0,	NULL,	NULL,	NULL,	1,	NULL,	NULL),
(447,	34,	'name',	'name',	NULL,	'left',	'Profile Name',	20,	'grid',	1,	0,	0,	NULL,	NULL,	NULL,	1,	NULL,	NULL),
(448,	34,	'direction',	'direction',	'120px',	'left',	'Profile Direction',	30,	'grid',	1,	0,	0,	NULL,	NULL,	NULL,	1,	NULL,	NULL),
(449,	34,	'entity_type',	'entity_type',	'120px',	'left',	'Entity Type',	40,	'grid',	1,	0,	0,	NULL,	NULL,	NULL,	1,	NULL,	NULL),
(450,	34,	'store_id',	'store_id',	'200px',	'center',	'Store',	50,	'grid',	1,	0,	0,	NULL,	NULL,	NULL,	1,	NULL,	NULL),
(451,	34,	'created_at',	'created_at',	NULL,	'center',	'Created At',	60,	'grid',	1,	0,	0,	NULL,	NULL,	NULL,	1,	NULL,	NULL),
(452,	34,	'updated_at',	'updated_at',	NULL,	'center',	'Updated At',	70,	'grid',	1,	0,	0,	NULL,	NULL,	NULL,	1,	NULL,	NULL),
(453,	34,	'action',	NULL,	'60px',	'center',	'Action',	80,	'grid',	1,	0,	0,	NULL,	NULL,	NULL,	1,	NULL,	NULL),
(454,	34,	'actions_xml',	'actions_xml',	'',	'left',	'Actions Xml',	90,	'collection',	0,	0,	0,	NULL,	NULL,	NULL,	1,	NULL,	NULL),
(455,	34,	'gui_data',	'gui_data',	'',	'left',	'Gui Data',	100,	'collection',	0,	0,	0,	NULL,	NULL,	NULL,	1,	NULL,	NULL),
(456,	34,	'data_transfer',	'data_transfer',	'',	'left',	'Data Transfer',	110,	'collection',	0,	0,	0,	NULL,	NULL,	NULL,	1,	NULL,	NULL),
(457,	35,	'profile_id',	'profile_id',	'50px',	'left',	'ID',	10,	'grid',	1,	0,	0,	NULL,	NULL,	NULL,	1,	NULL,	NULL),
(458,	35,	'name',	'name',	NULL,	'left',	'Profile Name',	20,	'grid',	1,	0,	0,	NULL,	NULL,	NULL,	1,	NULL,	NULL),
(459,	35,	'direction',	'direction',	'120px',	'left',	'Profile Direction',	30,	'grid',	1,	0,	0,	NULL,	NULL,	NULL,	1,	NULL,	NULL),
(460,	35,	'entity_type',	'entity_type',	'120px',	'left',	'Entity Type',	40,	'grid',	1,	0,	0,	NULL,	NULL,	NULL,	1,	NULL,	NULL),
(461,	35,	'store_id',	'store_id',	'200px',	'center',	'Store',	50,	'grid',	1,	0,	0,	NULL,	NULL,	NULL,	1,	NULL,	NULL),
(462,	35,	'created_at',	'created_at',	NULL,	'center',	'Created At',	60,	'grid',	1,	0,	0,	NULL,	NULL,	NULL,	1,	NULL,	NULL),
(463,	35,	'updated_at',	'updated_at',	NULL,	'center',	'Updated At',	70,	'grid',	1,	0,	0,	NULL,	NULL,	NULL,	1,	NULL,	NULL),
(464,	35,	'action',	NULL,	'60px',	'center',	'Action',	80,	'grid',	1,	0,	0,	NULL,	NULL,	NULL,	1,	NULL,	NULL),
(465,	35,	'actions_xml',	'actions_xml',	'',	'left',	'Actions Xml',	90,	'collection',	0,	0,	0,	NULL,	NULL,	NULL,	1,	NULL,	NULL),
(466,	35,	'gui_data',	'gui_data',	'',	'left',	'Gui Data',	100,	'collection',	0,	0,	0,	NULL,	NULL,	NULL,	1,	NULL,	NULL),
(467,	35,	'data_transfer',	'data_transfer',	'',	'left',	'Data Transfer',	110,	'collection',	0,	0,	0,	NULL,	NULL,	NULL,	1,	NULL,	NULL),
(468,	36,	'profile_id',	'profile_id',	'50px',	'left',	'ID',	10,	'grid',	1,	0,	0,	NULL,	NULL,	NULL,	1,	NULL,	NULL),
(469,	36,	'name',	'name',	NULL,	'left',	'Profile Name',	20,	'grid',	1,	0,	0,	NULL,	NULL,	NULL,	1,	NULL,	NULL),
(470,	36,	'created_at',	'created_at',	NULL,	'center',	'Created At',	30,	'grid',	1,	0,	0,	NULL,	NULL,	NULL,	1,	NULL,	NULL),
(471,	36,	'updated_at',	'updated_at',	NULL,	'center',	'Updated At',	40,	'grid',	1,	0,	0,	NULL,	NULL,	NULL,	1,	NULL,	NULL),
(472,	36,	'action',	NULL,	'60px',	'center',	'Action',	50,	'grid',	1,	0,	0,	NULL,	NULL,	NULL,	1,	NULL,	NULL),
(473,	37,	'action_code',	'action_code',	NULL,	'left',	'Profile Action',	10,	'grid',	1,	0,	0,	NULL,	NULL,	NULL,	1,	NULL,	NULL),
(474,	37,	'performed_at',	'performed_at',	'150px',	'left',	'Performed At',	20,	'grid',	1,	0,	0,	NULL,	NULL,	NULL,	1,	NULL,	NULL),
(475,	37,	'firstname',	'firstname',	NULL,	'left',	'First Name',	30,	'grid',	1,	0,	0,	NULL,	NULL,	NULL,	1,	NULL,	NULL),
(476,	37,	'lastname',	'lastname',	NULL,	'left',	'Last Name',	40,	'grid',	1,	0,	0,	NULL,	NULL,	NULL,	1,	NULL,	NULL),
(477,	38,	'massaction',	'entity_id',	NULL,	'center',	NULL,	10,	'grid',	1,	1,	0,	NULL,	NULL,	NULL,	1,	NULL,	NULL),
(478,	38,	'real_order_id',	'increment_id',	'80px',	'left',	'Order #',	20,	'grid',	1,	0,	0,	NULL,	NULL,	NULL,	1,	NULL,	NULL),
(479,	38,	'created_at',	'created_at',	'100px',	'left',	'Purchased On',	30,	'grid',	1,	0,	0,	NULL,	NULL,	NULL,	1,	NULL,	NULL),
(480,	38,	'billing_name',	'billing_name',	NULL,	'left',	'Bill to Name',	40,	'grid',	1,	0,	0,	NULL,	NULL,	NULL,	1,	NULL,	NULL),
(481,	38,	'shipping_name',	'shipping_name',	NULL,	'left',	'Ship to Name',	50,	'grid',	1,	0,	0,	NULL,	NULL,	NULL,	1,	NULL,	NULL),
(482,	38,	'base_grand_total',	'base_grand_total',	NULL,	'left',	'G.T. (Base)',	60,	'grid',	1,	0,	0,	NULL,	NULL,	NULL,	1,	NULL,	NULL),
(483,	38,	'grand_total',	'grand_total',	NULL,	'left',	'G.T. (Purchased)',	70,	'grid',	1,	0,	0,	NULL,	NULL,	NULL,	1,	NULL,	NULL),
(484,	38,	'status',	'status',	'70px',	'left',	'Status',	80,	'grid',	1,	0,	0,	NULL,	NULL,	NULL,	1,	NULL,	NULL),
(485,	38,	'action',	'stores',	'100px',	'left',	'Action',	90,	'grid',	1,	1,	0,	NULL,	NULL,	NULL,	1,	NULL,	NULL),
(486,	39,	'massaction',	'process_id',	NULL,	'center',	NULL,	10,	'grid',	1,	1,	0,	NULL,	NULL,	NULL,	1,	NULL,	NULL),
(487,	39,	'indexer_code',	'name',	'180',	'left',	'Index',	20,	'grid',	1,	0,	0,	NULL,	NULL,	NULL,	1,	NULL,	NULL),
(488,	39,	'description',	'description',	NULL,	'left',	'Description',	30,	'grid',	1,	0,	0,	NULL,	NULL,	NULL,	1,	NULL,	NULL),
(489,	39,	'mode',	'mode',	'150',	'left',	'Mode',	40,	'grid',	1,	0,	0,	NULL,	NULL,	NULL,	1,	NULL,	NULL),
(490,	39,	'status',	'status',	'120',	'left',	'Status',	50,	'grid',	1,	0,	0,	NULL,	NULL,	NULL,	1,	NULL,	NULL),
(491,	39,	'update_required',	'update_required',	'120',	'left',	'Update Required',	60,	'grid',	1,	0,	0,	NULL,	NULL,	NULL,	1,	NULL,	NULL),
(492,	39,	'ended_at',	'ended_at',	'180',	'left',	'Updated At',	70,	'grid',	1,	0,	0,	NULL,	NULL,	NULL,	1,	NULL,	NULL),
(493,	39,	'action',	NULL,	'100',	'left',	'Action',	80,	'grid',	1,	1,	0,	NULL,	NULL,	NULL,	1,	NULL,	NULL),
(494,	39,	'started_at',	'started_at',	'',	'left',	'Started At',	90,	'collection',	0,	0,	0,	NULL,	NULL,	NULL,	1,	NULL,	NULL),
(495,	40,	'url_rewrite_id',	'url_rewrite_id',	'50px',	'left',	'ID',	10,	'grid',	1,	0,	0,	NULL,	NULL,	NULL,	1,	NULL,	NULL),
(496,	40,	'is_system',	'is_system',	'50px',	'left',	'Type',	20,	'grid',	1,	0,	0,	NULL,	NULL,	NULL,	1,	NULL,	NULL),
(497,	40,	'id_path',	'id_path',	'50px',	'left',	'ID Path',	30,	'grid',	1,	0,	0,	NULL,	NULL,	NULL,	1,	NULL,	NULL),
(498,	40,	'request_path',	'request_path',	'50px',	'left',	'Request Path',	40,	'grid',	1,	0,	0,	NULL,	NULL,	NULL,	1,	NULL,	NULL),
(499,	40,	'target_path',	'target_path',	'50px',	'left',	'Target Path',	50,	'grid',	1,	0,	0,	NULL,	NULL,	NULL,	1,	NULL,	NULL),
(500,	40,	'options',	'options',	'50px',	'left',	'Options',	60,	'grid',	1,	0,	0,	NULL,	NULL,	NULL,	1,	NULL,	NULL),
(501,	40,	'actions',	NULL,	'15px',	'left',	'Action',	70,	'grid',	1,	0,	0,	NULL,	NULL,	NULL,	1,	NULL,	NULL),
(502,	40,	'store_id',	'store_id',	'',	'left',	'Store Id',	80,	'collection',	0,	0,	0,	NULL,	NULL,	NULL,	1,	NULL,	NULL),
(503,	40,	'description',	'description',	'',	'left',	'Description',	90,	'collection',	0,	0,	0,	NULL,	NULL,	NULL,	1,	NULL,	NULL),
(504,	40,	'category_id',	'category_id',	'',	'left',	'Category Id',	100,	'collection',	0,	0,	0,	NULL,	NULL,	NULL,	1,	NULL,	NULL),
(505,	40,	'product_id',	'product_id',	'',	'left',	'Product Id',	110,	'collection',	0,	0,	0,	NULL,	NULL,	NULL,	1,	NULL,	NULL),
(518,	38,	'store_id',	'store_id',	'',	'left',	'Store Id',	100,	'collection',	0,	0,	0,	NULL,	NULL,	NULL,	1,	NULL,	NULL),
(519,	38,	'store_name',	'store_name',	'',	'left',	'Store Name',	110,	'collection',	0,	0,	0,	NULL,	NULL,	NULL,	1,	NULL,	NULL),
(520,	38,	'customer_id',	'customer_id',	'',	'left',	'Customer Id',	120,	'collection',	0,	0,	0,	NULL,	NULL,	NULL,	1,	NULL,	NULL),
(521,	38,	'base_total_paid',	'base_total_paid',	'',	'left',	'Base Total Paid',	130,	'collection',	0,	0,	0,	NULL,	NULL,	NULL,	1,	NULL,	NULL),
(522,	38,	'total_paid',	'total_paid',	'',	'left',	'Total Paid',	140,	'collection',	0,	0,	0,	NULL,	NULL,	NULL,	1,	NULL,	NULL),
(523,	38,	'base_currency_code',	'base_currency_code',	'',	'left',	'Base Currency Code',	150,	'collection',	0,	0,	0,	NULL,	NULL,	NULL,	1,	NULL,	NULL),
(524,	38,	'order_currency_code',	'order_currency_code',	'',	'left',	'Order Currency Code',	160,	'collection',	0,	0,	0,	NULL,	NULL,	NULL,	1,	NULL,	NULL),
(525,	38,	'updated_at',	'updated_at',	'',	'left',	'Updated At',	170,	'collection',	0,	0,	0,	NULL,	NULL,	NULL,	1,	NULL,	NULL),
(526,	42,	'increment_id',	'increment_id',	'120px',	'left',	'Invoice #',	10,	'grid',	1,	0,	0,	NULL,	NULL,	NULL,	1,	NULL,	NULL),
(527,	42,	'billing_name',	'billing_name',	NULL,	'left',	'Bill to Name',	20,	'grid',	1,	0,	0,	NULL,	NULL,	NULL,	1,	NULL,	NULL),
(528,	42,	'created_at',	'created_at',	NULL,	'left',	'Invoice Date',	30,	'grid',	1,	0,	0,	NULL,	NULL,	NULL,	1,	NULL,	NULL),
(529,	42,	'state',	'state',	NULL,	'left',	'Status',	40,	'grid',	1,	0,	0,	NULL,	NULL,	NULL,	1,	NULL,	NULL),
(530,	42,	'base_grand_total',	'base_grand_total',	NULL,	'left',	'Amount',	50,	'grid',	1,	0,	0,	NULL,	NULL,	NULL,	1,	NULL,	NULL),
(531,	43,	'increment_id',	'increment_id',	'120px',	'left',	'Credit Memo #',	10,	'grid',	1,	0,	0,	NULL,	NULL,	NULL,	1,	NULL,	NULL),
(532,	43,	'billing_name',	'billing_name',	NULL,	'left',	'Bill to Name',	20,	'grid',	1,	0,	0,	NULL,	NULL,	NULL,	1,	NULL,	NULL),
(533,	43,	'created_at',	'created_at',	NULL,	'left',	'Created At',	30,	'grid',	1,	0,	0,	NULL,	NULL,	NULL,	1,	NULL,	NULL),
(534,	43,	'state',	'state',	NULL,	'left',	'Status',	40,	'grid',	1,	0,	0,	NULL,	NULL,	NULL,	1,	NULL,	NULL),
(535,	43,	'base_grand_total',	'base_grand_total',	NULL,	'left',	'Refunded',	50,	'grid',	1,	0,	0,	NULL,	NULL,	NULL,	1,	NULL,	NULL),
(536,	44,	'increment_id',	'increment_id',	NULL,	'left',	'Shipment #',	10,	'grid',	1,	0,	0,	NULL,	NULL,	NULL,	1,	NULL,	NULL),
(537,	44,	'shipping_name',	'shipping_name',	NULL,	'left',	'Ship to Name',	20,	'grid',	1,	0,	0,	NULL,	NULL,	NULL,	1,	NULL,	NULL),
(538,	44,	'created_at',	'created_at',	NULL,	'left',	'Date Shipped',	30,	'grid',	1,	0,	0,	NULL,	NULL,	NULL,	1,	NULL,	NULL),
(539,	44,	'total_qty',	'total_qty',	NULL,	'left',	'Total Qty',	40,	'grid',	1,	0,	0,	NULL,	NULL,	NULL,	1,	NULL,	NULL),
(540,	45,	'transaction_id',	'transaction_id',	NULL,	'left',	'ID #',	10,	'grid',	1,	0,	0,	NULL,	NULL,	NULL,	1,	NULL,	NULL),
(541,	45,	'increment_id',	'increment_id',	NULL,	'left',	'Order ID',	20,	'grid',	1,	0,	0,	NULL,	NULL,	NULL,	1,	NULL,	NULL),
(542,	45,	'txn_id',	'txn_id',	NULL,	'left',	'Transaction ID',	30,	'grid',	1,	0,	0,	NULL,	NULL,	NULL,	1,	NULL,	NULL),
(543,	45,	'parent_txn_id',	'parent_txn_id',	NULL,	'left',	'Parent Transaction ID',	40,	'grid',	1,	0,	0,	NULL,	NULL,	NULL,	1,	NULL,	NULL),
(544,	45,	'method',	'method',	NULL,	'left',	'Payment Method Name',	50,	'grid',	1,	0,	0,	NULL,	NULL,	NULL,	1,	NULL,	NULL),
(545,	45,	'txn_type',	'txn_type',	NULL,	'left',	'Transaction Type',	60,	'grid',	1,	0,	0,	NULL,	NULL,	NULL,	1,	NULL,	NULL),
(546,	45,	'is_closed',	'is_closed',	'1',	'center',	'Is Closed',	70,	'grid',	1,	0,	0,	NULL,	NULL,	NULL,	1,	NULL,	NULL),
(547,	45,	'created_at',	'created_at',	'1',	'center',	'Created At',	80,	'grid',	1,	0,	0,	NULL,	NULL,	NULL,	1,	NULL,	NULL),
(548,	42,	'entity_id',	'entity_id',	'',	'left',	'Entity Id',	60,	'collection',	0,	0,	0,	NULL,	NULL,	NULL,	1,	NULL,	NULL),
(549,	42,	'order_id',	'order_id',	'',	'left',	'Order Id',	70,	'collection',	0,	0,	0,	NULL,	NULL,	NULL,	1,	NULL,	NULL),
(550,	42,	'grand_total',	'grand_total',	'',	'left',	'Grand Total',	80,	'collection',	0,	0,	0,	NULL,	NULL,	NULL,	1,	NULL,	NULL),
(551,	42,	'store_currency_code',	'store_currency_code',	'',	'left',	'Store Currency Code',	90,	'collection',	0,	0,	0,	NULL,	NULL,	NULL,	1,	NULL,	NULL),
(552,	42,	'base_currency_code',	'base_currency_code',	'',	'left',	'Base Currency Code',	100,	'collection',	0,	0,	0,	NULL,	NULL,	NULL,	1,	NULL,	NULL),
(553,	42,	'order_currency_code',	'order_currency_code',	'',	'left',	'Order Currency Code',	110,	'collection',	0,	0,	0,	NULL,	NULL,	NULL,	1,	NULL,	NULL),
(554,	44,	'entity_id',	'entity_id',	'',	'left',	'Entity Id',	50,	'collection',	0,	0,	0,	NULL,	NULL,	NULL,	1,	NULL,	NULL),
(555,	46,	'title',	'title',	NULL,	'left',	'Title',	10,	'grid',	1,	0,	0,	NULL,	NULL,	NULL,	1,	NULL,	NULL),
(556,	46,	'identifier',	'identifier',	NULL,	'left',	'Identifier',	20,	'grid',	1,	0,	0,	NULL,	NULL,	NULL,	1,	NULL,	NULL),
(557,	46,	'is_active',	'is_active',	NULL,	'left',	'Status',	30,	'grid',	1,	0,	0,	NULL,	NULL,	NULL,	1,	NULL,	NULL),
(558,	46,	'creation_time',	'creation_time',	NULL,	'left',	'Date Created',	40,	'grid',	1,	0,	0,	NULL,	NULL,	NULL,	1,	NULL,	NULL),
(559,	46,	'update_time',	'update_time',	NULL,	'left',	'Last Modified',	50,	'grid',	1,	0,	0,	NULL,	NULL,	NULL,	1,	NULL,	NULL),
(560,	46,	'block_id',	'block_id',	'',	'left',	'Block Id',	60,	'collection',	0,	0,	0,	NULL,	NULL,	NULL,	1,	NULL,	NULL),
(561,	46,	'content',	'content',	'',	'left',	'Content',	70,	'collection',	0,	0,	0,	NULL,	NULL,	NULL,	1,	NULL,	NULL),
(562,	47,	'rule_id',	'rule_id',	'50px',	'right',	'ID',	10,	'grid',	1,	0,	0,	NULL,	NULL,	NULL,	1,	NULL,	NULL),
(563,	47,	'name',	'name',	NULL,	'left',	'Rule Name',	20,	'grid',	1,	0,	0,	NULL,	NULL,	NULL,	1,	NULL,	NULL),
(564,	47,	'coupon_code',	'code',	'150px',	'left',	'Coupon Code',	30,	'grid',	1,	0,	0,	NULL,	NULL,	NULL,	1,	NULL,	NULL),
(565,	47,	'from_date',	'from_date',	'120px',	'left',	'Date Start',	40,	'grid',	1,	0,	0,	NULL,	NULL,	NULL,	1,	NULL,	NULL),
(566,	47,	'to_date',	'to_date',	'120px',	'left',	'Date Expire',	50,	'grid',	1,	0,	0,	NULL,	NULL,	NULL,	1,	NULL,	NULL),
(567,	47,	'is_active',	'is_active',	'80px',	'left',	'Status',	60,	'grid',	1,	0,	0,	NULL,	NULL,	NULL,	1,	NULL,	NULL),
(568,	47,	'sort_order',	'sort_order',	'100',	'right',	'Priority',	70,	'grid',	1,	0,	0,	NULL,	NULL,	NULL,	1,	NULL,	NULL),
(569,	47,	'description',	'description',	'',	'left',	'Description',	80,	'collection',	0,	0,	0,	NULL,	NULL,	NULL,	1,	NULL,	NULL),
(570,	47,	'uses_per_customer',	'uses_per_customer',	'',	'left',	'Uses Per Customer',	90,	'collection',	0,	0,	0,	NULL,	NULL,	NULL,	1,	NULL,	NULL),
(571,	47,	'conditions_serialized',	'conditions_serialized',	'',	'left',	'Conditions Serialized',	100,	'collection',	0,	0,	0,	NULL,	NULL,	NULL,	1,	NULL,	NULL),
(572,	47,	'actions_serialized',	'actions_serialized',	'',	'left',	'Actions Serialized',	110,	'collection',	0,	0,	0,	NULL,	NULL,	NULL,	1,	NULL,	NULL),
(573,	47,	'stop_rules_processing',	'stop_rules_processing',	'',	'left',	'Stop Rules Processing',	120,	'collection',	0,	0,	0,	NULL,	NULL,	NULL,	1,	NULL,	NULL),
(574,	47,	'is_advanced',	'is_advanced',	'',	'left',	'Is Advanced',	130,	'collection',	0,	0,	0,	NULL,	NULL,	NULL,	1,	NULL,	NULL),
(575,	47,	'product_ids',	'product_ids',	'',	'left',	'Product Ids',	140,	'collection',	0,	0,	0,	NULL,	NULL,	NULL,	1,	NULL,	NULL),
(576,	47,	'simple_action',	'simple_action',	'',	'left',	'Simple Action',	150,	'collection',	0,	0,	0,	NULL,	NULL,	NULL,	1,	NULL,	NULL),
(577,	47,	'discount_amount',	'discount_amount',	'',	'left',	'Discount Amount',	160,	'collection',	0,	0,	0,	NULL,	NULL,	NULL,	1,	NULL,	NULL),
(578,	47,	'discount_qty',	'discount_qty',	'',	'left',	'Discount Qty',	170,	'collection',	0,	0,	0,	NULL,	NULL,	NULL,	1,	NULL,	NULL),
(579,	47,	'discount_step',	'discount_step',	'',	'left',	'Discount Step',	180,	'collection',	0,	0,	0,	NULL,	NULL,	NULL,	1,	NULL,	NULL),
(580,	47,	'simple_free_shipping',	'simple_free_shipping',	'',	'left',	'Simple Free Shipping',	190,	'collection',	0,	0,	0,	NULL,	NULL,	NULL,	1,	NULL,	NULL),
(581,	47,	'apply_to_shipping',	'apply_to_shipping',	'',	'left',	'Apply To Shipping',	200,	'collection',	0,	0,	0,	NULL,	NULL,	NULL,	1,	NULL,	NULL),
(582,	47,	'times_used',	'times_used',	'',	'left',	'Times Used',	210,	'collection',	0,	0,	0,	NULL,	NULL,	NULL,	1,	NULL,	NULL),
(583,	47,	'is_rss',	'is_rss',	'',	'left',	'Is Rss',	220,	'collection',	0,	0,	0,	NULL,	NULL,	NULL,	1,	NULL,	NULL),
(584,	47,	'coupon_type',	'coupon_type',	'',	'left',	'Coupon Type',	230,	'collection',	0,	0,	0,	NULL,	NULL,	NULL,	1,	NULL,	NULL),
(585,	47,	'use_auto_generation',	'use_auto_generation',	'',	'left',	'Use Auto Generation',	240,	'collection',	0,	0,	0,	NULL,	NULL,	NULL,	1,	NULL,	NULL),
(586,	47,	'uses_per_coupon',	'uses_per_coupon',	'',	'left',	'Uses Per Coupon',	250,	'collection',	0,	0,	0,	NULL,	NULL,	NULL,	1,	NULL,	NULL),
(587,	48,	'massaction',	'post_id',	NULL,	'center',	NULL,	10,	'grid',	1,	1,	0,	NULL,	NULL,	NULL,	1,	NULL,	NULL),
(588,	48,	'post_id',	'post_id',	'50px',	'right',	'ID',	20,	'grid',	1,	0,	0,	NULL,	NULL,	NULL,	1,	NULL,	NULL),
(589,	48,	'title',	'title',	NULL,	'left',	'Title',	30,	'grid',	1,	0,	0,	NULL,	NULL,	NULL,	1,	NULL,	NULL),
(590,	48,	'identifier',	'identifier',	NULL,	'left',	'Identifier',	40,	'grid',	1,	0,	0,	NULL,	NULL,	NULL,	1,	NULL,	NULL),
(591,	48,	'user',	'user',	'150px',	'left',	'Poster',	50,	'grid',	1,	0,	0,	NULL,	NULL,	NULL,	1,	NULL,	NULL),
(592,	48,	'created_time',	'created_time',	'120px',	'left',	'Created at',	60,	'grid',	1,	0,	0,	NULL,	NULL,	NULL,	1,	NULL,	NULL),
(593,	48,	'update_time',	'update_time',	'120px',	'left',	'Updated at',	70,	'grid',	1,	0,	0,	NULL,	NULL,	NULL,	1,	NULL,	NULL),
(594,	48,	'status',	'status',	'80px',	'left',	'Status',	80,	'grid',	1,	0,	0,	NULL,	NULL,	NULL,	1,	NULL,	NULL),
(595,	48,	'action',	'stores',	'100',	'left',	'Action',	90,	'grid',	1,	1,	0,	NULL,	NULL,	NULL,	1,	NULL,	NULL),
(596,	48,	'post_content',	'post_content',	'',	'left',	'Post Content',	100,	'collection',	0,	0,	0,	NULL,	NULL,	NULL,	1,	NULL,	NULL),
(597,	48,	'update_user',	'update_user',	'',	'left',	'Update User',	110,	'collection',	0,	0,	0,	NULL,	NULL,	NULL,	1,	NULL,	NULL),
(598,	48,	'meta_keywords',	'meta_keywords',	'',	'left',	'Meta Keywords',	120,	'collection',	0,	0,	0,	NULL,	NULL,	NULL,	1,	NULL,	NULL),
(599,	48,	'meta_description',	'meta_description',	'',	'left',	'Meta Description',	130,	'collection',	0,	0,	0,	NULL,	NULL,	NULL,	1,	NULL,	NULL),
(600,	48,	'comments',	'comments',	'',	'left',	'Comments',	140,	'collection',	0,	0,	0,	NULL,	NULL,	NULL,	1,	NULL,	NULL),
(601,	48,	'tags',	'tags',	'',	'left',	'Tags',	150,	'collection',	0,	0,	0,	NULL,	NULL,	NULL,	1,	NULL,	NULL),
(602,	48,	'short_content',	'short_content',	'',	'left',	'Short Content',	160,	'collection',	0,	0,	0,	NULL,	NULL,	NULL,	1,	NULL,	NULL),
(603,	48,	'filename',	'filename',	'',	'left',	'Filename',	170,	'collection',	0,	0,	0,	NULL,	NULL,	NULL,	1,	NULL,	NULL),
(604,	49,	'attribute_code',	'attribute_code',	NULL,	'left',	'Attribute Code',	10,	'grid',	1,	0,	0,	NULL,	NULL,	NULL,	1,	NULL,	NULL),
(605,	49,	'frontend_label',	'frontend_label',	NULL,	'left',	'Attribute Label',	20,	'grid',	1,	0,	0,	NULL,	NULL,	NULL,	1,	NULL,	NULL),
(606,	49,	'is_required',	'is_required',	NULL,	'center',	'Required',	30,	'grid',	1,	0,	0,	NULL,	NULL,	NULL,	1,	NULL,	NULL),
(607,	49,	'is_user_defined',	'is_user_defined',	NULL,	'center',	'System',	40,	'grid',	1,	0,	0,	NULL,	NULL,	NULL,	1,	NULL,	NULL),
(608,	49,	'is_visible',	'is_visible_on_front',	NULL,	'center',	'Visible',	50,	'grid',	1,	0,	0,	NULL,	NULL,	NULL,	1,	NULL,	NULL),
(609,	49,	'is_global',	'is_global',	NULL,	'center',	'Scope',	60,	'grid',	1,	0,	0,	NULL,	NULL,	NULL,	1,	NULL,	NULL),
(610,	49,	'is_searchable',	'is_searchable',	NULL,	'center',	'Searchable',	70,	'grid',	1,	0,	0,	NULL,	NULL,	NULL,	1,	NULL,	NULL),
(611,	49,	'is_filterable',	'is_filterable',	NULL,	'center',	'Use in Layered Navigation',	80,	'grid',	1,	0,	0,	NULL,	NULL,	NULL,	1,	NULL,	NULL),
(612,	49,	'is_comparable',	'is_comparable',	NULL,	'center',	'Comparable',	90,	'grid',	1,	0,	0,	NULL,	NULL,	NULL,	1,	NULL,	NULL),
(613,	49,	'entity_type_id',	'entity_type_id',	'',	'left',	'Entity Type Id',	100,	'collection',	0,	0,	0,	NULL,	NULL,	NULL,	1,	NULL,	NULL),
(614,	49,	'attribute_model',	'attribute_model',	'',	'left',	'Attribute Model',	110,	'collection',	0,	0,	0,	NULL,	NULL,	NULL,	1,	NULL,	NULL),
(615,	49,	'backend_model',	'backend_model',	'',	'left',	'Backend Model',	120,	'collection',	0,	0,	0,	NULL,	NULL,	NULL,	1,	NULL,	NULL),
(616,	49,	'backend_type',	'backend_type',	'',	'left',	'Backend Type',	130,	'collection',	0,	0,	0,	NULL,	NULL,	NULL,	1,	NULL,	NULL),
(617,	49,	'backend_table',	'backend_table',	'',	'left',	'Backend Table',	140,	'collection',	0,	0,	0,	NULL,	NULL,	NULL,	1,	NULL,	NULL),
(618,	49,	'frontend_model',	'frontend_model',	'',	'left',	'Frontend Model',	150,	'collection',	0,	0,	0,	NULL,	NULL,	NULL,	1,	NULL,	NULL),
(619,	49,	'frontend_input',	'frontend_input',	'',	'left',	'Frontend Input',	160,	'collection',	0,	0,	0,	NULL,	NULL,	NULL,	1,	NULL,	NULL),
(620,	49,	'frontend_class',	'frontend_class',	'',	'left',	'Frontend Class',	170,	'collection',	0,	0,	0,	NULL,	NULL,	NULL,	1,	NULL,	NULL),
(621,	49,	'source_model',	'source_model',	'',	'left',	'Source Model',	180,	'collection',	0,	0,	0,	NULL,	NULL,	NULL,	1,	NULL,	NULL),
(622,	49,	'default_value',	'default_value',	'',	'left',	'Default Value',	190,	'collection',	0,	0,	0,	NULL,	NULL,	NULL,	1,	NULL,	NULL),
(623,	49,	'is_unique',	'is_unique',	'',	'left',	'Is Unique',	200,	'collection',	0,	0,	0,	NULL,	NULL,	NULL,	1,	NULL,	NULL),
(624,	49,	'note',	'note',	'',	'left',	'Note',	210,	'collection',	0,	0,	0,	NULL,	NULL,	NULL,	1,	NULL,	NULL),
(625,	49,	'attribute_id',	'attribute_id',	'',	'left',	'Attribute Id',	220,	'collection',	0,	0,	0,	NULL,	NULL,	NULL,	1,	NULL,	NULL),
(626,	49,	'frontend_input_renderer',	'frontend_input_renderer',	'',	'left',	'Frontend Input Renderer',	230,	'collection',	0,	0,	0,	NULL,	NULL,	NULL,	1,	NULL,	NULL),
(627,	49,	'is_html_allowed_on_front',	'is_html_allowed_on_front',	'',	'left',	'Is Html Allowed On Front',	240,	'collection',	0,	0,	0,	NULL,	NULL,	NULL,	1,	NULL,	NULL),
(628,	49,	'is_used_for_price_rules',	'is_used_for_price_rules',	'',	'left',	'Is Used For Price Rules',	250,	'collection',	0,	0,	0,	NULL,	NULL,	NULL,	1,	NULL,	NULL),
(629,	49,	'is_filterable_in_search',	'is_filterable_in_search',	'',	'left',	'Is Filterable In Search',	260,	'collection',	0,	0,	0,	NULL,	NULL,	NULL,	1,	NULL,	NULL),
(630,	49,	'used_in_product_listing',	'used_in_product_listing',	'',	'left',	'Used In Product Listing',	270,	'collection',	0,	0,	0,	NULL,	NULL,	NULL,	1,	NULL,	NULL),
(631,	49,	'used_for_sort_by',	'used_for_sort_by',	'',	'left',	'Used For Sort By',	280,	'collection',	0,	0,	0,	NULL,	NULL,	NULL,	1,	NULL,	NULL),
(632,	49,	'is_configurable',	'is_configurable',	'',	'left',	'Is Configurable',	290,	'collection',	0,	0,	0,	NULL,	NULL,	NULL,	1,	NULL,	NULL),
(633,	49,	'apply_to',	'apply_to',	'',	'left',	'Apply To',	300,	'collection',	0,	0,	0,	NULL,	NULL,	NULL,	1,	NULL,	NULL),
(634,	49,	'is_visible_in_advanced_search',	'is_visible_in_advanced_search',	'',	'left',	'Is Visible In Advanced Search',	310,	'collection',	0,	0,	0,	NULL,	NULL,	NULL,	1,	NULL,	NULL),
(635,	49,	'position',	'position',	'',	'left',	'Position',	320,	'collection',	0,	0,	0,	NULL,	NULL,	NULL,	1,	NULL,	NULL),
(636,	49,	'is_wysiwyg_enabled',	'is_wysiwyg_enabled',	'',	'left',	'Is Wysiwyg Enabled',	330,	'collection',	0,	0,	0,	NULL,	NULL,	NULL,	1,	NULL,	NULL),
(637,	49,	'is_used_for_promo_rules',	'is_used_for_promo_rules',	'',	'left',	'Is Used For Promo Rules',	340,	'collection',	0,	0,	0,	NULL,	NULL,	NULL,	1,	NULL,	NULL),
(638,	24,	'_blcg_attribute_column_1',	'author',	'',	'left',	'Author',	40,	'attribute',	1,	0,	0,	NULL,	NULL,	NULL,	1,	NULL,	NULL),
(639,	50,	'title',	'title',	NULL,	'left',	'Title',	10,	'grid',	1,	0,	0,	NULL,	NULL,	NULL,	1,	NULL,	NULL),
(640,	50,	'identifier',	'identifier',	NULL,	'left',	'URL Key',	20,	'grid',	1,	0,	0,	NULL,	NULL,	NULL,	1,	NULL,	NULL),
(641,	50,	'root_template',	'root_template',	NULL,	'left',	'Layout',	30,	'grid',	1,	0,	0,	NULL,	NULL,	NULL,	1,	NULL,	NULL),
(642,	50,	'is_active',	'is_active',	NULL,	'left',	'Status',	40,	'grid',	1,	0,	0,	NULL,	NULL,	NULL,	1,	NULL,	NULL),
(643,	50,	'creation_time',	'creation_time',	NULL,	'left',	'Date Created',	50,	'grid',	1,	0,	0,	NULL,	NULL,	NULL,	1,	NULL,	NULL),
(644,	50,	'update_time',	'update_time',	NULL,	'left',	'Last Modified',	60,	'grid',	1,	0,	0,	NULL,	NULL,	NULL,	1,	NULL,	NULL),
(645,	50,	'page_actions',	NULL,	'10',	'left',	'Action',	70,	'grid',	1,	0,	0,	NULL,	NULL,	NULL,	1,	NULL,	NULL),
(646,	50,	'page_id',	'page_id',	'',	'left',	'Page Id',	80,	'collection',	0,	0,	0,	NULL,	NULL,	NULL,	1,	NULL,	NULL),
(647,	50,	'meta_keywords',	'meta_keywords',	'',	'left',	'Meta Keywords',	90,	'collection',	0,	0,	0,	NULL,	NULL,	NULL,	1,	NULL,	NULL),
(648,	50,	'meta_description',	'meta_description',	'',	'left',	'Meta Description',	100,	'collection',	0,	0,	0,	NULL,	NULL,	NULL,	1,	NULL,	NULL),
(649,	50,	'content_heading',	'content_heading',	'',	'left',	'Content Heading',	110,	'collection',	0,	0,	0,	NULL,	NULL,	NULL,	1,	NULL,	NULL),
(650,	50,	'content',	'content',	'',	'left',	'Content',	120,	'collection',	0,	0,	0,	NULL,	NULL,	NULL,	1,	NULL,	NULL),
(651,	50,	'sort_order',	'sort_order',	'',	'left',	'Sort Order',	130,	'collection',	0,	0,	0,	NULL,	NULL,	NULL,	1,	NULL,	NULL),
(652,	50,	'layout_update_xml',	'layout_update_xml',	'',	'left',	'Layout Update Xml',	140,	'collection',	0,	0,	0,	NULL,	NULL,	NULL,	1,	NULL,	NULL),
(653,	50,	'custom_theme',	'custom_theme',	'',	'left',	'Custom Theme',	150,	'collection',	0,	0,	0,	NULL,	NULL,	NULL,	1,	NULL,	NULL),
(654,	50,	'custom_root_template',	'custom_root_template',	'',	'left',	'Custom Root Template',	160,	'collection',	0,	0,	0,	NULL,	NULL,	NULL,	1,	NULL,	NULL),
(655,	50,	'custom_layout_update_xml',	'custom_layout_update_xml',	'',	'left',	'Custom Layout Update Xml',	170,	'collection',	0,	0,	0,	NULL,	NULL,	NULL,	1,	NULL,	NULL),
(656,	50,	'custom_theme_from',	'custom_theme_from',	'',	'left',	'Custom Theme From',	180,	'collection',	0,	0,	0,	NULL,	NULL,	NULL,	1,	NULL,	NULL),
(657,	50,	'custom_theme_to',	'custom_theme_to',	'',	'left',	'Custom Theme To',	190,	'collection',	0,	0,	0,	NULL,	NULL,	NULL,	1,	NULL,	NULL),
(658,	50,	'_first_store_id',	'_first_store_id',	'',	'left',	'First Store Id',	200,	'collection',	0,	0,	0,	NULL,	NULL,	NULL,	1,	NULL,	NULL),
(659,	50,	'store_code',	'store_code',	'',	'left',	'Store Code',	210,	'collection',	0,	0,	0,	NULL,	NULL,	NULL,	1,	NULL,	NULL),
(660,	51,	'instance_id',	'instance_id',	NULL,	'left',	'Widget ID',	10,	'grid',	1,	0,	0,	NULL,	NULL,	NULL,	1,	NULL,	NULL),
(661,	51,	'title',	'title',	NULL,	'left',	'Widget Instance Title',	20,	'grid',	1,	0,	0,	NULL,	NULL,	NULL,	1,	NULL,	NULL),
(662,	51,	'type',	'instance_type',	NULL,	'left',	'Type',	30,	'grid',	1,	0,	0,	NULL,	NULL,	NULL,	1,	NULL,	NULL),
(663,	51,	'package_theme',	'package_theme',	NULL,	'left',	'Design Package/Theme',	40,	'grid',	1,	0,	0,	NULL,	NULL,	NULL,	1,	NULL,	NULL),
(664,	51,	'sort_order',	'sort_order',	'100',	'center',	'Sort Order',	50,	'grid',	1,	0,	0,	NULL,	NULL,	NULL,	1,	NULL,	NULL),
(666,	52,	'massaction',	'grid_id',	NULL,	'center',	NULL,	10,	'grid',	1,	1,	0,	NULL,	NULL,	NULL,	1,	NULL,	NULL),
(667,	52,	'block_type',	'block_type',	NULL,	'left',	'Block Type',	20,	'grid',	1,	0,	0,	NULL,	NULL,	NULL,	1,	NULL,	NULL),
(668,	52,	'type',	'type',	NULL,	'left',	'Type',	30,	'grid',	1,	0,	0,	NULL,	NULL,	NULL,	1,	NULL,	NULL),
(669,	52,	'rewriting_class_name',	'rewriting_class_name',	NULL,	'left',	'Rewriting Class',	40,	'grid',	1,	0,	0,	NULL,	NULL,	NULL,	1,	NULL,	NULL),
(670,	52,	'module_name',	'module_name',	NULL,	'left',	'Module Name',	50,	'grid',	1,	0,	0,	NULL,	NULL,	NULL,	1,	NULL,	NULL),
(671,	52,	'controller_name',	'controller_name',	NULL,	'left',	'Controller Name',	60,	'grid',	1,	0,	0,	NULL,	NULL,	NULL,	1,	NULL,	NULL),
(672,	52,	'block_id',	'block_id',	NULL,	'left',	'Block ID',	70,	'grid',	1,	0,	0,	NULL,	NULL,	NULL,	1,	NULL,	NULL),
(673,	52,	'disabled',	'disabled',	NULL,	'left',	'Disabled',	80,	'grid',	1,	0,	0,	NULL,	NULL,	NULL,	1,	NULL,	NULL),
(674,	52,	'action',	'id',	'120px',	'left',	'Actions',	90,	'grid',	1,	0,	0,	NULL,	NULL,	NULL,	1,	NULL,	NULL),
(675,	52,	'max_attribute_column_id',	'max_attribute_column_id',	'',	'left',	'Max Attribute Column Id',	100,	'collection',	0,	0,	0,	NULL,	NULL,	NULL,	1,	NULL,	NULL),
(676,	52,	'max_custom_column_id',	'max_custom_column_id',	'',	'left',	'Max Custom Column Id',	110,	'collection',	0,	0,	0,	NULL,	NULL,	NULL,	1,	NULL,	NULL),
(677,	52,	'default_page',	'default_page',	'',	'left',	'Default Page',	120,	'collection',	0,	0,	0,	NULL,	NULL,	NULL,	1,	NULL,	NULL),
(678,	52,	'default_limit',	'default_limit',	'',	'left',	'Default Limit',	130,	'collection',	0,	0,	0,	NULL,	NULL,	NULL,	1,	NULL,	NULL),
(679,	52,	'default_sort',	'default_sort',	'',	'left',	'Default Sort',	140,	'collection',	0,	0,	0,	NULL,	NULL,	NULL,	1,	NULL,	NULL),
(680,	52,	'default_dir',	'default_dir',	'',	'left',	'Default Dir',	150,	'collection',	0,	0,	0,	NULL,	NULL,	NULL,	1,	NULL,	NULL),
(681,	52,	'default_filter',	'default_filter',	'',	'left',	'Default Filter',	160,	'collection',	0,	0,	0,	NULL,	NULL,	NULL,	1,	NULL,	NULL),
(682,	52,	'default_page_behaviour',	'default_page_behaviour',	'',	'left',	'Default Page Behaviour',	170,	'collection',	0,	0,	0,	NULL,	NULL,	NULL,	1,	NULL,	NULL),
(683,	52,	'default_limit_behaviour',	'default_limit_behaviour',	'',	'left',	'Default Limit Behaviour',	180,	'collection',	0,	0,	0,	NULL,	NULL,	NULL,	1,	NULL,	NULL),
(684,	52,	'default_sort_behaviour',	'default_sort_behaviour',	'',	'left',	'Default Sort Behaviour',	190,	'collection',	0,	0,	0,	NULL,	NULL,	NULL,	1,	NULL,	NULL),
(685,	52,	'default_dir_behaviour',	'default_dir_behaviour',	'',	'left',	'Default Dir Behaviour',	200,	'collection',	0,	0,	0,	NULL,	NULL,	NULL,	1,	NULL,	NULL),
(686,	52,	'default_filter_behaviour',	'default_filter_behaviour',	'',	'left',	'Default Filter Behaviour',	210,	'collection',	0,	0,	0,	NULL,	NULL,	NULL,	1,	NULL,	NULL),
(699,	54,	'massaction',	'partners_id',	'10px',	'center',	'',	10,	'grid',	1,	1,	0,	NULL,	NULL,	NULL,	1,	NULL,	NULL),
(700,	54,	'partners_id',	'partners_id',	'50px',	'right',	'ID',	20,	'grid',	1,	0,	0,	NULL,	NULL,	NULL,	1,	NULL,	NULL),
(701,	54,	'name',	'name',	'',	'left',	'Name',	30,	'grid',	1,	0,	0,	NULL,	NULL,	NULL,	1,	NULL,	NULL),
(702,	54,	'job_title',	'job_title',	'',	'left',	'Job Title',	40,	'grid',	1,	0,	0,	NULL,	NULL,	NULL,	1,	NULL,	NULL),
(703,	54,	'created_time',	'created_time',	'',	'left',	'Created Time',	50,	'grid',	1,	0,	0,	NULL,	NULL,	NULL,	1,	NULL,	NULL),
(704,	54,	'update_time',	'update_time',	'',	'left',	'Update Time',	60,	'grid',	1,	0,	0,	NULL,	NULL,	NULL,	1,	NULL,	NULL),
(705,	54,	'status',	'status',	'80px',	'left',	'Status',	70,	'grid',	1,	0,	0,	NULL,	NULL,	NULL,	1,	NULL,	NULL),
(706,	54,	'action',	'stores',	'100px',	'left',	'Action',	80,	'grid',	1,	1,	0,	NULL,	NULL,	NULL,	1,	NULL,	NULL),
(707,	54,	'url_path',	'url_path',	'',	'left',	'Url Path',	90,	'collection',	0,	0,	0,	NULL,	NULL,	NULL,	1,	NULL,	NULL),
(708,	54,	'filename',	'filename',	'',	'left',	'Filename',	100,	'collection',	0,	0,	0,	NULL,	NULL,	NULL,	1,	NULL,	NULL),
(709,	54,	'description',	'description',	'',	'left',	'Description',	110,	'collection',	0,	0,	0,	NULL,	NULL,	NULL,	1,	NULL,	NULL),
(710,	55,	'massaction',	'notification_id',	NULL,	'center',	NULL,	10,	'grid',	1,	1,	0,	NULL,	NULL,	NULL,	1,	NULL,	NULL),
(711,	55,	'severity',	'severity',	'60px',	'left',	'Severity',	20,	'grid',	1,	0,	0,	NULL,	NULL,	NULL,	1,	NULL,	NULL),
(712,	55,	'date_added',	'date_added',	'150px',	'left',	'Date Added',	30,	'grid',	1,	0,	0,	NULL,	NULL,	NULL,	1,	NULL,	NULL),
(713,	55,	'title',	'title',	NULL,	'left',	'Message',	40,	'grid',	1,	0,	0,	NULL,	NULL,	NULL,	1,	NULL,	NULL),
(714,	55,	'actions',	NULL,	'250px',	'left',	'Actions',	50,	'grid',	1,	0,	0,	NULL,	NULL,	NULL,	1,	NULL,	NULL),
(715,	55,	'description',	'description',	'',	'left',	'Description',	60,	'collection',	0,	0,	0,	NULL,	NULL,	NULL,	1,	NULL,	NULL),
(716,	55,	'url',	'url',	'',	'left',	'Url',	70,	'collection',	0,	0,	0,	NULL,	NULL,	NULL,	1,	NULL,	NULL),
(717,	55,	'is_read',	'is_read',	'',	'left',	'Is Read',	80,	'collection',	0,	0,	0,	NULL,	NULL,	NULL,	1,	NULL,	NULL),
(718,	55,	'is_remove',	'is_remove',	'',	'left',	'Is Remove',	90,	'collection',	0,	0,	0,	NULL,	NULL,	NULL,	1,	NULL,	NULL),
(719,	56,	'increment_id',	'increment_id',	'100',	'left',	'Order #',	10,	'grid',	1,	0,	0,	NULL,	NULL,	NULL,	1,	NULL,	NULL),
(720,	56,	'created_at',	'created_at',	NULL,	'left',	'Purchase On',	20,	'grid',	1,	0,	0,	NULL,	NULL,	NULL,	1,	NULL,	NULL),
(721,	56,	'billing_name',	'billing_name',	NULL,	'left',	'Bill to Name',	30,	'grid',	1,	0,	0,	NULL,	NULL,	NULL,	1,	NULL,	NULL),
(722,	56,	'shipping_name',	'shipping_name',	NULL,	'left',	'Shipped to Name',	40,	'grid',	1,	0,	0,	NULL,	NULL,	NULL,	1,	NULL,	NULL),
(723,	56,	'grand_total',	'grand_total',	NULL,	'left',	'Order Total',	50,	'grid',	1,	0,	0,	NULL,	NULL,	NULL,	1,	NULL,	NULL),
(724,	56,	'action',	NULL,	'100px',	'left',	' ',	60,	'grid',	1,	0,	0,	NULL,	NULL,	NULL,	1,	NULL,	NULL),
(725,	57,	'review_id',	'review_id',	'50px',	'right',	'ID',	10,	'grid',	1,	0,	0,	NULL,	NULL,	NULL,	1,	NULL,	NULL),
(726,	57,	'created_at',	'review_created_at',	'100px',	'left',	'Created On',	20,	'grid',	1,	0,	0,	NULL,	NULL,	NULL,	1,	NULL,	NULL),
(727,	57,	'status',	'status_id',	'100px',	'left',	'Status',	30,	'grid',	1,	0,	0,	NULL,	NULL,	NULL,	1,	NULL,	NULL),
(728,	57,	'title',	'title',	'100px',	'left',	'Title',	40,	'grid',	1,	0,	0,	NULL,	NULL,	NULL,	1,	NULL,	NULL),
(729,	57,	'nickname',	'nickname',	'100px',	'left',	'Nickname',	50,	'grid',	1,	0,	0,	NULL,	NULL,	NULL,	1,	NULL,	NULL),
(730,	57,	'detail',	'detail',	NULL,	'left',	'Review',	60,	'grid',	1,	0,	0,	NULL,	NULL,	NULL,	1,	NULL,	NULL),
(731,	57,	'type',	'type',	NULL,	'left',	'Type',	70,	'grid',	1,	0,	0,	NULL,	NULL,	NULL,	1,	NULL,	NULL),
(732,	57,	'name',	'name',	NULL,	'left',	'Product Name',	80,	'grid',	1,	0,	0,	NULL,	NULL,	NULL,	1,	NULL,	NULL),
(733,	57,	'sku',	'sku',	'50px',	'right',	'Product SKU',	90,	'grid',	1,	0,	0,	NULL,	NULL,	NULL,	1,	NULL,	NULL),
(734,	57,	'action',	NULL,	'50px',	'left',	'Action',	100,	'grid',	1,	0,	0,	NULL,	NULL,	NULL,	1,	NULL,	NULL),
(735,	58,	'name',	'name',	NULL,	'left',	'Tag Name',	10,	'grid',	1,	0,	0,	NULL,	NULL,	NULL,	1,	NULL,	NULL),
(736,	58,	'status',	'status',	'90px',	'left',	'Status',	20,	'grid',	1,	0,	0,	NULL,	NULL,	NULL,	1,	NULL,	NULL),
(737,	58,	'product',	'product',	NULL,	'left',	'Product Name',	30,	'grid',	1,	0,	0,	NULL,	NULL,	NULL,	1,	NULL,	NULL),
(738,	58,	'product_sku',	'product_sku',	NULL,	'left',	'SKU',	40,	'grid',	1,	0,	0,	NULL,	NULL,	NULL,	1,	NULL,	NULL),
(739,	59,	'customer_id',	'customer_id',	'40px',	'right',	'ID',	10,	'grid',	1,	0,	0,	NULL,	NULL,	NULL,	1,	NULL,	NULL),
(740,	59,	'firstname',	'customer_firstname',	NULL,	'left',	'First Name',	20,	'grid',	1,	0,	0,	NULL,	NULL,	NULL,	1,	NULL,	NULL),
(741,	59,	'middlename',	'customer_middlename',	NULL,	'left',	'Middle Name',	30,	'grid',	1,	0,	0,	NULL,	NULL,	NULL,	1,	NULL,	NULL),
(742,	59,	'lastname',	'customer_lastname',	NULL,	'left',	'Last Name',	40,	'grid',	1,	0,	0,	NULL,	NULL,	NULL,	1,	NULL,	NULL),
(743,	59,	'email',	'customer_email',	NULL,	'left',	'Email',	50,	'grid',	1,	0,	0,	NULL,	NULL,	NULL,	1,	NULL,	NULL),
(744,	59,	'ip_address',	'remote_addr',	NULL,	'left',	'IP Address',	60,	'grid',	1,	0,	0,	NULL,	NULL,	NULL,	1,	NULL,	NULL),
(745,	59,	'session_start_time',	'first_visit_at',	'200px',	'left',	'Session Start Time',	70,	'grid',	1,	0,	0,	NULL,	NULL,	NULL,	1,	NULL,	NULL),
(746,	59,	'last_activity',	'last_visit_at',	'200px',	'left',	'Last Activity',	80,	'grid',	1,	0,	0,	NULL,	NULL,	NULL,	1,	NULL,	NULL),
(747,	59,	'type',	'visitor_type',	NULL,	'left',	'Type',	90,	'grid',	1,	0,	0,	NULL,	NULL,	NULL,	1,	NULL,	NULL),
(748,	59,	'last_url',	'last_url',	NULL,	'left',	'Last URL',	100,	'grid',	1,	0,	0,	NULL,	NULL,	NULL,	1,	NULL,	NULL),
(749,	59,	'visitor_id',	'visitor_id',	'',	'left',	'Visitor Id',	110,	'collection',	0,	0,	0,	NULL,	NULL,	NULL,	1,	NULL,	NULL),
(750,	60,	'massaction',	'query_id',	NULL,	'center',	NULL,	10,	'grid',	1,	1,	0,	NULL,	NULL,	NULL,	1,	NULL,	NULL),
(751,	60,	'search_query',	'query_text',	NULL,	'left',	'Search Query',	20,	'grid',	1,	0,	0,	NULL,	NULL,	NULL,	1,	NULL,	NULL),
(752,	60,	'num_results',	'num_results',	NULL,	'left',	'Results',	30,	'grid',	1,	0,	0,	NULL,	NULL,	NULL,	1,	NULL,	NULL),
(753,	60,	'popularity',	'popularity',	NULL,	'left',	'Number of Uses',	40,	'grid',	1,	0,	0,	NULL,	NULL,	NULL,	1,	NULL,	NULL),
(754,	60,	'synonym_for',	'synonym_for',	'160px',	'left',	'Synonym For',	50,	'grid',	1,	0,	0,	NULL,	NULL,	NULL,	1,	NULL,	NULL),
(755,	60,	'redirect',	'redirect',	'200px',	'left',	'Redirect',	60,	'grid',	1,	0,	0,	NULL,	NULL,	NULL,	1,	NULL,	NULL),
(756,	60,	'display_in_terms',	'display_in_terms',	'100px',	'left',	'Display in Suggested Terms',	70,	'grid',	1,	0,	0,	NULL,	NULL,	NULL,	1,	NULL,	NULL),
(757,	60,	'action',	'catalog',	'100px',	'left',	'Action',	80,	'grid',	1,	0,	0,	NULL,	NULL,	NULL,	1,	NULL,	NULL),
(758,	60,	'store_id',	'store_id',	'',	'left',	'Store Id',	90,	'collection',	0,	0,	0,	NULL,	NULL,	NULL,	1,	NULL,	NULL),
(759,	60,	'is_active',	'is_active',	'',	'left',	'Is Active',	100,	'collection',	0,	0,	0,	NULL,	NULL,	NULL,	1,	NULL,	NULL),
(760,	60,	'is_processed',	'is_processed',	'',	'left',	'Is Processed',	110,	'collection',	0,	0,	0,	NULL,	NULL,	NULL,	1,	NULL,	NULL),
(761,	60,	'updated_at',	'updated_at',	'',	'left',	'Updated At',	120,	'collection',	0,	0,	0,	NULL,	NULL,	NULL,	1,	NULL,	NULL),
(762,	61,	'massaction',	'cat_id',	NULL,	'center',	NULL,	10,	'grid',	1,	1,	0,	NULL,	NULL,	NULL,	1,	NULL,	NULL),
(763,	61,	'cat_id',	'cat_id',	'50px',	'right',	'ID',	20,	'grid',	1,	0,	0,	NULL,	NULL,	NULL,	1,	NULL,	NULL),
(764,	61,	'title',	'title',	NULL,	'left',	'Title',	30,	'grid',	1,	0,	0,	NULL,	NULL,	NULL,	1,	NULL,	NULL),
(765,	61,	'identifier',	'identifier',	NULL,	'left',	'Identifier',	40,	'grid',	1,	0,	0,	NULL,	NULL,	NULL,	1,	NULL,	NULL),
(766,	61,	'sort_order',	'sort_order',	'50px',	'left',	'Sort Order',	50,	'grid',	1,	0,	0,	NULL,	NULL,	NULL,	1,	NULL,	NULL),
(767,	61,	'action',	'stores',	'100px',	'left',	'Action',	60,	'grid',	1,	1,	0,	NULL,	NULL,	NULL,	1,	NULL,	NULL),
(768,	61,	'meta_keywords',	'meta_keywords',	'',	'left',	'Meta Keywords',	70,	'collection',	0,	0,	0,	NULL,	NULL,	NULL,	1,	NULL,	NULL),
(769,	61,	'meta_description',	'meta_description',	'',	'left',	'Meta Description',	80,	'collection',	0,	0,	0,	NULL,	NULL,	NULL,	1,	NULL,	NULL),
(770,	62,	'title',	'title',	NULL,	'left',	'Title',	10,	'grid',	1,	0,	0,	NULL,	NULL,	NULL,	1,	NULL,	NULL),
(771,	62,	'identifier',	'identifier',	NULL,	'left',	'Identifier',	20,	'grid',	1,	0,	0,	NULL,	NULL,	NULL,	1,	NULL,	NULL),
(772,	62,	'type',	'type',	NULL,	'left',	'Type',	30,	'grid',	1,	0,	0,	NULL,	NULL,	NULL,	1,	NULL,	NULL),
(773,	62,	'css_class',	'css_class',	NULL,	'left',	'CSS Class',	40,	'grid',	1,	0,	0,	NULL,	NULL,	NULL,	1,	NULL,	NULL),
(774,	62,	'is_active',	'is_active',	NULL,	'left',	'Status',	50,	'grid',	1,	0,	0,	NULL,	NULL,	NULL,	1,	NULL,	NULL),
(775,	62,	'menu_id',	'menu_id',	'',	'left',	'Menu Id',	60,	'collection',	0,	0,	0,	NULL,	NULL,	NULL,	1,	NULL,	NULL),
(776,	63,	'item_title',	'title',	NULL,	'left',	'Title',	10,	'grid',	1,	0,	0,	NULL,	NULL,	NULL,	1,	NULL,	NULL),
(777,	63,	'item_parent_id',	'parent_id',	NULL,	'left',	'Parent',	20,	'grid',	1,	0,	0,	NULL,	NULL,	NULL,	1,	NULL,	NULL),
(778,	63,	'item_url',	'url',	NULL,	'left',	'Url',	30,	'grid',	1,	0,	0,	NULL,	NULL,	NULL,	1,	NULL,	NULL),
(779,	63,	'cms_page_identifier',	'cms_page_identifier',	NULL,	'left',	'CMS page ID',	40,	'grid',	1,	0,	0,	NULL,	NULL,	NULL,	1,	NULL,	NULL),
(780,	63,	'item_type',	'type',	NULL,	'left',	'Type',	50,	'grid',	1,	0,	0,	NULL,	NULL,	NULL,	1,	NULL,	NULL),
(781,	63,	'url_type',	'url_type',	NULL,	'left',	'Url Type',	60,	'grid',	1,	0,	0,	NULL,	NULL,	NULL,	1,	NULL,	NULL),
(782,	63,	'item_css_class',	'css_class',	NULL,	'left',	'CSS Class',	70,	'grid',	1,	0,	0,	NULL,	NULL,	NULL,	1,	NULL,	NULL),
(783,	63,	'item_position',	'position',	NULL,	'left',	'Position',	80,	'grid',	1,	0,	0,	NULL,	NULL,	NULL,	1,	NULL,	NULL),
(784,	63,	'item_is_active',	'is_active',	NULL,	'left',	'Status',	90,	'grid',	1,	0,	0,	NULL,	NULL,	NULL,	1,	NULL,	NULL),
(785,	63,	'position_path',	'position_path',	NULL,	'left',	'Position Path',	100,	'grid',	1,	0,	0,	NULL,	NULL,	NULL,	1,	NULL,	NULL),
(786,	63,	'item_id',	'item_id',	'',	'left',	'Item Id',	110,	'collection',	0,	0,	0,	NULL,	NULL,	NULL,	1,	NULL,	NULL),
(787,	63,	'menu_id',	'menu_id',	'',	'left',	'Menu Id',	120,	'collection',	0,	0,	0,	NULL,	NULL,	NULL,	1,	NULL,	NULL),
(788,	63,	'identifier',	'identifier',	'',	'left',	'Identifier',	130,	'collection',	0,	0,	0,	NULL,	NULL,	NULL,	1,	NULL,	NULL),
(789,	64,	'massaction',	'id',	NULL,	'center',	NULL,	10,	'grid',	1,	1,	0,	NULL,	NULL,	NULL,	1,	NULL,	NULL),
(790,	64,	'time',	'date_object',	'200',	'left',	'Time',	20,	'grid',	1,	0,	0,	NULL,	NULL,	NULL,	1,	NULL,	NULL),
(791,	64,	'display_name',	'display_name',	'350',	'left',	'Name',	30,	'grid',	1,	0,	0,	NULL,	NULL,	NULL,	1,	NULL,	NULL),
(792,	64,	'size',	'size',	NULL,	'left',	'Size, Bytes',	40,	'grid',	1,	0,	0,	NULL,	NULL,	NULL,	1,	NULL,	NULL),
(793,	64,	'type',	'type',	'300',	'left',	'Type',	50,	'grid',	1,	0,	0,	NULL,	NULL,	NULL,	1,	NULL,	NULL),
(794,	64,	'download',	'type',	NULL,	'left',	'Download',	60,	'grid',	1,	0,	0,	NULL,	NULL,	NULL,	1,	NULL,	NULL),
(795,	64,	'action',	'type',	'80px',	'left',	'Action',	70,	'grid',	1,	0,	0,	NULL,	NULL,	NULL,	1,	NULL,	NULL),
(796,	65,	'massaction',	'entity_id',	NULL,	'center',	NULL,	10,	'grid',	1,	1,	0,	NULL,	NULL,	NULL,	1,	NULL,	NULL),
(797,	65,	'increment_id',	'increment_id',	NULL,	'left',	'Invoice #',	20,	'grid',	1,	0,	0,	NULL,	NULL,	NULL,	1,	NULL,	NULL),
(798,	65,	'created_at',	'created_at',	NULL,	'left',	'Invoice Date',	30,	'grid',	1,	0,	0,	NULL,	NULL,	NULL,	1,	NULL,	NULL),
(799,	65,	'order_increment_id',	'order_increment_id',	NULL,	'left',	'Order #',	40,	'grid',	1,	0,	0,	NULL,	NULL,	NULL,	1,	NULL,	NULL),
(800,	65,	'order_created_at',	'order_created_at',	NULL,	'left',	'Order Date',	50,	'grid',	1,	0,	0,	NULL,	NULL,	NULL,	1,	NULL,	NULL),
(801,	65,	'billing_name',	'billing_name',	NULL,	'left',	'Bill to Name',	60,	'grid',	1,	0,	0,	NULL,	NULL,	NULL,	1,	NULL,	NULL),
(802,	65,	'state',	'state',	NULL,	'left',	'Status',	70,	'grid',	1,	0,	0,	NULL,	NULL,	NULL,	1,	NULL,	NULL),
(803,	65,	'grand_total',	'grand_total',	NULL,	'right',	'Amount',	80,	'grid',	1,	0,	0,	NULL,	NULL,	NULL,	1,	NULL,	NULL),
(804,	65,	'action',	NULL,	'50px',	'left',	'Action',	90,	'grid',	1,	1,	0,	NULL,	NULL,	NULL,	1,	NULL,	NULL),
(805,	66,	'code',	'code',	NULL,	'left',	'Name',	10,	'grid',	1,	0,	0,	NULL,	NULL,	NULL,	1,	NULL,	NULL),
(806,	66,	'customer_tax_classes',	'customer_tax_classes',	NULL,	'left',	'Customer Tax Class',	20,	'grid',	1,	0,	0,	NULL,	NULL,	NULL,	1,	NULL,	NULL),
(807,	66,	'product_tax_classes',	'product_tax_classes',	NULL,	'left',	'Product Tax Class',	30,	'grid',	1,	0,	0,	NULL,	NULL,	NULL,	1,	NULL,	NULL),
(808,	66,	'tax_rates',	'tax_rates',	NULL,	'left',	'Tax Rate',	40,	'grid',	1,	0,	0,	NULL,	NULL,	NULL,	1,	NULL,	NULL),
(809,	66,	'priority',	'priority',	'50px',	'left',	'Priority',	50,	'grid',	1,	0,	0,	NULL,	NULL,	NULL,	1,	NULL,	NULL),
(810,	66,	'calculate_subtotal',	'calculate_subtotal',	'50px',	'left',	'Subtotal only',	60,	'grid',	1,	0,	0,	NULL,	NULL,	NULL,	1,	NULL,	NULL),
(811,	66,	'position',	'position',	'50px',	'left',	'Sort Order',	70,	'grid',	1,	0,	0,	NULL,	NULL,	NULL,	1,	NULL,	NULL),
(812,	66,	'tax_calculation_rule_id',	'tax_calculation_rule_id',	'',	'left',	'Tax Calculation Rule Id',	80,	'collection',	0,	0,	0,	NULL,	NULL,	NULL,	1,	NULL,	NULL),
(813,	67,	'code',	'code',	NULL,	'left',	'Tax Identifier',	10,	'grid',	1,	0,	0,	NULL,	NULL,	NULL,	1,	NULL,	NULL),
(814,	67,	'tax_country_id',	'tax_country_id',	NULL,	'left',	'Country',	20,	'grid',	1,	0,	0,	NULL,	NULL,	NULL,	1,	NULL,	NULL),
(815,	67,	'region_name',	'region_name',	NULL,	'left',	'State/Region',	30,	'grid',	1,	0,	0,	NULL,	NULL,	NULL,	1,	NULL,	NULL),
(816,	67,	'tax_postcode',	'tax_postcode',	NULL,	'left',	'Zip/Post Code',	40,	'grid',	1,	0,	0,	NULL,	NULL,	NULL,	1,	NULL,	NULL),
(817,	67,	'rate',	'rate',	NULL,	'right',	'Rate',	50,	'grid',	1,	0,	0,	NULL,	NULL,	NULL,	1,	NULL,	NULL),
(818,	67,	'tax_calculation_rate_id',	'tax_calculation_rate_id',	'',	'left',	'Tax Calculation Rate Id',	60,	'collection',	0,	0,	0,	NULL,	NULL,	NULL,	1,	NULL,	NULL),
(819,	67,	'tax_region_id',	'tax_region_id',	'',	'left',	'Tax Region Id',	70,	'collection',	0,	0,	0,	NULL,	NULL,	NULL,	1,	NULL,	NULL),
(820,	67,	'zip_is_range',	'zip_is_range',	'',	'left',	'Zip Is Range',	80,	'collection',	0,	0,	0,	NULL,	NULL,	NULL,	1,	NULL,	NULL),
(821,	67,	'zip_from',	'zip_from',	'',	'left',	'Zip From',	90,	'collection',	0,	0,	0,	NULL,	NULL,	NULL,	1,	NULL,	NULL),
(822,	67,	'zip_to',	'zip_to',	'',	'left',	'Zip To',	100,	'collection',	0,	0,	0,	NULL,	NULL,	NULL,	1,	NULL,	NULL),
(823,	68,	'massaction',	'imaclean_id',	NULL,	'center',	NULL,	10,	'grid',	1,	1,	0,	NULL,	NULL,	NULL,	1,	NULL,	NULL),
(824,	68,	'filename',	'filename',	NULL,	'left',	'Filename',	20,	'grid',	1,	0,	0,	NULL,	NULL,	NULL,	1,	NULL,	NULL),
(825,	68,	'action',	'stores',	'100',	'left',	'Action',	30,	'grid',	1,	1,	0,	NULL,	NULL,	NULL,	1,	NULL,	NULL),
(826,	69,	'rule_id',	'rule_id',	'50px',	'right',	'ID',	10,	'grid',	1,	0,	0,	NULL,	NULL,	NULL,	1,	NULL,	NULL),
(827,	69,	'name',	'name',	NULL,	'left',	'Rule Name',	20,	'grid',	1,	0,	0,	NULL,	NULL,	NULL,	1,	NULL,	NULL),
(828,	69,	'from_date',	'from_date',	'120px',	'left',	'Date Start',	30,	'grid',	1,	0,	0,	NULL,	NULL,	NULL,	1,	NULL,	NULL),
(829,	69,	'to_date',	'to_date',	'120px',	'left',	'Date Expire',	40,	'grid',	1,	0,	0,	NULL,	NULL,	NULL,	1,	NULL,	NULL),
(830,	69,	'is_active',	'is_active',	'80px',	'left',	'Status',	50,	'grid',	1,	0,	0,	NULL,	NULL,	NULL,	1,	NULL,	NULL),
(831,	70,	'massaction',	'coupon_id',	NULL,	'center',	NULL,	10,	'grid',	1,	1,	0,	NULL,	NULL,	NULL,	1,	NULL,	NULL),
(832,	70,	'code',	'code',	NULL,	'left',	'Coupon Code',	20,	'grid',	1,	0,	0,	NULL,	NULL,	NULL,	1,	NULL,	NULL),
(833,	70,	'created_at',	'created_at',	'160',	'center',	'Created On',	30,	'grid',	1,	0,	0,	NULL,	NULL,	NULL,	1,	NULL,	NULL),
(834,	70,	'used',	'times_used',	'100',	'left',	'Used',	40,	'grid',	1,	0,	0,	NULL,	NULL,	NULL,	1,	NULL,	NULL),
(835,	70,	'times_used',	'times_used',	'50',	'left',	'Times Used',	50,	'grid',	1,	0,	0,	NULL,	NULL,	NULL,	1,	NULL,	NULL),
(836,	71,	'queue_id',	'queue_id',	'10',	'left',	'ID',	10,	'grid',	1,	0,	0,	NULL,	NULL,	NULL,	1,	NULL,	NULL),
(837,	71,	'start_at',	'queue_start_at',	NULL,	'left',	'Queue Start',	20,	'grid',	1,	0,	0,	NULL,	NULL,	NULL,	1,	NULL,	NULL),
(838,	71,	'finish_at',	'queue_finish_at',	NULL,	'left',	'Queue Finish',	30,	'grid',	1,	0,	0,	NULL,	NULL,	NULL,	1,	NULL,	NULL),
(839,	71,	'newsletter_subject',	'newsletter_subject',	NULL,	'left',	'Subject',	40,	'grid',	1,	0,	0,	NULL,	NULL,	NULL,	1,	NULL,	NULL),
(840,	71,	'status',	'queue_status',	'100px',	'left',	'Status',	50,	'grid',	1,	0,	0,	NULL,	NULL,	NULL,	1,	NULL,	NULL),
(841,	71,	'subscribers_sent',	'subscribers_sent',	NULL,	'left',	'Processed',	60,	'grid',	1,	0,	0,	NULL,	NULL,	NULL,	1,	NULL,	NULL),
(842,	71,	'subscribers_total',	'subscribers_total',	NULL,	'left',	'Recipients',	70,	'grid',	1,	0,	0,	NULL,	NULL,	NULL,	1,	NULL,	NULL),
(843,	71,	'action',	NULL,	'100px',	'left',	'Action',	80,	'grid',	1,	0,	0,	NULL,	NULL,	NULL,	1,	NULL,	NULL);

CREATE TABLE `customgrid_grid_profile` (
  `profile_id` int(10) unsigned NOT NULL AUTO_INCREMENT,
  `grid_id` int(10) unsigned NOT NULL,
  `name` varchar(255) NOT NULL,
  `default_page` int(10) unsigned DEFAULT NULL,
  `default_limit` int(10) unsigned DEFAULT NULL,
  `default_sort` varchar(255) DEFAULT NULL,
  `default_direction` enum('asc','desc') DEFAULT NULL,
  `default_filters` text,
  PRIMARY KEY (`profile_id`),
  KEY `FK_CUSTOM_GRID_GRID_PROFILE_GRID` (`grid_id`),
  CONSTRAINT `FK_CUSTOM_GRID_GRID_PROFILE_GRID` FOREIGN KEY (`grid_id`) REFERENCES `customgrid_grid` (`grid_id`) ON DELETE CASCADE
) ENGINE=InnoDB DEFAULT CHARSET=utf8;


CREATE TABLE `customgrid_grid_role` (
  `grid_role_id` int(10) unsigned NOT NULL AUTO_INCREMENT,
  `grid_id` int(10) unsigned NOT NULL,
  `role_id` int(10) unsigned NOT NULL,
  `permissions` text,
  `default_profile_id` int(10) unsigned DEFAULT NULL,
  `available_profiles` text,
  PRIMARY KEY (`grid_role_id`),
  KEY `FK_CUSTOM_GRID_GRID_ROLE_GRID` (`grid_id`),
  KEY `FK_CUSTOM_GRID_GRID_ROLE_ROLE` (`role_id`),
  KEY `FK_CUSTOM_GRID_GRID_ROLE_DEFAULT_PROFILE` (`default_profile_id`),
  CONSTRAINT `FK_CUSTOM_GRID_GRID_ROLE_DEFAULT_PROFILE` FOREIGN KEY (`default_profile_id`) REFERENCES `customgrid_grid_profile` (`profile_id`) ON DELETE SET NULL,
  CONSTRAINT `FK_CUSTOM_GRID_GRID_ROLE_GRID` FOREIGN KEY (`grid_id`) REFERENCES `customgrid_grid` (`grid_id`) ON DELETE CASCADE,
  CONSTRAINT `FK_CUSTOM_GRID_GRID_ROLE_ROLE` FOREIGN KEY (`role_id`) REFERENCES `admin_role` (`role_id`) ON DELETE CASCADE
) ENGINE=InnoDB DEFAULT CHARSET=utf8;


CREATE TABLE `customgrid_grid_user` (
  `grid_user_id` int(10) unsigned NOT NULL AUTO_INCREMENT,
  `grid_id` int(10) unsigned NOT NULL,
  `user_id` int(10) unsigned NOT NULL,
  `default_profile_id` int(10) unsigned DEFAULT NULL,
  PRIMARY KEY (`grid_user_id`),
  KEY `FK_CUSTOM_GRID_GRID_USER_GRID` (`grid_id`),
  KEY `FK_CUSTOM_GRID_GRID_USER_USER` (`user_id`),
  KEY `FK_CUSTOM_GRID_GRID_USER_DEFAULT_PROFILE` (`default_profile_id`),
  CONSTRAINT `FK_CUSTOM_GRID_GRID_USER_DEFAULT_PROFILE` FOREIGN KEY (`default_profile_id`) REFERENCES `customgrid_grid_profile` (`profile_id`) ON DELETE SET NULL,
  CONSTRAINT `FK_CUSTOM_GRID_GRID_USER_GRID` FOREIGN KEY (`grid_id`) REFERENCES `customgrid_grid` (`grid_id`) ON DELETE CASCADE,
  CONSTRAINT `FK_CUSTOM_GRID_GRID_USER_USER` FOREIGN KEY (`user_id`) REFERENCES `admin_user` (`user_id`) ON DELETE CASCADE
) ENGINE=InnoDB DEFAULT CHARSET=utf8;


CREATE TABLE `customgrid_options_source` (
  `source_id` int(10) unsigned NOT NULL AUTO_INCREMENT,
  `name` varchar(255) NOT NULL,
  `description` text NOT NULL,
  `type` enum('custom_list','mage_model') NOT NULL,
  PRIMARY KEY (`source_id`)
) ENGINE=InnoDB DEFAULT CHARSET=utf8;


CREATE TABLE `customgrid_options_source_model` (
  `model_id` int(10) unsigned NOT NULL AUTO_INCREMENT,
  `source_id` int(10) unsigned NOT NULL,
  `model_name` varchar(255) NOT NULL,
  `model_type` enum('model','resource_model','singleton') NOT NULL,
  `method` varchar(255) NOT NULL,
  `return_type` enum('options_hash','options_array','vo_collection') NOT NULL,
  `value_key` varchar(255) DEFAULT NULL,
  `label_key` varchar(255) DEFAULT NULL,
  PRIMARY KEY (`model_id`),
  KEY `FK_CUSTOMGRID_OPTIONS_SOURCE_MODEL_SOURCE` (`source_id`),
  CONSTRAINT `FK_CUSTOMGRID_OPTIONS_SOURCE_MODEL_SOURCE` FOREIGN KEY (`source_id`) REFERENCES `customgrid_options_source` (`source_id`) ON DELETE CASCADE
) ENGINE=InnoDB DEFAULT CHARSET=utf8;


CREATE TABLE `customgrid_options_source_option` (
  `option_id` int(10) unsigned NOT NULL AUTO_INCREMENT,
  `source_id` int(10) unsigned NOT NULL,
  `value` varchar(255) NOT NULL,
  `label` varchar(255) NOT NULL,
  PRIMARY KEY (`option_id`),
  KEY `FK_CUSTOMGRID_OPTIONS_SOURCE_OPTION_SOURCE` (`source_id`),
  CONSTRAINT `FK_CUSTOMGRID_OPTIONS_SOURCE_OPTION_SOURCE` FOREIGN KEY (`source_id`) REFERENCES `customgrid_options_source` (`source_id`) ON DELETE CASCADE
) ENGINE=InnoDB DEFAULT CHARSET=utf8;


CREATE TABLE `dataflow_batch` (
  `batch_id` int(10) unsigned NOT NULL AUTO_INCREMENT COMMENT 'Batch Id',
  `profile_id` int(10) unsigned NOT NULL DEFAULT '0' COMMENT 'Profile ID',
  `store_id` smallint(5) unsigned NOT NULL DEFAULT '0' COMMENT 'Store Id',
  `adapter` varchar(128) DEFAULT NULL COMMENT 'Adapter',
  `params` text COMMENT 'Parameters',
  `created_at` timestamp NULL DEFAULT NULL COMMENT 'Created At',
  PRIMARY KEY (`batch_id`),
  KEY `IDX_DATAFLOW_BATCH_PROFILE_ID` (`profile_id`),
  KEY `IDX_DATAFLOW_BATCH_STORE_ID` (`store_id`),
  KEY `IDX_DATAFLOW_BATCH_CREATED_AT` (`created_at`),
  CONSTRAINT `FK_DATAFLOW_BATCH_PROFILE_ID_DATAFLOW_PROFILE_PROFILE_ID` FOREIGN KEY (`profile_id`) REFERENCES `dataflow_profile` (`profile_id`) ON DELETE CASCADE ON UPDATE NO ACTION,
  CONSTRAINT `FK_DATAFLOW_BATCH_STORE_ID_CORE_STORE_STORE_ID` FOREIGN KEY (`store_id`) REFERENCES `core_store` (`store_id`) ON DELETE CASCADE ON UPDATE NO ACTION
) ENGINE=InnoDB DEFAULT CHARSET=utf8 COMMENT='Dataflow Batch';


CREATE TABLE `dataflow_batch_export` (
  `batch_export_id` bigint(20) unsigned NOT NULL AUTO_INCREMENT COMMENT 'Batch Export Id',
  `batch_id` int(10) unsigned NOT NULL DEFAULT '0' COMMENT 'Batch Id',
  `batch_data` longtext COMMENT 'Batch Data',
  `status` smallint(5) unsigned NOT NULL DEFAULT '0' COMMENT 'Status',
  PRIMARY KEY (`batch_export_id`),
  KEY `IDX_DATAFLOW_BATCH_EXPORT_BATCH_ID` (`batch_id`),
  CONSTRAINT `FK_DATAFLOW_BATCH_EXPORT_BATCH_ID_DATAFLOW_BATCH_BATCH_ID` FOREIGN KEY (`batch_id`) REFERENCES `dataflow_batch` (`batch_id`) ON DELETE CASCADE ON UPDATE NO ACTION
) ENGINE=InnoDB DEFAULT CHARSET=utf8 COMMENT='Dataflow Batch Export';


CREATE TABLE `dataflow_batch_import` (
  `batch_import_id` bigint(20) unsigned NOT NULL AUTO_INCREMENT COMMENT 'Batch Import Id',
  `batch_id` int(10) unsigned NOT NULL DEFAULT '0' COMMENT 'Batch Id',
  `batch_data` longtext COMMENT 'Batch Data',
  `status` smallint(5) unsigned NOT NULL DEFAULT '0' COMMENT 'Status',
  PRIMARY KEY (`batch_import_id`),
  KEY `IDX_DATAFLOW_BATCH_IMPORT_BATCH_ID` (`batch_id`),
  CONSTRAINT `FK_DATAFLOW_BATCH_IMPORT_BATCH_ID_DATAFLOW_BATCH_BATCH_ID` FOREIGN KEY (`batch_id`) REFERENCES `dataflow_batch` (`batch_id`) ON DELETE CASCADE ON UPDATE NO ACTION
) ENGINE=InnoDB DEFAULT CHARSET=utf8 COMMENT='Dataflow Batch Import';


CREATE TABLE `dataflow_import_data` (
  `import_id` int(11) NOT NULL AUTO_INCREMENT COMMENT 'Import Id',
  `session_id` int(11) DEFAULT NULL COMMENT 'Session Id',
  `serial_number` int(11) NOT NULL DEFAULT '0' COMMENT 'Serial Number',
  `value` text COMMENT 'Value',
  `status` int(11) NOT NULL DEFAULT '0' COMMENT 'Status',
  PRIMARY KEY (`import_id`),
  KEY `IDX_DATAFLOW_IMPORT_DATA_SESSION_ID` (`session_id`),
  CONSTRAINT `FK_DATAFLOW_IMPORT_DATA_SESSION_ID_DATAFLOW_SESSION_SESSION_ID` FOREIGN KEY (`session_id`) REFERENCES `dataflow_session` (`session_id`) ON DELETE NO ACTION ON UPDATE NO ACTION
) ENGINE=InnoDB DEFAULT CHARSET=utf8 COMMENT='Dataflow Import Data';


CREATE TABLE `dataflow_profile` (
  `profile_id` int(10) unsigned NOT NULL AUTO_INCREMENT COMMENT 'Profile Id',
  `name` varchar(255) DEFAULT NULL COMMENT 'Name',
  `created_at` timestamp NULL DEFAULT NULL COMMENT 'Created At',
  `updated_at` timestamp NULL DEFAULT NULL COMMENT 'Updated At',
  `actions_xml` text COMMENT 'Actions Xml',
  `gui_data` text COMMENT 'Gui Data',
  `direction` varchar(6) DEFAULT NULL COMMENT 'Direction',
  `entity_type` varchar(64) DEFAULT NULL COMMENT 'Entity Type',
  `store_id` smallint(5) unsigned NOT NULL DEFAULT '0' COMMENT 'Store Id',
  `data_transfer` varchar(11) DEFAULT NULL COMMENT 'Data Transfer',
  PRIMARY KEY (`profile_id`)
) ENGINE=InnoDB DEFAULT CHARSET=utf8 COMMENT='Dataflow Profile';

INSERT INTO `dataflow_profile` (`profile_id`, `name`, `created_at`, `updated_at`, `actions_xml`, `gui_data`, `direction`, `entity_type`, `store_id`, `data_transfer`) VALUES
(1,	'Export All Products',	'2017-07-17 11:56:15',	'2017-07-17 11:56:15',	'<action type=\"catalog/convert_adapter_product\" method=\"load\">\\r\\n    <var name=\"store\"><![CDATA[0]]></var>\\r\\n</action>\\r\\n\\r\\n<action type=\"catalog/convert_parser_product\" method=\"unparse\">\\r\\n    <var name=\"store\"><![CDATA[0]]></var>\\r\\n</action>\\r\\n\\r\\n<action type=\"dataflow/convert_mapper_column\" method=\"map\">\\r\\n</action>\\r\\n\\r\\n<action type=\"dataflow/convert_parser_csv\" method=\"unparse\">\\r\\n    <var name=\"delimiter\"><![CDATA[,]]></var>\\r\\n    <var name=\"enclose\"><![CDATA[\"]]></var>\\r\\n    <var name=\"fieldnames\">true</var>\\r\\n</action>\\r\\n\\r\\n<action type=\"dataflow/convert_adapter_io\" method=\"save\">\\r\\n    <var name=\"type\">file</var>\\r\\n    <var name=\"path\">var/export</var>\\r\\n    <var name=\"filename\"><![CDATA[export_all_products.csv]]></var>\\r\\n</action>\\r\\n\\r\\n',	'a:5:{s:4:\"file\";a:7:{s:4:\"type\";s:4:\"file\";s:8:\"filename\";s:23:\"export_all_products.csv\";s:4:\"path\";s:10:\"var/export\";s:4:\"host\";s:0:\"\";s:4:\"user\";s:0:\"\";s:8:\"password\";s:0:\"\";s:7:\"passive\";s:0:\"\";}s:5:\"parse\";a:5:{s:4:\"type\";s:3:\"csv\";s:12:\"single_sheet\";s:0:\"\";s:9:\"delimiter\";s:1:\",\";s:7:\"enclose\";s:1:\"\"\";s:10:\"fieldnames\";s:4:\"true\";}s:3:\"map\";a:3:{s:14:\"only_specified\";s:0:\"\";s:7:\"product\";a:2:{s:2:\"db\";a:0:{}s:4:\"file\";a:0:{}}s:8:\"customer\";a:2:{s:2:\"db\";a:0:{}s:4:\"file\";a:0:{}}}s:7:\"product\";a:1:{s:6:\"filter\";a:8:{s:4:\"name\";s:0:\"\";s:3:\"sku\";s:0:\"\";s:4:\"type\";s:1:\"0\";s:13:\"attribute_set\";s:0:\"\";s:5:\"price\";a:2:{s:4:\"from\";s:0:\"\";s:2:\"to\";s:0:\"\";}s:3:\"qty\";a:2:{s:4:\"from\";s:0:\"\";s:2:\"to\";s:0:\"\";}s:10:\"visibility\";s:1:\"0\";s:6:\"status\";s:1:\"0\";}}s:8:\"customer\";a:1:{s:6:\"filter\";a:10:{s:9:\"firstname\";s:0:\"\";s:8:\"lastname\";s:0:\"\";s:5:\"email\";s:0:\"\";s:5:\"group\";s:1:\"0\";s:10:\"adressType\";s:15:\"default_billing\";s:9:\"telephone\";s:0:\"\";s:8:\"postcode\";s:0:\"\";s:7:\"country\";s:0:\"\";s:6:\"region\";s:0:\"\";s:10:\"created_at\";a:2:{s:4:\"from\";s:0:\"\";s:2:\"to\";s:0:\"\";}}}}',	'export',	'product',	0,	'file'),
(2,	'Export Product Stocks',	'2017-07-17 11:56:15',	'2017-07-17 11:56:15',	'<action type=\"catalog/convert_adapter_product\" method=\"load\">\\r\\n    <var name=\"store\"><![CDATA[0]]></var>\\r\\n</action>\\r\\n\\r\\n<action type=\"catalog/convert_parser_product\" method=\"unparse\">\\r\\n    <var name=\"store\"><![CDATA[0]]></var>\\r\\n</action>\\r\\n\\r\\n<action type=\"dataflow/convert_mapper_column\" method=\"map\">\\r\\n</action>\\r\\n\\r\\n<action type=\"dataflow/convert_parser_csv\" method=\"unparse\">\\r\\n    <var name=\"delimiter\"><![CDATA[,]]></var>\\r\\n    <var name=\"enclose\"><![CDATA[\"]]></var>\\r\\n    <var name=\"fieldnames\">true</var>\\r\\n</action>\\r\\n\\r\\n<action type=\"dataflow/convert_adapter_io\" method=\"save\">\\r\\n    <var name=\"type\">file</var>\\r\\n    <var name=\"path\">var/export</var>\\r\\n    <var name=\"filename\"><![CDATA[export_all_products.csv]]></var>\\r\\n</action>\\r\\n\\r\\n',	'a:5:{s:4:\"file\";a:7:{s:4:\"type\";s:4:\"file\";s:8:\"filename\";s:25:\"export_product_stocks.csv\";s:4:\"path\";s:10:\"var/export\";s:4:\"host\";s:0:\"\";s:4:\"user\";s:0:\"\";s:8:\"password\";s:0:\"\";s:7:\"passive\";s:0:\"\";}s:5:\"parse\";a:5:{s:4:\"type\";s:3:\"csv\";s:12:\"single_sheet\";s:0:\"\";s:9:\"delimiter\";s:1:\",\";s:7:\"enclose\";s:1:\"\"\";s:10:\"fieldnames\";s:4:\"true\";}s:3:\"map\";a:3:{s:14:\"only_specified\";s:4:\"true\";s:7:\"product\";a:2:{s:2:\"db\";a:4:{i:1;s:5:\"store\";i:2;s:3:\"sku\";i:3;s:3:\"qty\";i:4;s:11:\"is_in_stock\";}s:4:\"file\";a:4:{i:1;s:5:\"store\";i:2;s:3:\"sku\";i:3;s:3:\"qty\";i:4;s:11:\"is_in_stock\";}}s:8:\"customer\";a:2:{s:2:\"db\";a:0:{}s:4:\"file\";a:0:{}}}s:7:\"product\";a:1:{s:6:\"filter\";a:8:{s:4:\"name\";s:0:\"\";s:3:\"sku\";s:0:\"\";s:4:\"type\";s:1:\"0\";s:13:\"attribute_set\";s:0:\"\";s:5:\"price\";a:2:{s:4:\"from\";s:0:\"\";s:2:\"to\";s:0:\"\";}s:3:\"qty\";a:2:{s:4:\"from\";s:0:\"\";s:2:\"to\";s:0:\"\";}s:10:\"visibility\";s:1:\"0\";s:6:\"status\";s:1:\"0\";}}s:8:\"customer\";a:1:{s:6:\"filter\";a:10:{s:9:\"firstname\";s:0:\"\";s:8:\"lastname\";s:0:\"\";s:5:\"email\";s:0:\"\";s:5:\"group\";s:1:\"0\";s:10:\"adressType\";s:15:\"default_billing\";s:9:\"telephone\";s:0:\"\";s:8:\"postcode\";s:0:\"\";s:7:\"country\";s:0:\"\";s:6:\"region\";s:0:\"\";s:10:\"created_at\";a:2:{s:4:\"from\";s:0:\"\";s:2:\"to\";s:0:\"\";}}}}',	'export',	'product',	0,	'file'),
(3,	'Import All Products',	'2017-07-17 11:56:15',	'2017-07-17 11:56:15',	'<action type=\"dataflow/convert_parser_csv\" method=\"parse\">\\r\\n    <var name=\"delimiter\"><![CDATA[,]]></var>\\r\\n    <var name=\"enclose\"><![CDATA[\"]]></var>\\r\\n    <var name=\"fieldnames\">true</var>\\r\\n    <var name=\"store\"><![CDATA[0]]></var>\\r\\n    <var name=\"adapter\">catalog/convert_adapter_product</var>\\r\\n    <var name=\"method\">parse</var>\\r\\n</action>',	'a:5:{s:4:\"file\";a:7:{s:4:\"type\";s:4:\"file\";s:8:\"filename\";s:23:\"export_all_products.csv\";s:4:\"path\";s:10:\"var/export\";s:4:\"host\";s:0:\"\";s:4:\"user\";s:0:\"\";s:8:\"password\";s:0:\"\";s:7:\"passive\";s:0:\"\";}s:5:\"parse\";a:5:{s:4:\"type\";s:3:\"csv\";s:12:\"single_sheet\";s:0:\"\";s:9:\"delimiter\";s:1:\",\";s:7:\"enclose\";s:1:\"\"\";s:10:\"fieldnames\";s:4:\"true\";}s:3:\"map\";a:3:{s:14:\"only_specified\";s:0:\"\";s:7:\"product\";a:2:{s:2:\"db\";a:0:{}s:4:\"file\";a:0:{}}s:8:\"customer\";a:2:{s:2:\"db\";a:0:{}s:4:\"file\";a:0:{}}}s:7:\"product\";a:1:{s:6:\"filter\";a:8:{s:4:\"name\";s:0:\"\";s:3:\"sku\";s:0:\"\";s:4:\"type\";s:1:\"0\";s:13:\"attribute_set\";s:0:\"\";s:5:\"price\";a:2:{s:4:\"from\";s:0:\"\";s:2:\"to\";s:0:\"\";}s:3:\"qty\";a:2:{s:4:\"from\";s:0:\"\";s:2:\"to\";s:0:\"\";}s:10:\"visibility\";s:1:\"0\";s:6:\"status\";s:1:\"0\";}}s:8:\"customer\";a:1:{s:6:\"filter\";a:10:{s:9:\"firstname\";s:0:\"\";s:8:\"lastname\";s:0:\"\";s:5:\"email\";s:0:\"\";s:5:\"group\";s:1:\"0\";s:10:\"adressType\";s:15:\"default_billing\";s:9:\"telephone\";s:0:\"\";s:8:\"postcode\";s:0:\"\";s:7:\"country\";s:0:\"\";s:6:\"region\";s:0:\"\";s:10:\"created_at\";a:2:{s:4:\"from\";s:0:\"\";s:2:\"to\";s:0:\"\";}}}}',	'import',	'product',	0,	'interactive'),
(4,	'Import Product Stocks',	'2017-07-17 11:56:15',	'2017-07-17 11:56:15',	'<action type=\"dataflow/convert_parser_csv\" method=\"parse\">\\r\\n    <var name=\"delimiter\"><![CDATA[,]]></var>\\r\\n    <var name=\"enclose\"><![CDATA[\"]]></var>\\r\\n    <var name=\"fieldnames\">true</var>\\r\\n    <var name=\"store\"><![CDATA[0]]></var>\\r\\n    <var name=\"adapter\">catalog/convert_adapter_product</var>\\r\\n    <var name=\"method\">parse</var>\\r\\n</action>',	'a:5:{s:4:\"file\";a:7:{s:4:\"type\";s:4:\"file\";s:8:\"filename\";s:18:\"export_product.csv\";s:4:\"path\";s:10:\"var/export\";s:4:\"host\";s:0:\"\";s:4:\"user\";s:0:\"\";s:8:\"password\";s:0:\"\";s:7:\"passive\";s:0:\"\";}s:5:\"parse\";a:5:{s:4:\"type\";s:3:\"csv\";s:12:\"single_sheet\";s:0:\"\";s:9:\"delimiter\";s:1:\",\";s:7:\"enclose\";s:1:\"\"\";s:10:\"fieldnames\";s:4:\"true\";}s:3:\"map\";a:3:{s:14:\"only_specified\";s:0:\"\";s:7:\"product\";a:2:{s:2:\"db\";a:0:{}s:4:\"file\";a:0:{}}s:8:\"customer\";a:2:{s:2:\"db\";a:0:{}s:4:\"file\";a:0:{}}}s:7:\"product\";a:1:{s:6:\"filter\";a:8:{s:4:\"name\";s:0:\"\";s:3:\"sku\";s:0:\"\";s:4:\"type\";s:1:\"0\";s:13:\"attribute_set\";s:0:\"\";s:5:\"price\";a:2:{s:4:\"from\";s:0:\"\";s:2:\"to\";s:0:\"\";}s:3:\"qty\";a:2:{s:4:\"from\";s:0:\"\";s:2:\"to\";s:0:\"\";}s:10:\"visibility\";s:1:\"0\";s:6:\"status\";s:1:\"0\";}}s:8:\"customer\";a:1:{s:6:\"filter\";a:10:{s:9:\"firstname\";s:0:\"\";s:8:\"lastname\";s:0:\"\";s:5:\"email\";s:0:\"\";s:5:\"group\";s:1:\"0\";s:10:\"adressType\";s:15:\"default_billing\";s:9:\"telephone\";s:0:\"\";s:8:\"postcode\";s:0:\"\";s:7:\"country\";s:0:\"\";s:6:\"region\";s:0:\"\";s:10:\"created_at\";a:2:{s:4:\"from\";s:0:\"\";s:2:\"to\";s:0:\"\";}}}}',	'import',	'product',	0,	'interactive'),
(5,	'Export Customers',	'2017-07-17 11:56:16',	'2017-07-17 11:56:16',	'<action type=\"customer/convert_adapter_customer\" method=\"load\">\\r\\n    <var name=\"store\"><![CDATA[0]]></var>\\r\\n    <var name=\"filter/adressType\"><![CDATA[default_billing]]></var>\\r\\n</action>\\r\\n\\r\\n<action type=\"customer/convert_parser_customer\" method=\"unparse\">\\r\\n    <var name=\"store\"><![CDATA[0]]></var>\\r\\n</action>\\r\\n\\r\\n<action type=\"dataflow/convert_mapper_column\" method=\"map\">\\r\\n</action>\\r\\n\\r\\n<action type=\"dataflow/convert_parser_csv\" method=\"unparse\">\\r\\n    <var name=\"delimiter\"><![CDATA[,]]></var>\\r\\n    <var name=\"enclose\"><![CDATA[\"]]></var>\\r\\n    <var name=\"fieldnames\">true</var>\\r\\n</action>\\r\\n\\r\\n<action type=\"dataflow/convert_adapter_io\" method=\"save\">\\r\\n    <var name=\"type\">file</var>\\r\\n    <var name=\"path\">var/export</var>\\r\\n    <var name=\"filename\"><![CDATA[export_customers.csv]]></var>\\r\\n</action>\\r\\n\\r\\n',	'a:5:{s:4:\"file\";a:7:{s:4:\"type\";s:4:\"file\";s:8:\"filename\";s:20:\"export_customers.csv\";s:4:\"path\";s:10:\"var/export\";s:4:\"host\";s:0:\"\";s:4:\"user\";s:0:\"\";s:8:\"password\";s:0:\"\";s:7:\"passive\";s:0:\"\";}s:5:\"parse\";a:5:{s:4:\"type\";s:3:\"csv\";s:12:\"single_sheet\";s:0:\"\";s:9:\"delimiter\";s:1:\",\";s:7:\"enclose\";s:1:\"\"\";s:10:\"fieldnames\";s:4:\"true\";}s:3:\"map\";a:3:{s:14:\"only_specified\";s:0:\"\";s:7:\"product\";a:2:{s:2:\"db\";a:0:{}s:4:\"file\";a:0:{}}s:8:\"customer\";a:2:{s:2:\"db\";a:0:{}s:4:\"file\";a:0:{}}}s:7:\"product\";a:1:{s:6:\"filter\";a:8:{s:4:\"name\";s:0:\"\";s:3:\"sku\";s:0:\"\";s:4:\"type\";s:1:\"0\";s:13:\"attribute_set\";s:0:\"\";s:5:\"price\";a:2:{s:4:\"from\";s:0:\"\";s:2:\"to\";s:0:\"\";}s:3:\"qty\";a:2:{s:4:\"from\";s:0:\"\";s:2:\"to\";s:0:\"\";}s:10:\"visibility\";s:1:\"0\";s:6:\"status\";s:1:\"0\";}}s:8:\"customer\";a:1:{s:6:\"filter\";a:10:{s:9:\"firstname\";s:0:\"\";s:8:\"lastname\";s:0:\"\";s:5:\"email\";s:0:\"\";s:5:\"group\";s:1:\"0\";s:10:\"adressType\";s:15:\"default_billing\";s:9:\"telephone\";s:0:\"\";s:8:\"postcode\";s:0:\"\";s:7:\"country\";s:0:\"\";s:6:\"region\";s:0:\"\";s:10:\"created_at\";a:2:{s:4:\"from\";s:0:\"\";s:2:\"to\";s:0:\"\";}}}}',	'export',	'customer',	0,	'file'),
(6,	'Import Customers',	'2017-07-17 11:56:16',	'2017-07-17 11:56:16',	'<action type=\"dataflow/convert_parser_csv\" method=\"parse\">\\r\\n    <var name=\"delimiter\"><![CDATA[,]]></var>\\r\\n    <var name=\"enclose\"><![CDATA[\"]]></var>\\r\\n    <var name=\"fieldnames\">true</var>\\r\\n    <var name=\"store\"><![CDATA[0]]></var>\\r\\n    <var name=\"adapter\">customer/convert_adapter_customer</var>\\r\\n    <var name=\"method\">parse</var>\\r\\n</action>',	'a:5:{s:4:\"file\";a:7:{s:4:\"type\";s:4:\"file\";s:8:\"filename\";s:19:\"export_customer.csv\";s:4:\"path\";s:10:\"var/export\";s:4:\"host\";s:0:\"\";s:4:\"user\";s:0:\"\";s:8:\"password\";s:0:\"\";s:7:\"passive\";s:0:\"\";}s:5:\"parse\";a:5:{s:4:\"type\";s:3:\"csv\";s:12:\"single_sheet\";s:0:\"\";s:9:\"delimiter\";s:1:\",\";s:7:\"enclose\";s:1:\"\"\";s:10:\"fieldnames\";s:4:\"true\";}s:3:\"map\";a:3:{s:14:\"only_specified\";s:0:\"\";s:7:\"product\";a:2:{s:2:\"db\";a:0:{}s:4:\"file\";a:0:{}}s:8:\"customer\";a:2:{s:2:\"db\";a:0:{}s:4:\"file\";a:0:{}}}s:7:\"product\";a:1:{s:6:\"filter\";a:8:{s:4:\"name\";s:0:\"\";s:3:\"sku\";s:0:\"\";s:4:\"type\";s:1:\"0\";s:13:\"attribute_set\";s:0:\"\";s:5:\"price\";a:2:{s:4:\"from\";s:0:\"\";s:2:\"to\";s:0:\"\";}s:3:\"qty\";a:2:{s:4:\"from\";s:0:\"\";s:2:\"to\";s:0:\"\";}s:10:\"visibility\";s:1:\"0\";s:6:\"status\";s:1:\"0\";}}s:8:\"customer\";a:1:{s:6:\"filter\";a:10:{s:9:\"firstname\";s:0:\"\";s:8:\"lastname\";s:0:\"\";s:5:\"email\";s:0:\"\";s:5:\"group\";s:1:\"0\";s:10:\"adressType\";s:15:\"default_billing\";s:9:\"telephone\";s:0:\"\";s:8:\"postcode\";s:0:\"\";s:7:\"country\";s:0:\"\";s:6:\"region\";s:0:\"\";s:10:\"created_at\";a:2:{s:4:\"from\";s:0:\"\";s:2:\"to\";s:0:\"\";}}}}',	'import',	'customer',	0,	'interactive'),
(7,	'ExportAllOrders',	'2018-01-17 20:57:15',	'2018-03-07 13:35:21',	'<action type=\"IKT_OrderExport_Model_ConvertAdapterOrder\" method=\"load\">\r\n    <var name=\"store\"><![CDATA[0]]></var>\r\n    <var name=\"filter/status\"><![CDATA[processing]]></var>\r\n</action>\r\n\r\n<action type=\"IKT_OrderExport_Model_ConvertParserOrder\" method=\"unparse\">\r\n    <var name=\"store\"><![CDATA[0]]></var>\r\n    <var name=\"url_field\"><![CDATA[0]]></var>\r\n</action>\r\n\r\n<action type=\"IKT_OrderExport_Model_ConvertMapperColumn\" method=\"map\">\r\n    <var name=\"map\">\r\n        <map name=\"Item::Sku\"><![CDATA[ISBN / SKU(Product Number)]]></map>\r\n        <map name=\"Item::Name\"><![CDATA[Title]]></map>\r\n        <map name=\"Item::Quantity\"><![CDATA[Quantity]]></map>\r\n        <map name=\"General::Id\"><![CDATA[Customer PO]]></map>\r\n        <map name=\"General::Customerpoline\"><![CDATA[Customer PO Line #]]></map>\r\n        <map name=\"General::Customeralternatereference\"><![CDATA[Customer Alternate Reference #]]></map>\r\n        <map name=\"Shipping::Method\"><![CDATA[Shipping Method]]></map>\r\n        <map name=\"Shipping_Address::Name_Combined\"><![CDATA[Name / Recipient]]></map>\r\n        <map name=\"Shipping_Address::Street_1\"><![CDATA[Address - Line 1]]></map>\r\n        <map name=\"Shipping_Address::Street_2\"><![CDATA[Address - Line 2]]></map>\r\n        <map name=\"Shipping_Address::City\"><![CDATA[City]]></map>\r\n        <map name=\"Shipping_Address::Province\"><![CDATA[State]]></map>\r\n        <map name=\"Shipping_Address::Postal_Code\"><![CDATA[Postal Code]]></map>\r\n        <map name=\"Shipping_Address::Country_Code\"><![CDATA[Country Code]]></map>\r\n        <map name=\"Shipping_Address::Phone\"><![CDATA[Phone Number]]></map>\r\n    </var>\r\n    <var name=\"_only_specified\">true</var>\r\n</action>\r\n\r\n<action type=\"dataflow/convert_parser_csv\" method=\"unparse\">\r\n    <var name=\"delimiter\"><![CDATA[,]]></var>\r\n    <var name=\"enclose\"><![CDATA[\"]]></var>\r\n    <var name=\"fieldnames\">true</var>\r\n</action>\r\n\r\n<action type=\"IKT_OrderExport_Model_ConvertAdapterIo\" method=\"save\">\r\n    <var name=\"type\">file</var>\r\n    <var name=\"path\">var/export</var>\r\n    <var name=\"appenddate\">true</var>\r\n    <var name=\"statusafter\">No change</var>\r\n    <var name=\"notificationemail\">EDI@lightningsource.com</var>\r\n    <var name=\"notificationemailsubject\"><![CDATA[order export - Pub ID: UNCTUS]]></var>\r\n    <var name=\"notificationemailbody\"><![CDATA[Pub ID: UNCTUS]]></var>\r\n    <var name=\"filename\"><![CDATA[order_export.csv]]></var>\r\n</action>\r\n\r\n',	'a:9:{s:6:\"export\";a:3:{s:13:\"add_url_field\";s:1:\"0\";s:15:\"show_in_actions\";s:0:\"\";s:14:\"run_in_cronjob\";s:0:\"\";}s:6:\"import\";a:2:{s:17:\"number_of_records\";s:1:\"1\";s:17:\"decimal_separator\";s:1:\".\";}s:4:\"file\";a:8:{s:4:\"type\";s:4:\"file\";s:8:\"filename\";s:16:\"order_export.csv\";s:10:\"appenddate\";s:4:\"true\";s:4:\"path\";s:10:\"var/export\";s:4:\"host\";s:0:\"\";s:4:\"user\";s:0:\"\";s:8:\"password\";s:0:\"\";s:7:\"passive\";s:0:\"\";}s:5:\"parse\";a:5:{s:4:\"type\";s:3:\"csv\";s:12:\"single_sheet\";s:0:\"\";s:9:\"delimiter\";s:1:\",\";s:7:\"enclose\";s:1:\"\"\";s:10:\"fieldnames\";s:4:\"true\";}s:3:\"map\";a:4:{s:14:\"only_specified\";s:4:\"true\";s:7:\"product\";a:2:{s:2:\"db\";a:0:{}s:4:\"file\";a:0:{}}s:8:\"customer\";a:2:{s:2:\"db\";a:0:{}s:4:\"file\";a:0:{}}s:5:\"order\";a:3:{s:11:\"db_category\";a:15:{i:1;s:4:\"Item\";i:2;s:4:\"Item\";i:3;s:4:\"Item\";i:4;s:7:\"General\";i:5;s:7:\"General\";i:6;s:7:\"General\";i:7;s:8:\"Shipping\";i:8;s:16:\"Shipping_Address\";i:9;s:16:\"Shipping_Address\";i:10;s:16:\"Shipping_Address\";i:11;s:16:\"Shipping_Address\";i:12;s:16:\"Shipping_Address\";i:13;s:16:\"Shipping_Address\";i:14;s:16:\"Shipping_Address\";i:15;s:16:\"Shipping_Address\";}s:2:\"db\";a:15:{i:1;s:3:\"Sku\";i:2;s:4:\"Name\";i:3;s:8:\"Quantity\";i:4;s:2:\"Id\";i:5;s:14:\"Customerpoline\";i:6;s:26:\"Customeralternatereference\";i:7;s:6:\"Method\";i:8;s:13:\"Name_Combined\";i:9;s:8:\"Street_1\";i:10;s:8:\"Street_2\";i:11;s:4:\"City\";i:12;s:8:\"Province\";i:13;s:11:\"Postal_Code\";i:14;s:12:\"Country_Code\";i:15;s:5:\"Phone\";}s:4:\"file\";a:15:{i:1;s:26:\"ISBN / SKU(Product Number)\";i:2;s:5:\"Title\";i:3;s:8:\"Quantity\";i:4;s:11:\"Customer PO\";i:5;s:18:\"Customer PO Line #\";i:6;s:30:\"Customer Alternate Reference #\";i:7;s:15:\"Shipping Method\";i:8;s:16:\"Name / Recipient\";i:9;s:16:\"Address - Line 1\";i:10;s:16:\"Address - Line 2\";i:11;s:4:\"City\";i:12;s:5:\"State\";i:13;s:11:\"Postal Code\";i:14;s:12:\"Country Code\";i:15;s:12:\"Phone Number\";}}}s:5:\"order\";a:5:{s:11:\"statusafter\";s:9:\"No change\";s:17:\"notificationemail\";s:23:\"EDI@lightningsource.com\";s:24:\"notificationemailsubject\";s:29:\"order export - Pub ID: UNCTUS\";s:21:\"notificationemailbody\";s:14:\"Pub ID: UNCTUS\";s:6:\"filter\";a:3:{s:6:\"status\";s:10:\"processing\";s:4:\"date\";a:2:{s:4:\"from\";s:0:\"\";s:2:\"to\";s:0:\"\";}s:11:\"ordernumber\";a:2:{s:4:\"from\";s:0:\"\";s:2:\"to\";s:0:\"\";}}}s:13:\"individualmap\";a:2:{s:5:\"order\";a:2:{s:2:\"db\";a:0:{}s:4:\"file\";a:0:{}}s:10:\"linecolumn\";s:0:\"\";}s:7:\"product\";a:1:{s:6:\"filter\";a:8:{s:4:\"name\";s:0:\"\";s:3:\"sku\";s:0:\"\";s:4:\"type\";s:1:\"0\";s:13:\"attribute_set\";s:0:\"\";s:5:\"price\";a:2:{s:4:\"from\";s:0:\"\";s:2:\"to\";s:0:\"\";}s:3:\"qty\";a:2:{s:4:\"from\";s:0:\"\";s:2:\"to\";s:0:\"\";}s:10:\"visibility\";s:1:\"0\";s:6:\"status\";s:1:\"0\";}}s:8:\"customer\";a:1:{s:6:\"filter\";a:10:{s:9:\"firstname\";s:0:\"\";s:8:\"lastname\";s:0:\"\";s:5:\"email\";s:0:\"\";s:5:\"group\";s:1:\"0\";s:10:\"adressType\";s:15:\"default_billing\";s:9:\"telephone\";s:0:\"\";s:8:\"postcode\";s:0:\"\";s:7:\"country\";s:0:\"\";s:6:\"region\";s:0:\"\";s:10:\"created_at\";a:2:{s:4:\"from\";s:0:\"\";s:2:\"to\";s:0:\"\";}}}}',	'export',	'order',	0,	'file');

CREATE TABLE `dataflow_profile_history` (
  `history_id` int(10) unsigned NOT NULL AUTO_INCREMENT COMMENT 'History Id',
  `profile_id` int(10) unsigned NOT NULL DEFAULT '0' COMMENT 'Profile Id',
  `action_code` varchar(64) DEFAULT NULL COMMENT 'Action Code',
  `user_id` int(10) unsigned NOT NULL DEFAULT '0' COMMENT 'User Id',
  `performed_at` timestamp NULL DEFAULT NULL COMMENT 'Performed At',
  PRIMARY KEY (`history_id`),
  KEY `IDX_DATAFLOW_PROFILE_HISTORY_PROFILE_ID` (`profile_id`),
  CONSTRAINT `FK_AEA06B0C500063D3CE6EA671AE776645` FOREIGN KEY (`profile_id`) REFERENCES `dataflow_profile` (`profile_id`) ON DELETE CASCADE ON UPDATE CASCADE
) ENGINE=InnoDB DEFAULT CHARSET=utf8 COMMENT='Dataflow Profile History';

INSERT INTO `dataflow_profile_history` (`history_id`, `profile_id`, `action_code`, `user_id`, `performed_at`) VALUES
(1,	1,	'create',	0,	'2017-07-17 11:56:15'),
(2,	2,	'create',	0,	'2017-07-17 11:56:15'),
(3,	3,	'create',	0,	'2017-07-17 11:56:15'),
(4,	4,	'create',	0,	'2017-07-17 11:56:16'),
(5,	5,	'create',	0,	'2017-07-17 11:56:16'),
(6,	6,	'create',	0,	'2017-07-17 11:56:16'),
(7,	7,	'create',	0,	'2018-01-17 20:57:15'),
(8,	7,	'update',	0,	'2018-01-17 20:58:40'),
(9,	7,	'update',	0,	'2018-01-17 21:04:53'),
(10,	7,	'update',	0,	'2018-01-17 21:11:22'),
(11,	7,	'update',	0,	'2018-01-17 21:12:04'),
(12,	7,	'run',	0,	'2018-01-18 14:48:44'),
(13,	7,	'run',	0,	'2018-01-18 18:16:36'),
(14,	7,	'run',	0,	'2018-01-18 18:34:45'),
(15,	7,	'run',	0,	'2018-01-18 18:35:22'),
(16,	7,	'update',	0,	'2018-01-18 18:40:26'),
(17,	7,	'run',	0,	'2018-01-18 18:53:04'),
(18,	7,	'run',	0,	'2018-01-18 18:58:25'),
(19,	7,	'run',	0,	'2018-01-18 18:59:30'),
(20,	7,	'run',	0,	'2018-01-18 19:02:35'),
(21,	7,	'run',	0,	'2018-01-18 19:11:05'),
(22,	7,	'run',	0,	'2018-01-18 19:12:24'),
(23,	7,	'run',	0,	'2018-01-18 19:19:20'),
(24,	7,	'run',	0,	'2018-01-18 19:24:24'),
(25,	7,	'run',	0,	'2018-01-18 19:34:16'),
(26,	7,	'run',	0,	'2018-01-18 19:49:26'),
(27,	7,	'update',	0,	'2018-01-29 14:37:30'),
(28,	7,	'update',	0,	'2018-03-07 13:35:21');

CREATE TABLE `dataflow_session` (
  `session_id` int(11) NOT NULL AUTO_INCREMENT COMMENT 'Session Id',
  `user_id` int(11) NOT NULL COMMENT 'User Id',
  `created_date` timestamp NULL DEFAULT NULL COMMENT 'Created Date',
  `file` varchar(255) DEFAULT NULL COMMENT 'File',
  `type` varchar(32) DEFAULT NULL COMMENT 'Type',
  `direction` varchar(32) DEFAULT NULL COMMENT 'Direction',
  `comment` varchar(255) DEFAULT NULL COMMENT 'Comment',
  PRIMARY KEY (`session_id`)
) ENGINE=InnoDB DEFAULT CHARSET=utf8 COMMENT='Dataflow Session';


CREATE TABLE `design_change` (
  `design_change_id` int(11) NOT NULL AUTO_INCREMENT COMMENT 'Design Change Id',
  `store_id` smallint(5) unsigned NOT NULL DEFAULT '0' COMMENT 'Store Id',
  `design` varchar(255) DEFAULT NULL COMMENT 'Design',
  `date_from` date DEFAULT NULL COMMENT 'First Date of Design Activity',
  `date_to` date DEFAULT NULL COMMENT 'Last Date of Design Activity',
  PRIMARY KEY (`design_change_id`),
  KEY `IDX_DESIGN_CHANGE_STORE_ID` (`store_id`),
  CONSTRAINT `FK_DESIGN_CHANGE_STORE_ID_CORE_STORE_STORE_ID` FOREIGN KEY (`store_id`) REFERENCES `core_store` (`store_id`) ON DELETE CASCADE ON UPDATE CASCADE
) ENGINE=InnoDB DEFAULT CHARSET=utf8 COMMENT='Design Changes';


CREATE TABLE `directory_country` (
  `country_id` varchar(2) NOT NULL DEFAULT '' COMMENT 'Country Id in ISO-2',
  `iso2_code` varchar(2) DEFAULT NULL COMMENT 'Country ISO-2 format',
  `iso3_code` varchar(3) DEFAULT NULL COMMENT 'Country ISO-3',
  PRIMARY KEY (`country_id`)
) ENGINE=InnoDB DEFAULT CHARSET=utf8 COMMENT='Directory Country';

INSERT INTO `directory_country` (`country_id`, `iso2_code`, `iso3_code`) VALUES
('AD',	'AD',	'AND'),
('AE',	'AE',	'ARE'),
('AF',	'AF',	'AFG'),
('AG',	'AG',	'ATG'),
('AI',	'AI',	'AIA'),
('AL',	'AL',	'ALB'),
('AM',	'AM',	'ARM'),
('AN',	'AN',	'ANT'),
('AO',	'AO',	'AGO'),
('AQ',	'AQ',	'ATA'),
('AR',	'AR',	'ARG'),
('AS',	'AS',	'ASM'),
('AT',	'AT',	'AUT'),
('AU',	'AU',	'AUS'),
('AW',	'AW',	'ABW'),
('AX',	'AX',	'ALA'),
('AZ',	'AZ',	'AZE'),
('BA',	'BA',	'BIH'),
('BB',	'BB',	'BRB'),
('BD',	'BD',	'BGD'),
('BE',	'BE',	'BEL'),
('BF',	'BF',	'BFA'),
('BG',	'BG',	'BGR'),
('BH',	'BH',	'BHR'),
('BI',	'BI',	'BDI'),
('BJ',	'BJ',	'BEN'),
('BL',	'BL',	'BLM'),
('BM',	'BM',	'BMU'),
('BN',	'BN',	'BRN'),
('BO',	'BO',	'BOL'),
('BR',	'BR',	'BRA'),
('BS',	'BS',	'BHS'),
('BT',	'BT',	'BTN'),
('BV',	'BV',	'BVT'),
('BW',	'BW',	'BWA'),
('BY',	'BY',	'BLR'),
('BZ',	'BZ',	'BLZ'),
('CA',	'CA',	'CAN'),
('CC',	'CC',	'CCK'),
('CD',	'CD',	'COD'),
('CF',	'CF',	'CAF'),
('CG',	'CG',	'COG'),
('CH',	'CH',	'CHE'),
('CI',	'CI',	'CIV'),
('CK',	'CK',	'COK'),
('CL',	'CL',	'CHL'),
('CM',	'CM',	'CMR'),
('CN',	'CN',	'CHN'),
('CO',	'CO',	'COL'),
('CR',	'CR',	'CRI'),
('CU',	'CU',	'CUB'),
('CV',	'CV',	'CPV'),
('CX',	'CX',	'CXR'),
('CY',	'CY',	'CYP'),
('CZ',	'CZ',	'CZE'),
('DE',	'DE',	'DEU'),
('DJ',	'DJ',	'DJI'),
('DK',	'DK',	'DNK'),
('DM',	'DM',	'DMA'),
('DO',	'DO',	'DOM'),
('DZ',	'DZ',	'DZA'),
('EC',	'EC',	'ECU'),
('EE',	'EE',	'EST'),
('EG',	'EG',	'EGY'),
('EH',	'EH',	'ESH'),
('ER',	'ER',	'ERI'),
('ES',	'ES',	'ESP'),
('ET',	'ET',	'ETH'),
('FI',	'FI',	'FIN'),
('FJ',	'FJ',	'FJI'),
('FK',	'FK',	'FLK'),
('FM',	'FM',	'FSM'),
('FO',	'FO',	'FRO'),
('FR',	'FR',	'FRA'),
('GA',	'GA',	'GAB'),
('GB',	'GB',	'GBR'),
('GD',	'GD',	'GRD'),
('GE',	'GE',	'GEO'),
('GF',	'GF',	'GUF'),
('GG',	'GG',	'GGY'),
('GH',	'GH',	'GHA'),
('GI',	'GI',	'GIB'),
('GL',	'GL',	'GRL'),
('GM',	'GM',	'GMB'),
('GN',	'GN',	'GIN'),
('GP',	'GP',	'GLP'),
('GQ',	'GQ',	'GNQ'),
('GR',	'GR',	'GRC'),
('GS',	'GS',	'SGS'),
('GT',	'GT',	'GTM'),
('GU',	'GU',	'GUM'),
('GW',	'GW',	'GNB'),
('GY',	'GY',	'GUY'),
('HK',	'HK',	'HKG'),
('HM',	'HM',	'HMD'),
('HN',	'HN',	'HND'),
('HR',	'HR',	'HRV'),
('HT',	'HT',	'HTI'),
('HU',	'HU',	'HUN'),
('ID',	'ID',	'IDN'),
('IE',	'IE',	'IRL'),
('IL',	'IL',	'ISR'),
('IM',	'IM',	'IMN'),
('IN',	'IN',	'IND'),
('IO',	'IO',	'IOT'),
('IQ',	'IQ',	'IRQ'),
('IR',	'IR',	'IRN'),
('IS',	'IS',	'ISL'),
('IT',	'IT',	'ITA'),
('JE',	'JE',	'JEY'),
('JM',	'JM',	'JAM'),
('JO',	'JO',	'JOR'),
('JP',	'JP',	'JPN'),
('KE',	'KE',	'KEN'),
('KG',	'KG',	'KGZ'),
('KH',	'KH',	'KHM'),
('KI',	'KI',	'KIR'),
('KM',	'KM',	'COM'),
('KN',	'KN',	'KNA'),
('KP',	'KP',	'PRK'),
('KR',	'KR',	'KOR'),
('KW',	'KW',	'KWT'),
('KY',	'KY',	'CYM'),
('KZ',	'KZ',	'KAZ'),
('LA',	'LA',	'LAO'),
('LB',	'LB',	'LBN'),
('LC',	'LC',	'LCA'),
('LI',	'LI',	'LIE'),
('LK',	'LK',	'LKA'),
('LR',	'LR',	'LBR'),
('LS',	'LS',	'LSO'),
('LT',	'LT',	'LTU'),
('LU',	'LU',	'LUX'),
('LV',	'LV',	'LVA'),
('LY',	'LY',	'LBY'),
('MA',	'MA',	'MAR'),
('MC',	'MC',	'MCO'),
('MD',	'MD',	'MDA'),
('ME',	'ME',	'MNE'),
('MF',	'MF',	'MAF'),
('MG',	'MG',	'MDG'),
('MH',	'MH',	'MHL'),
('MK',	'MK',	'MKD'),
('ML',	'ML',	'MLI'),
('MM',	'MM',	'MMR'),
('MN',	'MN',	'MNG'),
('MO',	'MO',	'MAC'),
('MP',	'MP',	'MNP'),
('MQ',	'MQ',	'MTQ'),
('MR',	'MR',	'MRT'),
('MS',	'MS',	'MSR'),
('MT',	'MT',	'MLT'),
('MU',	'MU',	'MUS'),
('MV',	'MV',	'MDV'),
('MW',	'MW',	'MWI'),
('MX',	'MX',	'MEX'),
('MY',	'MY',	'MYS'),
('MZ',	'MZ',	'MOZ'),
('NA',	'NA',	'NAM'),
('NC',	'NC',	'NCL'),
('NE',	'NE',	'NER'),
('NF',	'NF',	'NFK'),
('NG',	'NG',	'NGA'),
('NI',	'NI',	'NIC'),
('NL',	'NL',	'NLD'),
('NO',	'NO',	'NOR'),
('NP',	'NP',	'NPL'),
('NR',	'NR',	'NRU'),
('NU',	'NU',	'NIU'),
('NZ',	'NZ',	'NZL'),
('OM',	'OM',	'OMN'),
('PA',	'PA',	'PAN'),
('PE',	'PE',	'PER'),
('PF',	'PF',	'PYF'),
('PG',	'PG',	'PNG'),
('PH',	'PH',	'PHL'),
('PK',	'PK',	'PAK'),
('PL',	'PL',	'POL'),
('PM',	'PM',	'SPM'),
('PN',	'PN',	'PCN'),
('PR',	'PR',	'PRI'),
('PS',	'PS',	'PSE'),
('PT',	'PT',	'PRT'),
('PW',	'PW',	'PLW'),
('PY',	'PY',	'PRY'),
('QA',	'QA',	'QAT'),
('RE',	'RE',	'REU'),
('RO',	'RO',	'ROU'),
('RS',	'RS',	'SRB'),
('RU',	'RU',	'RUS'),
('RW',	'RW',	'RWA'),
('SA',	'SA',	'SAU'),
('SB',	'SB',	'SLB'),
('SC',	'SC',	'SYC'),
('SD',	'SD',	'SDN'),
('SE',	'SE',	'SWE'),
('SG',	'SG',	'SGP'),
('SH',	'SH',	'SHN'),
('SI',	'SI',	'SVN'),
('SJ',	'SJ',	'SJM'),
('SK',	'SK',	'SVK'),
('SL',	'SL',	'SLE'),
('SM',	'SM',	'SMR'),
('SN',	'SN',	'SEN'),
('SO',	'SO',	'SOM'),
('SR',	'SR',	'SUR'),
('ST',	'ST',	'STP'),
('SV',	'SV',	'SLV'),
('SY',	'SY',	'SYR'),
('SZ',	'SZ',	'SWZ'),
('TC',	'TC',	'TCA'),
('TD',	'TD',	'TCD'),
('TF',	'TF',	'ATF'),
('TG',	'TG',	'TGO'),
('TH',	'TH',	'THA'),
('TJ',	'TJ',	'TJK'),
('TK',	'TK',	'TKL'),
('TL',	'TL',	'TLS'),
('TM',	'TM',	'TKM'),
('TN',	'TN',	'TUN'),
('TO',	'TO',	'TON'),
('TR',	'TR',	'TUR'),
('TT',	'TT',	'TTO'),
('TV',	'TV',	'TUV'),
('TW',	'TW',	'TWN'),
('TZ',	'TZ',	'TZA'),
('UA',	'UA',	'UKR'),
('UG',	'UG',	'UGA'),
('UM',	'UM',	'UMI'),
('US',	'US',	'USA'),
('UY',	'UY',	'URY'),
('UZ',	'UZ',	'UZB'),
('VA',	'VA',	'VAT'),
('VC',	'VC',	'VCT'),
('VE',	'VE',	'VEN'),
('VG',	'VG',	'VGB'),
('VI',	'VI',	'VIR'),
('VN',	'VN',	'VNM'),
('VU',	'VU',	'VUT'),
('WF',	'WF',	'WLF'),
('WS',	'WS',	'WSM'),
('YE',	'YE',	'YEM'),
('YT',	'YT',	'MYT'),
('ZA',	'ZA',	'ZAF'),
('ZM',	'ZM',	'ZMB'),
('ZW',	'ZW',	'ZWE');

CREATE TABLE `directory_country_format` (
  `country_format_id` int(10) unsigned NOT NULL AUTO_INCREMENT COMMENT 'Country Format Id',
  `country_id` varchar(2) DEFAULT NULL COMMENT 'Country Id in ISO-2',
  `type` varchar(30) DEFAULT NULL COMMENT 'Country Format Type',
  `format` text NOT NULL COMMENT 'Country Format',
  PRIMARY KEY (`country_format_id`),
  UNIQUE KEY `UNQ_DIRECTORY_COUNTRY_FORMAT_COUNTRY_ID_TYPE` (`country_id`,`type`)
) ENGINE=InnoDB DEFAULT CHARSET=utf8 COMMENT='Directory Country Format';


CREATE TABLE `directory_country_region` (
  `region_id` int(10) unsigned NOT NULL AUTO_INCREMENT COMMENT 'Region Id',
  `country_id` varchar(4) NOT NULL DEFAULT '0' COMMENT 'Country Id in ISO-2',
  `code` varchar(32) DEFAULT NULL COMMENT 'Region code',
  `default_name` varchar(255) DEFAULT NULL COMMENT 'Region Name',
  PRIMARY KEY (`region_id`),
  KEY `IDX_DIRECTORY_COUNTRY_REGION_COUNTRY_ID` (`country_id`)
) ENGINE=InnoDB DEFAULT CHARSET=utf8 COMMENT='Directory Country Region';

INSERT INTO `directory_country_region` (`region_id`, `country_id`, `code`, `default_name`) VALUES
(1,	'US',	'AL',	'Alabama'),
(2,	'US',	'AK',	'Alaska'),
(3,	'US',	'AS',	'American Samoa'),
(4,	'US',	'AZ',	'Arizona'),
(5,	'US',	'AR',	'Arkansas'),
(6,	'US',	'AF',	'Armed Forces Africa'),
(7,	'US',	'AA',	'Armed Forces Americas'),
(8,	'US',	'AC',	'Armed Forces Canada'),
(9,	'US',	'AE',	'Armed Forces Europe'),
(10,	'US',	'AM',	'Armed Forces Middle East'),
(11,	'US',	'AP',	'Armed Forces Pacific'),
(12,	'US',	'CA',	'California'),
(13,	'US',	'CO',	'Colorado'),
(14,	'US',	'CT',	'Connecticut'),
(15,	'US',	'DE',	'Delaware'),
(16,	'US',	'DC',	'District of Columbia'),
(17,	'US',	'FM',	'Federated States Of Micronesia'),
(18,	'US',	'FL',	'Florida'),
(19,	'US',	'GA',	'Georgia'),
(20,	'US',	'GU',	'Guam'),
(21,	'US',	'HI',	'Hawaii'),
(22,	'US',	'ID',	'Idaho'),
(23,	'US',	'IL',	'Illinois'),
(24,	'US',	'IN',	'Indiana'),
(25,	'US',	'IA',	'Iowa'),
(26,	'US',	'KS',	'Kansas'),
(27,	'US',	'KY',	'Kentucky'),
(28,	'US',	'LA',	'Louisiana'),
(29,	'US',	'ME',	'Maine'),
(30,	'US',	'MH',	'Marshall Islands'),
(31,	'US',	'MD',	'Maryland'),
(32,	'US',	'MA',	'Massachusetts'),
(33,	'US',	'MI',	'Michigan'),
(34,	'US',	'MN',	'Minnesota'),
(35,	'US',	'MS',	'Mississippi'),
(36,	'US',	'MO',	'Missouri'),
(37,	'US',	'MT',	'Montana'),
(38,	'US',	'NE',	'Nebraska'),
(39,	'US',	'NV',	'Nevada'),
(40,	'US',	'NH',	'New Hampshire'),
(41,	'US',	'NJ',	'New Jersey'),
(42,	'US',	'NM',	'New Mexico'),
(43,	'US',	'NY',	'New York'),
(44,	'US',	'NC',	'North Carolina'),
(45,	'US',	'ND',	'North Dakota'),
(46,	'US',	'MP',	'Northern Mariana Islands'),
(47,	'US',	'OH',	'Ohio'),
(48,	'US',	'OK',	'Oklahoma'),
(49,	'US',	'OR',	'Oregon'),
(50,	'US',	'PW',	'Palau'),
(51,	'US',	'PA',	'Pennsylvania'),
(52,	'US',	'PR',	'Puerto Rico'),
(53,	'US',	'RI',	'Rhode Island'),
(54,	'US',	'SC',	'South Carolina'),
(55,	'US',	'SD',	'South Dakota'),
(56,	'US',	'TN',	'Tennessee'),
(57,	'US',	'TX',	'Texas'),
(58,	'US',	'UT',	'Utah'),
(59,	'US',	'VT',	'Vermont'),
(60,	'US',	'VI',	'Virgin Islands'),
(61,	'US',	'VA',	'Virginia'),
(62,	'US',	'WA',	'Washington'),
(63,	'US',	'WV',	'West Virginia'),
(64,	'US',	'WI',	'Wisconsin'),
(65,	'US',	'WY',	'Wyoming'),
(66,	'CA',	'AB',	'Alberta'),
(67,	'CA',	'BC',	'British Columbia'),
(68,	'CA',	'MB',	'Manitoba'),
(69,	'CA',	'NL',	'Newfoundland and Labrador'),
(70,	'CA',	'NB',	'New Brunswick'),
(71,	'CA',	'NS',	'Nova Scotia'),
(72,	'CA',	'NT',	'Northwest Territories'),
(73,	'CA',	'NU',	'Nunavut'),
(74,	'CA',	'ON',	'Ontario'),
(75,	'CA',	'PE',	'Prince Edward Island'),
(76,	'CA',	'QC',	'Quebec'),
(77,	'CA',	'SK',	'Saskatchewan'),
(78,	'CA',	'YT',	'Yukon Territory'),
(79,	'DE',	'NDS',	'Niedersachsen'),
(80,	'DE',	'BAW',	'Baden-Württemberg'),
(81,	'DE',	'BAY',	'Bayern'),
(82,	'DE',	'BER',	'Berlin'),
(83,	'DE',	'BRG',	'Brandenburg'),
(84,	'DE',	'BRE',	'Bremen'),
(85,	'DE',	'HAM',	'Hamburg'),
(86,	'DE',	'HES',	'Hessen'),
(87,	'DE',	'MEC',	'Mecklenburg-Vorpommern'),
(88,	'DE',	'NRW',	'Nordrhein-Westfalen'),
(89,	'DE',	'RHE',	'Rheinland-Pfalz'),
(90,	'DE',	'SAR',	'Saarland'),
(91,	'DE',	'SAS',	'Sachsen'),
(92,	'DE',	'SAC',	'Sachsen-Anhalt'),
(93,	'DE',	'SCN',	'Schleswig-Holstein'),
(94,	'DE',	'THE',	'Thüringen'),
(95,	'AT',	'WI',	'Wien'),
(96,	'AT',	'NO',	'Niederösterreich'),
(97,	'AT',	'OO',	'Oberösterreich'),
(98,	'AT',	'SB',	'Salzburg'),
(99,	'AT',	'KN',	'Kärnten'),
(100,	'AT',	'ST',	'Steiermark'),
(101,	'AT',	'TI',	'Tirol'),
(102,	'AT',	'BL',	'Burgenland'),
(103,	'AT',	'VB',	'Vorarlberg'),
(104,	'CH',	'AG',	'Aargau'),
(105,	'CH',	'AI',	'Appenzell Innerrhoden'),
(106,	'CH',	'AR',	'Appenzell Ausserrhoden'),
(107,	'CH',	'BE',	'Bern'),
(108,	'CH',	'BL',	'Basel-Landschaft'),
(109,	'CH',	'BS',	'Basel-Stadt'),
(110,	'CH',	'FR',	'Freiburg'),
(111,	'CH',	'GE',	'Genf'),
(112,	'CH',	'GL',	'Glarus'),
(113,	'CH',	'GR',	'Graubünden'),
(114,	'CH',	'JU',	'Jura'),
(115,	'CH',	'LU',	'Luzern'),
(116,	'CH',	'NE',	'Neuenburg'),
(117,	'CH',	'NW',	'Nidwalden'),
(118,	'CH',	'OW',	'Obwalden'),
(119,	'CH',	'SG',	'St. Gallen'),
(120,	'CH',	'SH',	'Schaffhausen'),
(121,	'CH',	'SO',	'Solothurn'),
(122,	'CH',	'SZ',	'Schwyz'),
(123,	'CH',	'TG',	'Thurgau'),
(124,	'CH',	'TI',	'Tessin'),
(125,	'CH',	'UR',	'Uri'),
(126,	'CH',	'VD',	'Waadt'),
(127,	'CH',	'VS',	'Wallis'),
(128,	'CH',	'ZG',	'Zug'),
(129,	'CH',	'ZH',	'Zürich'),
(130,	'ES',	'A Coruсa',	'A Coruña'),
(131,	'ES',	'Alava',	'Alava'),
(132,	'ES',	'Albacete',	'Albacete'),
(133,	'ES',	'Alicante',	'Alicante'),
(134,	'ES',	'Almeria',	'Almeria'),
(135,	'ES',	'Asturias',	'Asturias'),
(136,	'ES',	'Avila',	'Avila'),
(137,	'ES',	'Badajoz',	'Badajoz'),
(138,	'ES',	'Baleares',	'Baleares'),
(139,	'ES',	'Barcelona',	'Barcelona'),
(140,	'ES',	'Burgos',	'Burgos'),
(141,	'ES',	'Caceres',	'Caceres'),
(142,	'ES',	'Cadiz',	'Cadiz'),
(143,	'ES',	'Cantabria',	'Cantabria'),
(144,	'ES',	'Castellon',	'Castellon'),
(145,	'ES',	'Ceuta',	'Ceuta'),
(146,	'ES',	'Ciudad Real',	'Ciudad Real'),
(147,	'ES',	'Cordoba',	'Cordoba'),
(148,	'ES',	'Cuenca',	'Cuenca'),
(149,	'ES',	'Girona',	'Girona'),
(150,	'ES',	'Granada',	'Granada'),
(151,	'ES',	'Guadalajara',	'Guadalajara'),
(152,	'ES',	'Guipuzcoa',	'Guipuzcoa'),
(153,	'ES',	'Huelva',	'Huelva'),
(154,	'ES',	'Huesca',	'Huesca'),
(155,	'ES',	'Jaen',	'Jaen'),
(156,	'ES',	'La Rioja',	'La Rioja'),
(157,	'ES',	'Las Palmas',	'Las Palmas'),
(158,	'ES',	'Leon',	'Leon'),
(159,	'ES',	'Lleida',	'Lleida'),
(160,	'ES',	'Lugo',	'Lugo'),
(161,	'ES',	'Madrid',	'Madrid'),
(162,	'ES',	'Malaga',	'Malaga'),
(163,	'ES',	'Melilla',	'Melilla'),
(164,	'ES',	'Murcia',	'Murcia'),
(165,	'ES',	'Navarra',	'Navarra'),
(166,	'ES',	'Ourense',	'Ourense'),
(167,	'ES',	'Palencia',	'Palencia'),
(168,	'ES',	'Pontevedra',	'Pontevedra'),
(169,	'ES',	'Salamanca',	'Salamanca'),
(170,	'ES',	'Santa Cruz de Tenerife',	'Santa Cruz de Tenerife'),
(171,	'ES',	'Segovia',	'Segovia'),
(172,	'ES',	'Sevilla',	'Sevilla'),
(173,	'ES',	'Soria',	'Soria'),
(174,	'ES',	'Tarragona',	'Tarragona'),
(175,	'ES',	'Teruel',	'Teruel'),
(176,	'ES',	'Toledo',	'Toledo'),
(177,	'ES',	'Valencia',	'Valencia'),
(178,	'ES',	'Valladolid',	'Valladolid'),
(179,	'ES',	'Vizcaya',	'Vizcaya'),
(180,	'ES',	'Zamora',	'Zamora'),
(181,	'ES',	'Zaragoza',	'Zaragoza'),
(182,	'FR',	'1',	'Ain'),
(183,	'FR',	'2',	'Aisne'),
(184,	'FR',	'3',	'Allier'),
(185,	'FR',	'4',	'Alpes-de-Haute-Provence'),
(186,	'FR',	'5',	'Hautes-Alpes'),
(187,	'FR',	'6',	'Alpes-Maritimes'),
(188,	'FR',	'7',	'Ardèche'),
(189,	'FR',	'8',	'Ardennes'),
(190,	'FR',	'9',	'Ariège'),
(191,	'FR',	'10',	'Aube'),
(192,	'FR',	'11',	'Aude'),
(193,	'FR',	'12',	'Aveyron'),
(194,	'FR',	'13',	'Bouches-du-Rhône'),
(195,	'FR',	'14',	'Calvados'),
(196,	'FR',	'15',	'Cantal'),
(197,	'FR',	'16',	'Charente'),
(198,	'FR',	'17',	'Charente-Maritime'),
(199,	'FR',	'18',	'Cher'),
(200,	'FR',	'19',	'Corrèze'),
(201,	'FR',	'2A',	'Corse-du-Sud'),
(202,	'FR',	'2B',	'Haute-Corse'),
(203,	'FR',	'21',	'Côte-d\'Or'),
(204,	'FR',	'22',	'Côtes-d\'Armor'),
(205,	'FR',	'23',	'Creuse'),
(206,	'FR',	'24',	'Dordogne'),
(207,	'FR',	'25',	'Doubs'),
(208,	'FR',	'26',	'Drôme'),
(209,	'FR',	'27',	'Eure'),
(210,	'FR',	'28',	'Eure-et-Loir'),
(211,	'FR',	'29',	'Finistère'),
(212,	'FR',	'30',	'Gard'),
(213,	'FR',	'31',	'Haute-Garonne'),
(214,	'FR',	'32',	'Gers'),
(215,	'FR',	'33',	'Gironde'),
(216,	'FR',	'34',	'Hérault'),
(217,	'FR',	'35',	'Ille-et-Vilaine'),
(218,	'FR',	'36',	'Indre'),
(219,	'FR',	'37',	'Indre-et-Loire'),
(220,	'FR',	'38',	'Isère'),
(221,	'FR',	'39',	'Jura'),
(222,	'FR',	'40',	'Landes'),
(223,	'FR',	'41',	'Loir-et-Cher'),
(224,	'FR',	'42',	'Loire'),
(225,	'FR',	'43',	'Haute-Loire'),
(226,	'FR',	'44',	'Loire-Atlantique'),
(227,	'FR',	'45',	'Loiret'),
(228,	'FR',	'46',	'Lot'),
(229,	'FR',	'47',	'Lot-et-Garonne'),
(230,	'FR',	'48',	'Lozère'),
(231,	'FR',	'49',	'Maine-et-Loire'),
(232,	'FR',	'50',	'Manche'),
(233,	'FR',	'51',	'Marne'),
(234,	'FR',	'52',	'Haute-Marne'),
(235,	'FR',	'53',	'Mayenne'),
(236,	'FR',	'54',	'Meurthe-et-Moselle'),
(237,	'FR',	'55',	'Meuse'),
(238,	'FR',	'56',	'Morbihan'),
(239,	'FR',	'57',	'Moselle'),
(240,	'FR',	'58',	'Nièvre'),
(241,	'FR',	'59',	'Nord'),
(242,	'FR',	'60',	'Oise'),
(243,	'FR',	'61',	'Orne'),
(244,	'FR',	'62',	'Pas-de-Calais'),
(245,	'FR',	'63',	'Puy-de-Dôme'),
(246,	'FR',	'64',	'Pyrénées-Atlantiques'),
(247,	'FR',	'65',	'Hautes-Pyrénées'),
(248,	'FR',	'66',	'Pyrénées-Orientales'),
(249,	'FR',	'67',	'Bas-Rhin'),
(250,	'FR',	'68',	'Haut-Rhin'),
(251,	'FR',	'69',	'Rhône'),
(252,	'FR',	'70',	'Haute-Saône'),
(253,	'FR',	'71',	'Saône-et-Loire'),
(254,	'FR',	'72',	'Sarthe'),
(255,	'FR',	'73',	'Savoie'),
(256,	'FR',	'74',	'Haute-Savoie'),
(257,	'FR',	'75',	'Paris'),
(258,	'FR',	'76',	'Seine-Maritime'),
(259,	'FR',	'77',	'Seine-et-Marne'),
(260,	'FR',	'78',	'Yvelines'),
(261,	'FR',	'79',	'Deux-Sèvres'),
(262,	'FR',	'80',	'Somme'),
(263,	'FR',	'81',	'Tarn'),
(264,	'FR',	'82',	'Tarn-et-Garonne'),
(265,	'FR',	'83',	'Var'),
(266,	'FR',	'84',	'Vaucluse'),
(267,	'FR',	'85',	'Vendée'),
(268,	'FR',	'86',	'Vienne'),
(269,	'FR',	'87',	'Haute-Vienne'),
(270,	'FR',	'88',	'Vosges'),
(271,	'FR',	'89',	'Yonne'),
(272,	'FR',	'90',	'Territoire-de-Belfort'),
(273,	'FR',	'91',	'Essonne'),
(274,	'FR',	'92',	'Hauts-de-Seine'),
(275,	'FR',	'93',	'Seine-Saint-Denis'),
(276,	'FR',	'94',	'Val-de-Marne'),
(277,	'FR',	'95',	'Val-d\'Oise'),
(278,	'RO',	'AB',	'Alba'),
(279,	'RO',	'AR',	'Arad'),
(280,	'RO',	'AG',	'Argeş'),
(281,	'RO',	'BC',	'Bacău'),
(282,	'RO',	'BH',	'Bihor'),
(283,	'RO',	'BN',	'Bistriţa-Năsăud'),
(284,	'RO',	'BT',	'Botoşani'),
(285,	'RO',	'BV',	'Braşov'),
(286,	'RO',	'BR',	'Brăila'),
(287,	'RO',	'B',	'Bucureşti'),
(288,	'RO',	'BZ',	'Buzău'),
(289,	'RO',	'CS',	'Caraş-Severin'),
(290,	'RO',	'CL',	'Călăraşi'),
(291,	'RO',	'CJ',	'Cluj'),
(292,	'RO',	'CT',	'Constanţa'),
(293,	'RO',	'CV',	'Covasna'),
(294,	'RO',	'DB',	'Dâmboviţa'),
(295,	'RO',	'DJ',	'Dolj'),
(296,	'RO',	'GL',	'Galaţi'),
(297,	'RO',	'GR',	'Giurgiu'),
(298,	'RO',	'GJ',	'Gorj'),
(299,	'RO',	'HR',	'Harghita'),
(300,	'RO',	'HD',	'Hunedoara'),
(301,	'RO',	'IL',	'Ialomiţa'),
(302,	'RO',	'IS',	'Iaşi'),
(303,	'RO',	'IF',	'Ilfov'),
(304,	'RO',	'MM',	'Maramureş'),
(305,	'RO',	'MH',	'Mehedinţi'),
(306,	'RO',	'MS',	'Mureş'),
(307,	'RO',	'NT',	'Neamţ'),
(308,	'RO',	'OT',	'Olt'),
(309,	'RO',	'PH',	'Prahova'),
(310,	'RO',	'SM',	'Satu-Mare'),
(311,	'RO',	'SJ',	'Sălaj'),
(312,	'RO',	'SB',	'Sibiu'),
(313,	'RO',	'SV',	'Suceava'),
(314,	'RO',	'TR',	'Teleorman'),
(315,	'RO',	'TM',	'Timiş'),
(316,	'RO',	'TL',	'Tulcea'),
(317,	'RO',	'VS',	'Vaslui'),
(318,	'RO',	'VL',	'Vâlcea'),
(319,	'RO',	'VN',	'Vrancea'),
(320,	'FI',	'Lappi',	'Lappi'),
(321,	'FI',	'Pohjois-Pohjanmaa',	'Pohjois-Pohjanmaa'),
(322,	'FI',	'Kainuu',	'Kainuu'),
(323,	'FI',	'Pohjois-Karjala',	'Pohjois-Karjala'),
(324,	'FI',	'Pohjois-Savo',	'Pohjois-Savo'),
(325,	'FI',	'Etelä-Savo',	'Etelä-Savo'),
(326,	'FI',	'Etelä-Pohjanmaa',	'Etelä-Pohjanmaa'),
(327,	'FI',	'Pohjanmaa',	'Pohjanmaa'),
(328,	'FI',	'Pirkanmaa',	'Pirkanmaa'),
(329,	'FI',	'Satakunta',	'Satakunta'),
(330,	'FI',	'Keski-Pohjanmaa',	'Keski-Pohjanmaa'),
(331,	'FI',	'Keski-Suomi',	'Keski-Suomi'),
(332,	'FI',	'Varsinais-Suomi',	'Varsinais-Suomi'),
(333,	'FI',	'Etelä-Karjala',	'Etelä-Karjala'),
(334,	'FI',	'Päijät-Häme',	'Päijät-Häme'),
(335,	'FI',	'Kanta-Häme',	'Kanta-Häme'),
(336,	'FI',	'Uusimaa',	'Uusimaa'),
(337,	'FI',	'Itä-Uusimaa',	'Itä-Uusimaa'),
(338,	'FI',	'Kymenlaakso',	'Kymenlaakso'),
(339,	'FI',	'Ahvenanmaa',	'Ahvenanmaa'),
(340,	'EE',	'EE-37',	'Harjumaa'),
(341,	'EE',	'EE-39',	'Hiiumaa'),
(342,	'EE',	'EE-44',	'Ida-Virumaa'),
(343,	'EE',	'EE-49',	'Jõgevamaa'),
(344,	'EE',	'EE-51',	'Järvamaa'),
(345,	'EE',	'EE-57',	'Läänemaa'),
(346,	'EE',	'EE-59',	'Lääne-Virumaa'),
(347,	'EE',	'EE-65',	'Põlvamaa'),
(348,	'EE',	'EE-67',	'Pärnumaa'),
(349,	'EE',	'EE-70',	'Raplamaa'),
(350,	'EE',	'EE-74',	'Saaremaa'),
(351,	'EE',	'EE-78',	'Tartumaa'),
(352,	'EE',	'EE-82',	'Valgamaa'),
(353,	'EE',	'EE-84',	'Viljandimaa'),
(354,	'EE',	'EE-86',	'Võrumaa'),
(355,	'LV',	'LV-DGV',	'Daugavpils'),
(356,	'LV',	'LV-JEL',	'Jelgava'),
(357,	'LV',	'Jēkabpils',	'Jēkabpils'),
(358,	'LV',	'LV-JUR',	'Jūrmala'),
(359,	'LV',	'LV-LPX',	'Liepāja'),
(360,	'LV',	'LV-LE',	'Liepājas novads'),
(361,	'LV',	'LV-REZ',	'Rēzekne'),
(362,	'LV',	'LV-RIX',	'Rīga'),
(363,	'LV',	'LV-RI',	'Rīgas novads'),
(364,	'LV',	'Valmiera',	'Valmiera'),
(365,	'LV',	'LV-VEN',	'Ventspils'),
(366,	'LV',	'Aglonas novads',	'Aglonas novads'),
(367,	'LV',	'LV-AI',	'Aizkraukles novads'),
(368,	'LV',	'Aizputes novads',	'Aizputes novads'),
(369,	'LV',	'Aknīstes novads',	'Aknīstes novads'),
(370,	'LV',	'Alojas novads',	'Alojas novads'),
(371,	'LV',	'Alsungas novads',	'Alsungas novads'),
(372,	'LV',	'LV-AL',	'Alūksnes novads'),
(373,	'LV',	'Amatas novads',	'Amatas novads'),
(374,	'LV',	'Apes novads',	'Apes novads'),
(375,	'LV',	'Auces novads',	'Auces novads'),
(376,	'LV',	'Babītes novads',	'Babītes novads'),
(377,	'LV',	'Baldones novads',	'Baldones novads'),
(378,	'LV',	'Baltinavas novads',	'Baltinavas novads'),
(379,	'LV',	'LV-BL',	'Balvu novads'),
(380,	'LV',	'LV-BU',	'Bauskas novads'),
(381,	'LV',	'Beverīnas novads',	'Beverīnas novads'),
(382,	'LV',	'Brocēnu novads',	'Brocēnu novads'),
(383,	'LV',	'Burtnieku novads',	'Burtnieku novads'),
(384,	'LV',	'Carnikavas novads',	'Carnikavas novads'),
(385,	'LV',	'Cesvaines novads',	'Cesvaines novads'),
(386,	'LV',	'Ciblas novads',	'Ciblas novads'),
(387,	'LV',	'LV-CE',	'Cēsu novads'),
(388,	'LV',	'Dagdas novads',	'Dagdas novads'),
(389,	'LV',	'LV-DA',	'Daugavpils novads'),
(390,	'LV',	'LV-DO',	'Dobeles novads'),
(391,	'LV',	'Dundagas novads',	'Dundagas novads'),
(392,	'LV',	'Durbes novads',	'Durbes novads'),
(393,	'LV',	'Engures novads',	'Engures novads'),
(394,	'LV',	'Garkalnes novads',	'Garkalnes novads'),
(395,	'LV',	'Grobiņas novads',	'Grobiņas novads'),
(396,	'LV',	'LV-GU',	'Gulbenes novads'),
(397,	'LV',	'Iecavas novads',	'Iecavas novads'),
(398,	'LV',	'Ikšķiles novads',	'Ikšķiles novads'),
(399,	'LV',	'Ilūkstes novads',	'Ilūkstes novads'),
(400,	'LV',	'Inčukalna novads',	'Inčukalna novads'),
(401,	'LV',	'Jaunjelgavas novads',	'Jaunjelgavas novads'),
(402,	'LV',	'Jaunpiebalgas novads',	'Jaunpiebalgas novads'),
(403,	'LV',	'Jaunpils novads',	'Jaunpils novads'),
(404,	'LV',	'LV-JL',	'Jelgavas novads'),
(405,	'LV',	'LV-JK',	'Jēkabpils novads'),
(406,	'LV',	'Kandavas novads',	'Kandavas novads'),
(407,	'LV',	'Kokneses novads',	'Kokneses novads'),
(408,	'LV',	'Krimuldas novads',	'Krimuldas novads'),
(409,	'LV',	'Krustpils novads',	'Krustpils novads'),
(410,	'LV',	'LV-KR',	'Krāslavas novads'),
(411,	'LV',	'LV-KU',	'Kuldīgas novads'),
(412,	'LV',	'Kārsavas novads',	'Kārsavas novads'),
(413,	'LV',	'Lielvārdes novads',	'Lielvārdes novads'),
(414,	'LV',	'LV-LM',	'Limbažu novads'),
(415,	'LV',	'Lubānas novads',	'Lubānas novads'),
(416,	'LV',	'LV-LU',	'Ludzas novads'),
(417,	'LV',	'Līgatnes novads',	'Līgatnes novads'),
(418,	'LV',	'Līvānu novads',	'Līvānu novads'),
(419,	'LV',	'LV-MA',	'Madonas novads'),
(420,	'LV',	'Mazsalacas novads',	'Mazsalacas novads'),
(421,	'LV',	'Mālpils novads',	'Mālpils novads'),
(422,	'LV',	'Mārupes novads',	'Mārupes novads'),
(423,	'LV',	'Naukšēnu novads',	'Naukšēnu novads'),
(424,	'LV',	'Neretas novads',	'Neretas novads'),
(425,	'LV',	'Nīcas novads',	'Nīcas novads'),
(426,	'LV',	'LV-OG',	'Ogres novads'),
(427,	'LV',	'Olaines novads',	'Olaines novads'),
(428,	'LV',	'Ozolnieku novads',	'Ozolnieku novads'),
(429,	'LV',	'LV-PR',	'Preiļu novads'),
(430,	'LV',	'Priekules novads',	'Priekules novads'),
(431,	'LV',	'Priekuļu novads',	'Priekuļu novads'),
(432,	'LV',	'Pārgaujas novads',	'Pārgaujas novads'),
(433,	'LV',	'Pāvilostas novads',	'Pāvilostas novads'),
(434,	'LV',	'Pļaviņu novads',	'Pļaviņu novads'),
(435,	'LV',	'Raunas novads',	'Raunas novads'),
(436,	'LV',	'Riebiņu novads',	'Riebiņu novads'),
(437,	'LV',	'Rojas novads',	'Rojas novads'),
(438,	'LV',	'Ropažu novads',	'Ropažu novads'),
(439,	'LV',	'Rucavas novads',	'Rucavas novads'),
(440,	'LV',	'Rugāju novads',	'Rugāju novads'),
(441,	'LV',	'Rundāles novads',	'Rundāles novads'),
(442,	'LV',	'LV-RE',	'Rēzeknes novads'),
(443,	'LV',	'Rūjienas novads',	'Rūjienas novads'),
(444,	'LV',	'Salacgrīvas novads',	'Salacgrīvas novads'),
(445,	'LV',	'Salas novads',	'Salas novads'),
(446,	'LV',	'Salaspils novads',	'Salaspils novads'),
(447,	'LV',	'LV-SA',	'Saldus novads'),
(448,	'LV',	'Saulkrastu novads',	'Saulkrastu novads'),
(449,	'LV',	'Siguldas novads',	'Siguldas novads'),
(450,	'LV',	'Skrundas novads',	'Skrundas novads'),
(451,	'LV',	'Skrīveru novads',	'Skrīveru novads'),
(452,	'LV',	'Smiltenes novads',	'Smiltenes novads'),
(453,	'LV',	'Stopiņu novads',	'Stopiņu novads'),
(454,	'LV',	'Strenču novads',	'Strenču novads'),
(455,	'LV',	'Sējas novads',	'Sējas novads'),
(456,	'LV',	'LV-TA',	'Talsu novads'),
(457,	'LV',	'LV-TU',	'Tukuma novads'),
(458,	'LV',	'Tērvetes novads',	'Tērvetes novads'),
(459,	'LV',	'Vaiņodes novads',	'Vaiņodes novads'),
(460,	'LV',	'LV-VK',	'Valkas novads'),
(461,	'LV',	'LV-VM',	'Valmieras novads'),
(462,	'LV',	'Varakļānu novads',	'Varakļānu novads'),
(463,	'LV',	'Vecpiebalgas novads',	'Vecpiebalgas novads'),
(464,	'LV',	'Vecumnieku novads',	'Vecumnieku novads'),
(465,	'LV',	'LV-VE',	'Ventspils novads'),
(466,	'LV',	'Viesītes novads',	'Viesītes novads'),
(467,	'LV',	'Viļakas novads',	'Viļakas novads'),
(468,	'LV',	'Viļānu novads',	'Viļānu novads'),
(469,	'LV',	'Vārkavas novads',	'Vārkavas novads'),
(470,	'LV',	'Zilupes novads',	'Zilupes novads'),
(471,	'LV',	'Ādažu novads',	'Ādažu novads'),
(472,	'LV',	'Ērgļu novads',	'Ērgļu novads'),
(473,	'LV',	'Ķeguma novads',	'Ķeguma novads'),
(474,	'LV',	'Ķekavas novads',	'Ķekavas novads'),
(475,	'LT',	'LT-AL',	'Alytaus Apskritis'),
(476,	'LT',	'LT-KU',	'Kauno Apskritis'),
(477,	'LT',	'LT-KL',	'Klaipėdos Apskritis'),
(478,	'LT',	'LT-MR',	'Marijampolės Apskritis'),
(479,	'LT',	'LT-PN',	'Panevėžio Apskritis'),
(480,	'LT',	'LT-SA',	'Šiaulių Apskritis'),
(481,	'LT',	'LT-TA',	'Tauragės Apskritis'),
(482,	'LT',	'LT-TE',	'Telšių Apskritis'),
(483,	'LT',	'LT-UT',	'Utenos Apskritis'),
(484,	'LT',	'LT-VL',	'Vilniaus Apskritis');

CREATE TABLE `directory_country_region_name` (
  `locale` varchar(8) NOT NULL DEFAULT '' COMMENT 'Locale',
  `region_id` int(10) unsigned NOT NULL DEFAULT '0' COMMENT 'Region Id',
  `name` varchar(255) DEFAULT NULL COMMENT 'Region Name',
  PRIMARY KEY (`locale`,`region_id`),
  KEY `IDX_DIRECTORY_COUNTRY_REGION_NAME_REGION_ID` (`region_id`),
  CONSTRAINT `FK_D7CFDEB379F775328EB6F62695E2B3E1` FOREIGN KEY (`region_id`) REFERENCES `directory_country_region` (`region_id`) ON DELETE CASCADE ON UPDATE CASCADE
) ENGINE=InnoDB DEFAULT CHARSET=utf8 COMMENT='Directory Country Region Name';

INSERT INTO `directory_country_region_name` (`locale`, `region_id`, `name`) VALUES
('en_US',	1,	'Alabama'),
('en_US',	2,	'Alaska'),
('en_US',	3,	'American Samoa'),
('en_US',	4,	'Arizona'),
('en_US',	5,	'Arkansas'),
('en_US',	6,	'Armed Forces Africa'),
('en_US',	7,	'Armed Forces Americas'),
('en_US',	8,	'Armed Forces Canada'),
('en_US',	9,	'Armed Forces Europe'),
('en_US',	10,	'Armed Forces Middle East'),
('en_US',	11,	'Armed Forces Pacific'),
('en_US',	12,	'California'),
('en_US',	13,	'Colorado'),
('en_US',	14,	'Connecticut'),
('en_US',	15,	'Delaware'),
('en_US',	16,	'District of Columbia'),
('en_US',	17,	'Federated States Of Micronesia'),
('en_US',	18,	'Florida'),
('en_US',	19,	'Georgia'),
('en_US',	20,	'Guam'),
('en_US',	21,	'Hawaii'),
('en_US',	22,	'Idaho'),
('en_US',	23,	'Illinois'),
('en_US',	24,	'Indiana'),
('en_US',	25,	'Iowa'),
('en_US',	26,	'Kansas'),
('en_US',	27,	'Kentucky'),
('en_US',	28,	'Louisiana'),
('en_US',	29,	'Maine'),
('en_US',	30,	'Marshall Islands'),
('en_US',	31,	'Maryland'),
('en_US',	32,	'Massachusetts'),
('en_US',	33,	'Michigan'),
('en_US',	34,	'Minnesota'),
('en_US',	35,	'Mississippi'),
('en_US',	36,	'Missouri'),
('en_US',	37,	'Montana'),
('en_US',	38,	'Nebraska'),
('en_US',	39,	'Nevada'),
('en_US',	40,	'New Hampshire'),
('en_US',	41,	'New Jersey'),
('en_US',	42,	'New Mexico'),
('en_US',	43,	'New York'),
('en_US',	44,	'North Carolina'),
('en_US',	45,	'North Dakota'),
('en_US',	46,	'Northern Mariana Islands'),
('en_US',	47,	'Ohio'),
('en_US',	48,	'Oklahoma'),
('en_US',	49,	'Oregon'),
('en_US',	50,	'Palau'),
('en_US',	51,	'Pennsylvania'),
('en_US',	52,	'Puerto Rico'),
('en_US',	53,	'Rhode Island'),
('en_US',	54,	'South Carolina'),
('en_US',	55,	'South Dakota'),
('en_US',	56,	'Tennessee'),
('en_US',	57,	'Texas'),
('en_US',	58,	'Utah'),
('en_US',	59,	'Vermont'),
('en_US',	60,	'Virgin Islands'),
('en_US',	61,	'Virginia'),
('en_US',	62,	'Washington'),
('en_US',	63,	'West Virginia'),
('en_US',	64,	'Wisconsin'),
('en_US',	65,	'Wyoming'),
('en_US',	66,	'Alberta'),
('en_US',	67,	'British Columbia'),
('en_US',	68,	'Manitoba'),
('en_US',	69,	'Newfoundland and Labrador'),
('en_US',	70,	'New Brunswick'),
('en_US',	71,	'Nova Scotia'),
('en_US',	72,	'Northwest Territories'),
('en_US',	73,	'Nunavut'),
('en_US',	74,	'Ontario'),
('en_US',	75,	'Prince Edward Island'),
('en_US',	76,	'Quebec'),
('en_US',	77,	'Saskatchewan'),
('en_US',	78,	'Yukon Territory'),
('en_US',	79,	'Niedersachsen'),
('en_US',	80,	'Baden-Württemberg'),
('en_US',	81,	'Bayern'),
('en_US',	82,	'Berlin'),
('en_US',	83,	'Brandenburg'),
('en_US',	84,	'Bremen'),
('en_US',	85,	'Hamburg'),
('en_US',	86,	'Hessen'),
('en_US',	87,	'Mecklenburg-Vorpommern'),
('en_US',	88,	'Nordrhein-Westfalen'),
('en_US',	89,	'Rheinland-Pfalz'),
('en_US',	90,	'Saarland'),
('en_US',	91,	'Sachsen'),
('en_US',	92,	'Sachsen-Anhalt'),
('en_US',	93,	'Schleswig-Holstein'),
('en_US',	94,	'Thüringen'),
('en_US',	95,	'Wien'),
('en_US',	96,	'Niederösterreich'),
('en_US',	97,	'Oberösterreich'),
('en_US',	98,	'Salzburg'),
('en_US',	99,	'Kärnten'),
('en_US',	100,	'Steiermark'),
('en_US',	101,	'Tirol'),
('en_US',	102,	'Burgenland'),
('en_US',	103,	'Vorarlberg'),
('en_US',	104,	'Aargau'),
('en_US',	105,	'Appenzell Innerrhoden'),
('en_US',	106,	'Appenzell Ausserrhoden'),
('en_US',	107,	'Bern'),
('en_US',	108,	'Basel-Landschaft'),
('en_US',	109,	'Basel-Stadt'),
('en_US',	110,	'Freiburg'),
('en_US',	111,	'Genf'),
('en_US',	112,	'Glarus'),
('en_US',	113,	'Graubünden'),
('en_US',	114,	'Jura'),
('en_US',	115,	'Luzern'),
('en_US',	116,	'Neuenburg'),
('en_US',	117,	'Nidwalden'),
('en_US',	118,	'Obwalden'),
('en_US',	119,	'St. Gallen'),
('en_US',	120,	'Schaffhausen'),
('en_US',	121,	'Solothurn'),
('en_US',	122,	'Schwyz'),
('en_US',	123,	'Thurgau'),
('en_US',	124,	'Tessin'),
('en_US',	125,	'Uri'),
('en_US',	126,	'Waadt'),
('en_US',	127,	'Wallis'),
('en_US',	128,	'Zug'),
('en_US',	129,	'Zürich'),
('en_US',	130,	'A Coruña'),
('en_US',	131,	'Alava'),
('en_US',	132,	'Albacete'),
('en_US',	133,	'Alicante'),
('en_US',	134,	'Almeria'),
('en_US',	135,	'Asturias'),
('en_US',	136,	'Avila'),
('en_US',	137,	'Badajoz'),
('en_US',	138,	'Baleares'),
('en_US',	139,	'Barcelona'),
('en_US',	140,	'Burgos'),
('en_US',	141,	'Caceres'),
('en_US',	142,	'Cadiz'),
('en_US',	143,	'Cantabria'),
('en_US',	144,	'Castellon'),
('en_US',	145,	'Ceuta'),
('en_US',	146,	'Ciudad Real'),
('en_US',	147,	'Cordoba'),
('en_US',	148,	'Cuenca'),
('en_US',	149,	'Girona'),
('en_US',	150,	'Granada'),
('en_US',	151,	'Guadalajara'),
('en_US',	152,	'Guipuzcoa'),
('en_US',	153,	'Huelva'),
('en_US',	154,	'Huesca'),
('en_US',	155,	'Jaen'),
('en_US',	156,	'La Rioja'),
('en_US',	157,	'Las Palmas'),
('en_US',	158,	'Leon'),
('en_US',	159,	'Lleida'),
('en_US',	160,	'Lugo'),
('en_US',	161,	'Madrid'),
('en_US',	162,	'Malaga'),
('en_US',	163,	'Melilla'),
('en_US',	164,	'Murcia'),
('en_US',	165,	'Navarra'),
('en_US',	166,	'Ourense'),
('en_US',	167,	'Palencia'),
('en_US',	168,	'Pontevedra'),
('en_US',	169,	'Salamanca'),
('en_US',	170,	'Santa Cruz de Tenerife'),
('en_US',	171,	'Segovia'),
('en_US',	172,	'Sevilla'),
('en_US',	173,	'Soria'),
('en_US',	174,	'Tarragona'),
('en_US',	175,	'Teruel'),
('en_US',	176,	'Toledo'),
('en_US',	177,	'Valencia'),
('en_US',	178,	'Valladolid'),
('en_US',	179,	'Vizcaya'),
('en_US',	180,	'Zamora'),
('en_US',	181,	'Zaragoza'),
('en_US',	182,	'Ain'),
('en_US',	183,	'Aisne'),
('en_US',	184,	'Allier'),
('en_US',	185,	'Alpes-de-Haute-Provence'),
('en_US',	186,	'Hautes-Alpes'),
('en_US',	187,	'Alpes-Maritimes'),
('en_US',	188,	'Ardèche'),
('en_US',	189,	'Ardennes'),
('en_US',	190,	'Ariège'),
('en_US',	191,	'Aube'),
('en_US',	192,	'Aude'),
('en_US',	193,	'Aveyron'),
('en_US',	194,	'Bouches-du-Rhône'),
('en_US',	195,	'Calvados'),
('en_US',	196,	'Cantal'),
('en_US',	197,	'Charente'),
('en_US',	198,	'Charente-Maritime'),
('en_US',	199,	'Cher'),
('en_US',	200,	'Corrèze'),
('en_US',	201,	'Corse-du-Sud'),
('en_US',	202,	'Haute-Corse'),
('en_US',	203,	'Côte-d\'Or'),
('en_US',	204,	'Côtes-d\'Armor'),
('en_US',	205,	'Creuse'),
('en_US',	206,	'Dordogne'),
('en_US',	207,	'Doubs'),
('en_US',	208,	'Drôme'),
('en_US',	209,	'Eure'),
('en_US',	210,	'Eure-et-Loir'),
('en_US',	211,	'Finistère'),
('en_US',	212,	'Gard'),
('en_US',	213,	'Haute-Garonne'),
('en_US',	214,	'Gers'),
('en_US',	215,	'Gironde'),
('en_US',	216,	'Hérault'),
('en_US',	217,	'Ille-et-Vilaine'),
('en_US',	218,	'Indre'),
('en_US',	219,	'Indre-et-Loire'),
('en_US',	220,	'Isère'),
('en_US',	221,	'Jura'),
('en_US',	222,	'Landes'),
('en_US',	223,	'Loir-et-Cher'),
('en_US',	224,	'Loire'),
('en_US',	225,	'Haute-Loire'),
('en_US',	226,	'Loire-Atlantique'),
('en_US',	227,	'Loiret'),
('en_US',	228,	'Lot'),
('en_US',	229,	'Lot-et-Garonne'),
('en_US',	230,	'Lozère'),
('en_US',	231,	'Maine-et-Loire'),
('en_US',	232,	'Manche'),
('en_US',	233,	'Marne'),
('en_US',	234,	'Haute-Marne'),
('en_US',	235,	'Mayenne'),
('en_US',	236,	'Meurthe-et-Moselle'),
('en_US',	237,	'Meuse'),
('en_US',	238,	'Morbihan'),
('en_US',	239,	'Moselle'),
('en_US',	240,	'Nièvre'),
('en_US',	241,	'Nord'),
('en_US',	242,	'Oise'),
('en_US',	243,	'Orne'),
('en_US',	244,	'Pas-de-Calais'),
('en_US',	245,	'Puy-de-Dôme'),
('en_US',	246,	'Pyrénées-Atlantiques'),
('en_US',	247,	'Hautes-Pyrénées'),
('en_US',	248,	'Pyrénées-Orientales'),
('en_US',	249,	'Bas-Rhin'),
('en_US',	250,	'Haut-Rhin'),
('en_US',	251,	'Rhône'),
('en_US',	252,	'Haute-Saône'),
('en_US',	253,	'Saône-et-Loire'),
('en_US',	254,	'Sarthe'),
('en_US',	255,	'Savoie'),
('en_US',	256,	'Haute-Savoie'),
('en_US',	257,	'Paris'),
('en_US',	258,	'Seine-Maritime'),
('en_US',	259,	'Seine-et-Marne'),
('en_US',	260,	'Yvelines'),
('en_US',	261,	'Deux-Sèvres'),
('en_US',	262,	'Somme'),
('en_US',	263,	'Tarn'),
('en_US',	264,	'Tarn-et-Garonne'),
('en_US',	265,	'Var'),
('en_US',	266,	'Vaucluse'),
('en_US',	267,	'Vendée'),
('en_US',	268,	'Vienne'),
('en_US',	269,	'Haute-Vienne'),
('en_US',	270,	'Vosges'),
('en_US',	271,	'Yonne'),
('en_US',	272,	'Territoire-de-Belfort'),
('en_US',	273,	'Essonne'),
('en_US',	274,	'Hauts-de-Seine'),
('en_US',	275,	'Seine-Saint-Denis'),
('en_US',	276,	'Val-de-Marne'),
('en_US',	277,	'Val-d\'Oise'),
('en_US',	278,	'Alba'),
('en_US',	279,	'Arad'),
('en_US',	280,	'Argeş'),
('en_US',	281,	'Bacău'),
('en_US',	282,	'Bihor'),
('en_US',	283,	'Bistriţa-Năsăud'),
('en_US',	284,	'Botoşani'),
('en_US',	285,	'Braşov'),
('en_US',	286,	'Brăila'),
('en_US',	287,	'Bucureşti'),
('en_US',	288,	'Buzău'),
('en_US',	289,	'Caraş-Severin'),
('en_US',	290,	'Călăraşi'),
('en_US',	291,	'Cluj'),
('en_US',	292,	'Constanţa'),
('en_US',	293,	'Covasna'),
('en_US',	294,	'Dâmboviţa'),
('en_US',	295,	'Dolj'),
('en_US',	296,	'Galaţi'),
('en_US',	297,	'Giurgiu'),
('en_US',	298,	'Gorj'),
('en_US',	299,	'Harghita'),
('en_US',	300,	'Hunedoara'),
('en_US',	301,	'Ialomiţa'),
('en_US',	302,	'Iaşi'),
('en_US',	303,	'Ilfov'),
('en_US',	304,	'Maramureş'),
('en_US',	305,	'Mehedinţi'),
('en_US',	306,	'Mureş'),
('en_US',	307,	'Neamţ'),
('en_US',	308,	'Olt'),
('en_US',	309,	'Prahova'),
('en_US',	310,	'Satu-Mare'),
('en_US',	311,	'Sălaj'),
('en_US',	312,	'Sibiu'),
('en_US',	313,	'Suceava'),
('en_US',	314,	'Teleorman'),
('en_US',	315,	'Timiş'),
('en_US',	316,	'Tulcea'),
('en_US',	317,	'Vaslui'),
('en_US',	318,	'Vâlcea'),
('en_US',	319,	'Vrancea'),
('en_US',	320,	'Lappi'),
('en_US',	321,	'Pohjois-Pohjanmaa'),
('en_US',	322,	'Kainuu'),
('en_US',	323,	'Pohjois-Karjala'),
('en_US',	324,	'Pohjois-Savo'),
('en_US',	325,	'Etelä-Savo'),
('en_US',	326,	'Etelä-Pohjanmaa'),
('en_US',	327,	'Pohjanmaa'),
('en_US',	328,	'Pirkanmaa'),
('en_US',	329,	'Satakunta'),
('en_US',	330,	'Keski-Pohjanmaa'),
('en_US',	331,	'Keski-Suomi'),
('en_US',	332,	'Varsinais-Suomi'),
('en_US',	333,	'Etelä-Karjala'),
('en_US',	334,	'Päijät-Häme'),
('en_US',	335,	'Kanta-Häme'),
('en_US',	336,	'Uusimaa'),
('en_US',	337,	'Itä-Uusimaa'),
('en_US',	338,	'Kymenlaakso'),
('en_US',	339,	'Ahvenanmaa'),
('en_US',	340,	'Harjumaa'),
('en_US',	341,	'Hiiumaa'),
('en_US',	342,	'Ida-Virumaa'),
('en_US',	343,	'Jõgevamaa'),
('en_US',	344,	'Järvamaa'),
('en_US',	345,	'Läänemaa'),
('en_US',	346,	'Lääne-Virumaa'),
('en_US',	347,	'Põlvamaa'),
('en_US',	348,	'Pärnumaa'),
('en_US',	349,	'Raplamaa'),
('en_US',	350,	'Saaremaa'),
('en_US',	351,	'Tartumaa'),
('en_US',	352,	'Valgamaa'),
('en_US',	353,	'Viljandimaa'),
('en_US',	354,	'Võrumaa'),
('en_US',	355,	'Daugavpils'),
('en_US',	356,	'Jelgava'),
('en_US',	357,	'Jēkabpils'),
('en_US',	358,	'Jūrmala'),
('en_US',	359,	'Liepāja'),
('en_US',	360,	'Liepājas novads'),
('en_US',	361,	'Rēzekne'),
('en_US',	362,	'Rīga'),
('en_US',	363,	'Rīgas novads'),
('en_US',	364,	'Valmiera'),
('en_US',	365,	'Ventspils'),
('en_US',	366,	'Aglonas novads'),
('en_US',	367,	'Aizkraukles novads'),
('en_US',	368,	'Aizputes novads'),
('en_US',	369,	'Aknīstes novads'),
('en_US',	370,	'Alojas novads'),
('en_US',	371,	'Alsungas novads'),
('en_US',	372,	'Alūksnes novads'),
('en_US',	373,	'Amatas novads'),
('en_US',	374,	'Apes novads'),
('en_US',	375,	'Auces novads'),
('en_US',	376,	'Babītes novads'),
('en_US',	377,	'Baldones novads'),
('en_US',	378,	'Baltinavas novads'),
('en_US',	379,	'Balvu novads'),
('en_US',	380,	'Bauskas novads'),
('en_US',	381,	'Beverīnas novads'),
('en_US',	382,	'Brocēnu novads'),
('en_US',	383,	'Burtnieku novads'),
('en_US',	384,	'Carnikavas novads'),
('en_US',	385,	'Cesvaines novads'),
('en_US',	386,	'Ciblas novads'),
('en_US',	387,	'Cēsu novads'),
('en_US',	388,	'Dagdas novads'),
('en_US',	389,	'Daugavpils novads'),
('en_US',	390,	'Dobeles novads'),
('en_US',	391,	'Dundagas novads'),
('en_US',	392,	'Durbes novads'),
('en_US',	393,	'Engures novads'),
('en_US',	394,	'Garkalnes novads'),
('en_US',	395,	'Grobiņas novads'),
('en_US',	396,	'Gulbenes novads'),
('en_US',	397,	'Iecavas novads'),
('en_US',	398,	'Ikšķiles novads'),
('en_US',	399,	'Ilūkstes novads'),
('en_US',	400,	'Inčukalna novads'),
('en_US',	401,	'Jaunjelgavas novads'),
('en_US',	402,	'Jaunpiebalgas novads'),
('en_US',	403,	'Jaunpils novads'),
('en_US',	404,	'Jelgavas novads'),
('en_US',	405,	'Jēkabpils novads'),
('en_US',	406,	'Kandavas novads'),
('en_US',	407,	'Kokneses novads'),
('en_US',	408,	'Krimuldas novads'),
('en_US',	409,	'Krustpils novads'),
('en_US',	410,	'Krāslavas novads'),
('en_US',	411,	'Kuldīgas novads'),
('en_US',	412,	'Kārsavas novads'),
('en_US',	413,	'Lielvārdes novads'),
('en_US',	414,	'Limbažu novads'),
('en_US',	415,	'Lubānas novads'),
('en_US',	416,	'Ludzas novads'),
('en_US',	417,	'Līgatnes novads'),
('en_US',	418,	'Līvānu novads'),
('en_US',	419,	'Madonas novads'),
('en_US',	420,	'Mazsalacas novads'),
('en_US',	421,	'Mālpils novads'),
('en_US',	422,	'Mārupes novads'),
('en_US',	423,	'Naukšēnu novads'),
('en_US',	424,	'Neretas novads'),
('en_US',	425,	'Nīcas novads'),
('en_US',	426,	'Ogres novads'),
('en_US',	427,	'Olaines novads'),
('en_US',	428,	'Ozolnieku novads'),
('en_US',	429,	'Preiļu novads'),
('en_US',	430,	'Priekules novads'),
('en_US',	431,	'Priekuļu novads'),
('en_US',	432,	'Pārgaujas novads'),
('en_US',	433,	'Pāvilostas novads'),
('en_US',	434,	'Pļaviņu novads'),
('en_US',	435,	'Raunas novads'),
('en_US',	436,	'Riebiņu novads'),
('en_US',	437,	'Rojas novads'),
('en_US',	438,	'Ropažu novads'),
('en_US',	439,	'Rucavas novads'),
('en_US',	440,	'Rugāju novads'),
('en_US',	441,	'Rundāles novads'),
('en_US',	442,	'Rēzeknes novads'),
('en_US',	443,	'Rūjienas novads'),
('en_US',	444,	'Salacgrīvas novads'),
('en_US',	445,	'Salas novads'),
('en_US',	446,	'Salaspils novads'),
('en_US',	447,	'Saldus novads'),
('en_US',	448,	'Saulkrastu novads'),
('en_US',	449,	'Siguldas novads'),
('en_US',	450,	'Skrundas novads'),
('en_US',	451,	'Skrīveru novads'),
('en_US',	452,	'Smiltenes novads'),
('en_US',	453,	'Stopiņu novads'),
('en_US',	454,	'Strenču novads'),
('en_US',	455,	'Sējas novads'),
('en_US',	456,	'Talsu novads'),
('en_US',	457,	'Tukuma novads'),
('en_US',	458,	'Tērvetes novads'),
('en_US',	459,	'Vaiņodes novads'),
('en_US',	460,	'Valkas novads'),
('en_US',	461,	'Valmieras novads'),
('en_US',	462,	'Varakļānu novads'),
('en_US',	463,	'Vecpiebalgas novads'),
('en_US',	464,	'Vecumnieku novads'),
('en_US',	465,	'Ventspils novads'),
('en_US',	466,	'Viesītes novads'),
('en_US',	467,	'Viļakas novads'),
('en_US',	468,	'Viļānu novads'),
('en_US',	469,	'Vārkavas novads'),
('en_US',	470,	'Zilupes novads'),
('en_US',	471,	'Ādažu novads'),
('en_US',	472,	'Ērgļu novads'),
('en_US',	473,	'Ķeguma novads'),
('en_US',	474,	'Ķekavas novads'),
('en_US',	475,	'Alytaus Apskritis'),
('en_US',	476,	'Kauno Apskritis'),
('en_US',	477,	'Klaipėdos Apskritis'),
('en_US',	478,	'Marijampolės Apskritis'),
('en_US',	479,	'Panevėžio Apskritis'),
('en_US',	480,	'Šiaulių Apskritis'),
('en_US',	481,	'Tauragės Apskritis'),
('en_US',	482,	'Telšių Apskritis'),
('en_US',	483,	'Utenos Apskritis'),
('en_US',	484,	'Vilniaus Apskritis');

CREATE TABLE `directory_currency_rate` (
  `currency_from` varchar(3) NOT NULL DEFAULT '' COMMENT 'Currency Code Convert From',
  `currency_to` varchar(3) NOT NULL DEFAULT '' COMMENT 'Currency Code Convert To',
  `rate` decimal(24,12) NOT NULL DEFAULT '0.000000000000' COMMENT 'Currency Conversion Rate',
  PRIMARY KEY (`currency_from`,`currency_to`),
  KEY `IDX_DIRECTORY_CURRENCY_RATE_CURRENCY_TO` (`currency_to`)
) ENGINE=InnoDB DEFAULT CHARSET=utf8 COMMENT='Directory Currency Rate';

INSERT INTO `directory_currency_rate` (`currency_from`, `currency_to`, `rate`) VALUES
('EUR',	'EUR',	1.000000000000),
('EUR',	'USD',	1.415000000000),
('USD',	'EUR',	0.706700000000),
('USD',	'USD',	1.000000000000);

CREATE TABLE `downloadable_link` (
  `link_id` int(10) unsigned NOT NULL AUTO_INCREMENT COMMENT 'Link ID',
  `product_id` int(10) unsigned NOT NULL DEFAULT '0' COMMENT 'Product ID',
  `sort_order` int(10) unsigned NOT NULL DEFAULT '0' COMMENT 'Sort order',
  `number_of_downloads` int(11) DEFAULT NULL COMMENT 'Number of downloads',
  `is_shareable` smallint(5) unsigned NOT NULL DEFAULT '0' COMMENT 'Shareable flag',
  `link_url` varchar(255) DEFAULT NULL COMMENT 'Link Url',
  `link_file` varchar(255) DEFAULT NULL COMMENT 'Link File',
  `link_type` varchar(20) DEFAULT NULL COMMENT 'Link Type',
  `sample_url` varchar(255) DEFAULT NULL COMMENT 'Sample Url',
  `sample_file` varchar(255) DEFAULT NULL COMMENT 'Sample File',
  `sample_type` varchar(20) DEFAULT NULL COMMENT 'Sample Type',
  PRIMARY KEY (`link_id`),
  KEY `IDX_DOWNLOADABLE_LINK_PRODUCT_ID` (`product_id`),
  KEY `IDX_DOWNLOADABLE_LINK_PRODUCT_ID_SORT_ORDER` (`product_id`,`sort_order`),
  CONSTRAINT `FK_DOWNLOADABLE_LINK_PRODUCT_ID_CATALOG_PRODUCT_ENTITY_ENTITY_ID` FOREIGN KEY (`product_id`) REFERENCES `catalog_product_entity` (`entity_id`) ON DELETE CASCADE ON UPDATE CASCADE
) ENGINE=InnoDB DEFAULT CHARSET=utf8 COMMENT='Downloadable Link Table';


CREATE TABLE `downloadable_link_price` (
  `price_id` int(10) unsigned NOT NULL AUTO_INCREMENT COMMENT 'Price ID',
  `link_id` int(10) unsigned NOT NULL DEFAULT '0' COMMENT 'Link ID',
  `website_id` smallint(5) unsigned NOT NULL DEFAULT '0' COMMENT 'Website ID',
  `price` decimal(12,4) NOT NULL DEFAULT '0.0000' COMMENT 'Price',
  PRIMARY KEY (`price_id`),
  KEY `IDX_DOWNLOADABLE_LINK_PRICE_LINK_ID` (`link_id`),
  KEY `IDX_DOWNLOADABLE_LINK_PRICE_WEBSITE_ID` (`website_id`),
  CONSTRAINT `FK_DOWNLOADABLE_LINK_PRICE_LINK_ID_DOWNLOADABLE_LINK_LINK_ID` FOREIGN KEY (`link_id`) REFERENCES `downloadable_link` (`link_id`) ON DELETE CASCADE ON UPDATE CASCADE,
  CONSTRAINT `FK_DOWNLOADABLE_LINK_PRICE_WEBSITE_ID_CORE_WEBSITE_WEBSITE_ID` FOREIGN KEY (`website_id`) REFERENCES `core_website` (`website_id`) ON DELETE CASCADE ON UPDATE CASCADE
) ENGINE=InnoDB DEFAULT CHARSET=utf8 COMMENT='Downloadable Link Price Table';


CREATE TABLE `downloadable_link_purchased` (
  `purchased_id` int(10) unsigned NOT NULL AUTO_INCREMENT COMMENT 'Purchased ID',
  `order_id` int(10) unsigned DEFAULT '0' COMMENT 'Order ID',
  `order_increment_id` varchar(50) DEFAULT NULL COMMENT 'Order Increment ID',
  `order_item_id` int(10) unsigned NOT NULL DEFAULT '0' COMMENT 'Order Item ID',
  `created_at` timestamp NOT NULL DEFAULT '0000-00-00 00:00:00' COMMENT 'Date of creation',
  `updated_at` timestamp NOT NULL DEFAULT '0000-00-00 00:00:00' COMMENT 'Date of modification',
  `customer_id` int(10) unsigned DEFAULT '0' COMMENT 'Customer ID',
  `product_name` varchar(255) DEFAULT NULL COMMENT 'Product name',
  `product_sku` varchar(255) DEFAULT NULL COMMENT 'Product sku',
  `link_section_title` varchar(255) DEFAULT NULL COMMENT 'Link_section_title',
  PRIMARY KEY (`purchased_id`),
  KEY `IDX_DOWNLOADABLE_LINK_PURCHASED_ORDER_ID` (`order_id`),
  KEY `IDX_DOWNLOADABLE_LINK_PURCHASED_ORDER_ITEM_ID` (`order_item_id`),
  KEY `IDX_DOWNLOADABLE_LINK_PURCHASED_CUSTOMER_ID` (`customer_id`),
  CONSTRAINT `FK_DL_LNK_PURCHASED_CSTR_ID_CSTR_ENTT_ENTT_ID` FOREIGN KEY (`customer_id`) REFERENCES `customer_entity` (`entity_id`) ON DELETE SET NULL ON UPDATE CASCADE,
  CONSTRAINT `FK_DL_LNK_PURCHASED_ORDER_ID_SALES_FLAT_ORDER_ENTT_ID` FOREIGN KEY (`order_id`) REFERENCES `sales_flat_order` (`entity_id`) ON DELETE SET NULL ON UPDATE CASCADE
) ENGINE=InnoDB DEFAULT CHARSET=utf8 COMMENT='Downloadable Link Purchased Table';


CREATE TABLE `downloadable_link_purchased_item` (
  `item_id` int(10) unsigned NOT NULL AUTO_INCREMENT COMMENT 'Item ID',
  `purchased_id` int(10) unsigned NOT NULL DEFAULT '0' COMMENT 'Purchased ID',
  `order_item_id` int(10) unsigned DEFAULT '0' COMMENT 'Order Item ID',
  `product_id` int(10) unsigned DEFAULT '0' COMMENT 'Product ID',
  `link_hash` varchar(255) DEFAULT NULL COMMENT 'Link hash',
  `number_of_downloads_bought` int(10) unsigned NOT NULL DEFAULT '0' COMMENT 'Number of downloads bought',
  `number_of_downloads_used` int(10) unsigned NOT NULL DEFAULT '0' COMMENT 'Number of downloads used',
  `link_id` int(10) unsigned NOT NULL DEFAULT '0' COMMENT 'Link ID',
  `link_title` varchar(255) DEFAULT NULL COMMENT 'Link Title',
  `is_shareable` smallint(5) unsigned NOT NULL DEFAULT '0' COMMENT 'Shareable Flag',
  `link_url` varchar(255) DEFAULT NULL COMMENT 'Link Url',
  `link_file` varchar(255) DEFAULT NULL COMMENT 'Link File',
  `link_type` varchar(255) DEFAULT NULL COMMENT 'Link Type',
  `status` varchar(50) DEFAULT NULL COMMENT 'Status',
  `created_at` timestamp NOT NULL DEFAULT '0000-00-00 00:00:00' COMMENT 'Creation Time',
  `updated_at` timestamp NOT NULL DEFAULT '0000-00-00 00:00:00' COMMENT 'Update Time',
  PRIMARY KEY (`item_id`),
  KEY `IDX_DOWNLOADABLE_LINK_PURCHASED_ITEM_LINK_HASH` (`link_hash`),
  KEY `IDX_DOWNLOADABLE_LINK_PURCHASED_ITEM_ORDER_ITEM_ID` (`order_item_id`),
  KEY `IDX_DOWNLOADABLE_LINK_PURCHASED_ITEM_PURCHASED_ID` (`purchased_id`),
  CONSTRAINT `FK_46CC8E252307CE62F00A8F1887512A39` FOREIGN KEY (`purchased_id`) REFERENCES `downloadable_link_purchased` (`purchased_id`) ON DELETE CASCADE ON UPDATE CASCADE,
  CONSTRAINT `FK_B219BF25756700DEE44550B21220ECCE` FOREIGN KEY (`order_item_id`) REFERENCES `sales_flat_order_item` (`item_id`) ON DELETE SET NULL ON UPDATE CASCADE
) ENGINE=InnoDB DEFAULT CHARSET=utf8 COMMENT='Downloadable Link Purchased Item Table';


CREATE TABLE `downloadable_link_title` (
  `title_id` int(10) unsigned NOT NULL AUTO_INCREMENT COMMENT 'Title ID',
  `link_id` int(10) unsigned NOT NULL DEFAULT '0' COMMENT 'Link ID',
  `store_id` smallint(5) unsigned NOT NULL DEFAULT '0' COMMENT 'Store ID',
  `title` varchar(255) DEFAULT NULL COMMENT 'Title',
  PRIMARY KEY (`title_id`),
  UNIQUE KEY `UNQ_DOWNLOADABLE_LINK_TITLE_LINK_ID_STORE_ID` (`link_id`,`store_id`),
  KEY `IDX_DOWNLOADABLE_LINK_TITLE_LINK_ID` (`link_id`),
  KEY `IDX_DOWNLOADABLE_LINK_TITLE_STORE_ID` (`store_id`),
  CONSTRAINT `FK_DOWNLOADABLE_LINK_TITLE_LINK_ID_DOWNLOADABLE_LINK_LINK_ID` FOREIGN KEY (`link_id`) REFERENCES `downloadable_link` (`link_id`) ON DELETE CASCADE ON UPDATE CASCADE,
  CONSTRAINT `FK_DOWNLOADABLE_LINK_TITLE_STORE_ID_CORE_STORE_STORE_ID` FOREIGN KEY (`store_id`) REFERENCES `core_store` (`store_id`) ON DELETE CASCADE ON UPDATE CASCADE
) ENGINE=InnoDB DEFAULT CHARSET=utf8 COMMENT='Link Title Table';


CREATE TABLE `downloadable_sample` (
  `sample_id` int(10) unsigned NOT NULL AUTO_INCREMENT COMMENT 'Sample ID',
  `product_id` int(10) unsigned NOT NULL DEFAULT '0' COMMENT 'Product ID',
  `sample_url` varchar(255) DEFAULT NULL COMMENT 'Sample URL',
  `sample_file` varchar(255) DEFAULT NULL COMMENT 'Sample file',
  `sample_type` varchar(20) DEFAULT NULL COMMENT 'Sample Type',
  `sort_order` int(10) unsigned NOT NULL DEFAULT '0' COMMENT 'Sort Order',
  PRIMARY KEY (`sample_id`),
  KEY `IDX_DOWNLOADABLE_SAMPLE_PRODUCT_ID` (`product_id`),
  CONSTRAINT `FK_DL_SAMPLE_PRD_ID_CAT_PRD_ENTT_ENTT_ID` FOREIGN KEY (`product_id`) REFERENCES `catalog_product_entity` (`entity_id`) ON DELETE CASCADE ON UPDATE CASCADE
) ENGINE=InnoDB DEFAULT CHARSET=utf8 COMMENT='Downloadable Sample Table';


CREATE TABLE `downloadable_sample_title` (
  `title_id` int(10) unsigned NOT NULL AUTO_INCREMENT COMMENT 'Title ID',
  `sample_id` int(10) unsigned NOT NULL DEFAULT '0' COMMENT 'Sample ID',
  `store_id` smallint(5) unsigned NOT NULL DEFAULT '0' COMMENT 'Store ID',
  `title` varchar(255) DEFAULT NULL COMMENT 'Title',
  PRIMARY KEY (`title_id`),
  UNIQUE KEY `UNQ_DOWNLOADABLE_SAMPLE_TITLE_SAMPLE_ID_STORE_ID` (`sample_id`,`store_id`),
  KEY `IDX_DOWNLOADABLE_SAMPLE_TITLE_SAMPLE_ID` (`sample_id`),
  KEY `IDX_DOWNLOADABLE_SAMPLE_TITLE_STORE_ID` (`store_id`),
  CONSTRAINT `FK_DL_SAMPLE_TTL_SAMPLE_ID_DL_SAMPLE_SAMPLE_ID` FOREIGN KEY (`sample_id`) REFERENCES `downloadable_sample` (`sample_id`) ON DELETE CASCADE ON UPDATE CASCADE,
  CONSTRAINT `FK_DOWNLOADABLE_SAMPLE_TITLE_STORE_ID_CORE_STORE_STORE_ID` FOREIGN KEY (`store_id`) REFERENCES `core_store` (`store_id`) ON DELETE CASCADE ON UPDATE CASCADE
) ENGINE=InnoDB DEFAULT CHARSET=utf8 COMMENT='Downloadable Sample Title Table';


CREATE TABLE `eav_attribute` (
  `attribute_id` smallint(5) unsigned NOT NULL AUTO_INCREMENT COMMENT 'Attribute Id',
  `entity_type_id` smallint(5) unsigned NOT NULL DEFAULT '0' COMMENT 'Entity Type Id',
  `attribute_code` varchar(255) DEFAULT NULL COMMENT 'Attribute Code',
  `attribute_model` varchar(255) DEFAULT NULL COMMENT 'Attribute Model',
  `backend_model` varchar(255) DEFAULT NULL COMMENT 'Backend Model',
  `backend_type` varchar(8) NOT NULL DEFAULT 'static' COMMENT 'Backend Type',
  `backend_table` varchar(255) DEFAULT NULL COMMENT 'Backend Table',
  `frontend_model` varchar(255) DEFAULT NULL COMMENT 'Frontend Model',
  `frontend_input` varchar(50) DEFAULT NULL COMMENT 'Frontend Input',
  `frontend_label` varchar(255) DEFAULT NULL COMMENT 'Frontend Label',
  `frontend_class` varchar(255) DEFAULT NULL COMMENT 'Frontend Class',
  `source_model` varchar(255) DEFAULT NULL COMMENT 'Source Model',
  `is_required` smallint(5) unsigned NOT NULL DEFAULT '0' COMMENT 'Defines Is Required',
  `is_user_defined` smallint(5) unsigned NOT NULL DEFAULT '0' COMMENT 'Defines Is User Defined',
  `default_value` text COMMENT 'Default Value',
  `is_unique` smallint(5) unsigned NOT NULL DEFAULT '0' COMMENT 'Defines Is Unique',
  `note` varchar(255) DEFAULT NULL COMMENT 'Note',
  PRIMARY KEY (`attribute_id`),
  UNIQUE KEY `UNQ_EAV_ATTRIBUTE_ENTITY_TYPE_ID_ATTRIBUTE_CODE` (`entity_type_id`,`attribute_code`),
  KEY `IDX_EAV_ATTRIBUTE_ENTITY_TYPE_ID` (`entity_type_id`),
  CONSTRAINT `FK_EAV_ATTRIBUTE_ENTITY_TYPE_ID_EAV_ENTITY_TYPE_ENTITY_TYPE_ID` FOREIGN KEY (`entity_type_id`) REFERENCES `eav_entity_type` (`entity_type_id`) ON DELETE CASCADE ON UPDATE CASCADE
) ENGINE=InnoDB DEFAULT CHARSET=utf8 COMMENT='Eav Attribute';

INSERT INTO `eav_attribute` (`attribute_id`, `entity_type_id`, `attribute_code`, `attribute_model`, `backend_model`, `backend_type`, `backend_table`, `frontend_model`, `frontend_input`, `frontend_label`, `frontend_class`, `source_model`, `is_required`, `is_user_defined`, `default_value`, `is_unique`, `note`) VALUES
(1,	1,	'website_id',	NULL,	'customer/customer_attribute_backend_website',	'static',	NULL,	NULL,	'select',	'Associate to Website',	NULL,	'customer/customer_attribute_source_website',	1,	0,	NULL,	0,	NULL),
(2,	1,	'store_id',	NULL,	'customer/customer_attribute_backend_store',	'static',	NULL,	NULL,	'select',	'Create In',	NULL,	'customer/customer_attribute_source_store',	1,	0,	NULL,	0,	NULL),
(3,	1,	'created_in',	NULL,	NULL,	'varchar',	NULL,	NULL,	'text',	'Created From',	NULL,	NULL,	0,	0,	NULL,	0,	NULL),
(4,	1,	'prefix',	NULL,	NULL,	'varchar',	NULL,	NULL,	'text',	'Prefix',	NULL,	NULL,	0,	0,	NULL,	0,	NULL),
(5,	1,	'firstname',	NULL,	NULL,	'varchar',	NULL,	NULL,	'text',	'First Name',	NULL,	NULL,	1,	0,	NULL,	0,	NULL),
(6,	1,	'middlename',	NULL,	NULL,	'varchar',	NULL,	NULL,	'text',	'Middle Name/Initial',	NULL,	NULL,	0,	0,	NULL,	0,	NULL),
(7,	1,	'lastname',	NULL,	NULL,	'varchar',	NULL,	NULL,	'text',	'Last Name',	NULL,	NULL,	1,	0,	NULL,	0,	NULL),
(8,	1,	'suffix',	NULL,	NULL,	'varchar',	NULL,	NULL,	'text',	'Suffix',	NULL,	NULL,	0,	0,	NULL,	0,	NULL),
(9,	1,	'email',	NULL,	NULL,	'static',	NULL,	NULL,	'text',	'Email',	NULL,	NULL,	1,	0,	NULL,	0,	NULL),
(10,	1,	'group_id',	NULL,	NULL,	'static',	NULL,	NULL,	'select',	'Group',	NULL,	'customer/customer_attribute_source_group',	1,	0,	NULL,	0,	NULL),
(11,	1,	'dob',	NULL,	'eav/entity_attribute_backend_datetime',	'datetime',	NULL,	'eav/entity_attribute_frontend_datetime',	'date',	'Date Of Birth',	NULL,	NULL,	0,	0,	NULL,	0,	NULL),
(12,	1,	'password_hash',	NULL,	'customer/customer_attribute_backend_password',	'varchar',	NULL,	NULL,	'hidden',	NULL,	NULL,	NULL,	0,	0,	NULL,	0,	NULL),
(13,	1,	'default_billing',	NULL,	'customer/customer_attribute_backend_billing',	'int',	NULL,	NULL,	'text',	'Default Billing Address',	NULL,	NULL,	0,	0,	NULL,	0,	NULL),
(14,	1,	'default_shipping',	NULL,	'customer/customer_attribute_backend_shipping',	'int',	NULL,	NULL,	'text',	'Default Shipping Address',	NULL,	NULL,	0,	0,	NULL,	0,	NULL),
(15,	1,	'taxvat',	NULL,	NULL,	'varchar',	NULL,	NULL,	'text',	'Tax/VAT Number',	NULL,	NULL,	0,	0,	NULL,	0,	NULL),
(16,	1,	'confirmation',	NULL,	NULL,	'varchar',	NULL,	NULL,	'text',	'Is Confirmed',	NULL,	NULL,	0,	0,	NULL,	0,	NULL),
(17,	1,	'created_at',	NULL,	NULL,	'static',	NULL,	NULL,	'datetime',	'Created At',	NULL,	NULL,	0,	0,	NULL,	0,	NULL),
(18,	1,	'gender',	NULL,	NULL,	'int',	NULL,	NULL,	'select',	'Gender',	NULL,	'eav/entity_attribute_source_table',	0,	0,	NULL,	0,	NULL),
(19,	2,	'prefix',	NULL,	NULL,	'varchar',	NULL,	NULL,	'text',	'Prefix',	NULL,	NULL,	0,	0,	NULL,	0,	NULL),
(20,	2,	'firstname',	NULL,	NULL,	'varchar',	NULL,	NULL,	'text',	'First Name',	NULL,	NULL,	1,	0,	NULL,	0,	NULL),
(21,	2,	'middlename',	NULL,	NULL,	'varchar',	NULL,	NULL,	'text',	'Middle Name/Initial',	NULL,	NULL,	0,	0,	NULL,	0,	NULL),
(22,	2,	'lastname',	NULL,	NULL,	'varchar',	NULL,	NULL,	'text',	'Last Name',	NULL,	NULL,	1,	0,	NULL,	0,	NULL),
(23,	2,	'suffix',	NULL,	NULL,	'varchar',	NULL,	NULL,	'text',	'Suffix',	NULL,	NULL,	0,	0,	NULL,	0,	NULL),
(24,	2,	'company',	NULL,	NULL,	'varchar',	NULL,	NULL,	'text',	'Company',	NULL,	NULL,	0,	0,	NULL,	0,	NULL),
(25,	2,	'street',	NULL,	'customer/entity_address_attribute_backend_street',	'text',	NULL,	NULL,	'multiline',	'Street Address',	NULL,	NULL,	1,	0,	NULL,	0,	NULL),
(26,	2,	'city',	NULL,	NULL,	'varchar',	NULL,	NULL,	'text',	'City',	NULL,	NULL,	1,	0,	NULL,	0,	NULL),
(27,	2,	'country_id',	NULL,	NULL,	'varchar',	NULL,	NULL,	'select',	'Country',	NULL,	'customer/entity_address_attribute_source_country',	1,	0,	NULL,	0,	NULL),
(28,	2,	'region',	NULL,	'customer/entity_address_attribute_backend_region',	'varchar',	NULL,	NULL,	'text',	'State/Province',	NULL,	NULL,	0,	0,	NULL,	0,	NULL),
(29,	2,	'region_id',	NULL,	NULL,	'int',	NULL,	NULL,	'hidden',	'State/Province',	NULL,	'customer/entity_address_attribute_source_region',	0,	0,	NULL,	0,	NULL),
(30,	2,	'postcode',	NULL,	NULL,	'varchar',	NULL,	NULL,	'text',	'Zip/Postal Code',	NULL,	NULL,	1,	0,	NULL,	0,	NULL),
(31,	2,	'telephone',	NULL,	NULL,	'varchar',	NULL,	NULL,	'text',	'Telephone',	NULL,	NULL,	1,	0,	NULL,	0,	NULL),
(32,	2,	'fax',	NULL,	NULL,	'varchar',	NULL,	NULL,	'text',	'Fax',	NULL,	NULL,	0,	0,	NULL,	0,	NULL),
(33,	1,	'rp_token',	NULL,	NULL,	'varchar',	NULL,	NULL,	'hidden',	NULL,	NULL,	NULL,	0,	0,	NULL,	0,	NULL),
(34,	1,	'rp_token_created_at',	NULL,	NULL,	'datetime',	NULL,	NULL,	'date',	NULL,	NULL,	NULL,	0,	0,	NULL,	0,	NULL),
(35,	1,	'disable_auto_group_change',	NULL,	'customer/attribute_backend_data_boolean',	'static',	NULL,	NULL,	'boolean',	'Disable Automatic Group Change Based on VAT ID',	NULL,	NULL,	0,	0,	NULL,	0,	NULL),
(36,	2,	'vat_id',	NULL,	NULL,	'varchar',	NULL,	NULL,	'text',	'VAT number',	NULL,	NULL,	0,	0,	NULL,	0,	NULL),
(37,	2,	'vat_is_valid',	NULL,	NULL,	'int',	NULL,	NULL,	'text',	'VAT number validity',	NULL,	NULL,	0,	0,	NULL,	0,	NULL),
(38,	2,	'vat_request_id',	NULL,	NULL,	'varchar',	NULL,	NULL,	'text',	'VAT number validation request ID',	NULL,	NULL,	0,	0,	NULL,	0,	NULL),
(39,	2,	'vat_request_date',	NULL,	NULL,	'varchar',	NULL,	NULL,	'text',	'VAT number validation request date',	NULL,	NULL,	0,	0,	NULL,	0,	NULL),
(40,	2,	'vat_request_success',	NULL,	NULL,	'int',	NULL,	NULL,	'text',	'VAT number validation request success',	NULL,	NULL,	0,	0,	NULL,	0,	NULL),
(41,	3,	'name',	NULL,	NULL,	'varchar',	NULL,	NULL,	'text',	'Name',	NULL,	NULL,	1,	0,	NULL,	0,	NULL),
(42,	3,	'is_active',	NULL,	NULL,	'int',	NULL,	NULL,	'select',	'Is Active',	NULL,	'eav/entity_attribute_source_boolean',	1,	0,	NULL,	0,	NULL),
(43,	3,	'url_key',	NULL,	'catalog/category_attribute_backend_urlkey',	'varchar',	NULL,	NULL,	'text',	'URL Key',	NULL,	NULL,	0,	0,	NULL,	0,	NULL),
(44,	3,	'description',	NULL,	NULL,	'text',	NULL,	NULL,	'textarea',	'Description',	NULL,	NULL,	0,	0,	NULL,	0,	NULL),
(45,	3,	'image',	NULL,	'catalog/category_attribute_backend_image',	'varchar',	NULL,	NULL,	'image',	'Image',	NULL,	NULL,	0,	0,	NULL,	0,	NULL),
(46,	3,	'meta_title',	NULL,	NULL,	'varchar',	NULL,	NULL,	'text',	'Page Title',	NULL,	NULL,	0,	0,	NULL,	0,	NULL),
(47,	3,	'meta_keywords',	NULL,	NULL,	'text',	NULL,	NULL,	'textarea',	'Meta Keywords',	NULL,	NULL,	0,	0,	NULL,	0,	NULL),
(48,	3,	'meta_description',	NULL,	NULL,	'text',	NULL,	NULL,	'textarea',	'Meta Description',	NULL,	NULL,	0,	0,	NULL,	0,	NULL),
(49,	3,	'display_mode',	NULL,	NULL,	'varchar',	NULL,	NULL,	'select',	'Display Mode',	NULL,	'catalog/category_attribute_source_mode',	0,	0,	NULL,	0,	NULL),
(50,	3,	'landing_page',	NULL,	NULL,	'int',	NULL,	NULL,	'select',	'CMS Block',	NULL,	'catalog/category_attribute_source_page',	0,	0,	NULL,	0,	NULL),
(51,	3,	'is_anchor',	NULL,	NULL,	'int',	NULL,	NULL,	'select',	'Is Anchor',	NULL,	'eav/entity_attribute_source_boolean',	0,	0,	NULL,	0,	NULL),
(52,	3,	'path',	NULL,	NULL,	'static',	NULL,	NULL,	'text',	'Path',	NULL,	NULL,	0,	0,	NULL,	0,	NULL),
(53,	3,	'position',	NULL,	NULL,	'static',	NULL,	NULL,	'text',	'Position',	NULL,	NULL,	0,	0,	NULL,	0,	NULL),
(54,	3,	'all_children',	NULL,	NULL,	'text',	NULL,	NULL,	'text',	NULL,	NULL,	NULL,	0,	0,	NULL,	0,	NULL),
(55,	3,	'path_in_store',	NULL,	NULL,	'text',	NULL,	NULL,	'text',	NULL,	NULL,	NULL,	0,	0,	NULL,	0,	NULL),
(56,	3,	'children',	NULL,	NULL,	'text',	NULL,	NULL,	'text',	NULL,	NULL,	NULL,	0,	0,	NULL,	0,	NULL),
(57,	3,	'url_path',	NULL,	NULL,	'varchar',	NULL,	NULL,	'text',	NULL,	NULL,	NULL,	0,	0,	NULL,	0,	NULL),
(58,	3,	'custom_design',	NULL,	NULL,	'varchar',	NULL,	NULL,	'select',	'Custom Design',	NULL,	'core/design_source_design',	0,	0,	NULL,	0,	NULL),
(59,	3,	'custom_design_from',	NULL,	'eav/entity_attribute_backend_datetime',	'datetime',	NULL,	NULL,	'date',	'Active From',	NULL,	NULL,	0,	0,	NULL,	0,	NULL),
(60,	3,	'custom_design_to',	NULL,	'eav/entity_attribute_backend_datetime',	'datetime',	NULL,	NULL,	'date',	'Active To',	NULL,	NULL,	0,	0,	NULL,	0,	NULL),
(61,	3,	'page_layout',	NULL,	NULL,	'varchar',	NULL,	NULL,	'select',	'Page Layout',	NULL,	'catalog/category_attribute_source_layout',	0,	0,	NULL,	0,	NULL),
(62,	3,	'custom_layout_update',	NULL,	'catalog/attribute_backend_customlayoutupdate',	'text',	NULL,	NULL,	'textarea',	'Custom Layout Update',	NULL,	NULL,	0,	0,	NULL,	0,	NULL),
(63,	3,	'level',	NULL,	NULL,	'static',	NULL,	NULL,	'text',	'Level',	NULL,	NULL,	0,	0,	NULL,	0,	NULL),
(64,	3,	'children_count',	NULL,	NULL,	'static',	NULL,	NULL,	'text',	'Children Count',	NULL,	NULL,	0,	0,	NULL,	0,	NULL),
(65,	3,	'available_sort_by',	NULL,	'catalog/category_attribute_backend_sortby',	'text',	NULL,	NULL,	'multiselect',	'Available Product Listing Sort By',	NULL,	'catalog/category_attribute_source_sortby',	1,	0,	NULL,	0,	NULL),
(66,	3,	'default_sort_by',	NULL,	'catalog/category_attribute_backend_sortby',	'varchar',	NULL,	NULL,	'select',	'Default Product Listing Sort By',	NULL,	'catalog/category_attribute_source_sortby',	1,	0,	NULL,	0,	NULL),
(67,	3,	'include_in_menu',	NULL,	NULL,	'int',	NULL,	NULL,	'select',	'Include in Navigation Menu',	NULL,	'eav/entity_attribute_source_boolean',	1,	0,	'1',	0,	NULL),
(68,	3,	'custom_use_parent_settings',	NULL,	NULL,	'int',	NULL,	NULL,	'select',	'Use Parent Category Settings',	NULL,	'eav/entity_attribute_source_boolean',	0,	0,	NULL,	0,	NULL),
(69,	3,	'custom_apply_to_products',	NULL,	NULL,	'int',	NULL,	NULL,	'select',	'Apply To Products',	NULL,	'eav/entity_attribute_source_boolean',	0,	0,	NULL,	0,	NULL),
(70,	3,	'filter_price_range',	NULL,	NULL,	'decimal',	NULL,	NULL,	'text',	'Layered Navigation Price Step',	NULL,	NULL,	0,	0,	NULL,	0,	NULL),
(71,	4,	'name',	NULL,	NULL,	'varchar',	NULL,	NULL,	'text',	'Name',	NULL,	NULL,	1,	0,	NULL,	0,	NULL),
(72,	4,	'description',	NULL,	NULL,	'text',	NULL,	NULL,	'textarea',	'Description',	NULL,	NULL,	1,	0,	NULL,	0,	NULL),
(73,	4,	'short_description',	NULL,	NULL,	'text',	NULL,	NULL,	'textarea',	'Short Description',	NULL,	NULL,	1,	0,	NULL,	0,	NULL),
(74,	4,	'sku',	NULL,	'catalog/product_attribute_backend_sku',	'static',	NULL,	NULL,	'text',	'SKU',	NULL,	NULL,	1,	0,	NULL,	1,	NULL),
(75,	4,	'price',	NULL,	'catalog/product_attribute_backend_price',	'decimal',	NULL,	NULL,	'price',	'Price',	NULL,	NULL,	1,	0,	NULL,	0,	NULL),
(76,	4,	'special_price',	NULL,	'catalog/product_attribute_backend_price',	'decimal',	NULL,	NULL,	'price',	'Special Price',	'validate-special-price',	NULL,	0,	0,	NULL,	0,	NULL),
(77,	4,	'special_from_date',	NULL,	'catalog/product_attribute_backend_startdate_specialprice',	'datetime',	NULL,	NULL,	'date',	'Special Price From Date',	NULL,	NULL,	0,	0,	NULL,	0,	NULL),
(78,	4,	'special_to_date',	NULL,	'eav/entity_attribute_backend_datetime',	'datetime',	NULL,	NULL,	'date',	'Special Price To Date',	NULL,	NULL,	0,	0,	NULL,	0,	NULL),
(79,	4,	'cost',	NULL,	'catalog/product_attribute_backend_price',	'decimal',	NULL,	NULL,	'price',	'Cost',	NULL,	NULL,	0,	1,	NULL,	0,	NULL),
(80,	4,	'weight',	NULL,	NULL,	'decimal',	NULL,	NULL,	'weight',	'Weight',	NULL,	NULL,	0,	0,	NULL,	0,	NULL),
(81,	4,	'manufacturer',	NULL,	NULL,	'int',	NULL,	NULL,	'select',	'Manufacturer',	NULL,	NULL,	0,	1,	NULL,	0,	NULL),
(82,	4,	'meta_title',	NULL,	NULL,	'varchar',	NULL,	NULL,	'text',	'Meta Title',	NULL,	NULL,	0,	0,	NULL,	0,	NULL),
(83,	4,	'meta_keyword',	NULL,	NULL,	'text',	NULL,	NULL,	'textarea',	'Meta Keywords',	NULL,	NULL,	0,	0,	NULL,	0,	NULL),
(84,	4,	'meta_description',	NULL,	NULL,	'varchar',	NULL,	NULL,	'textarea',	'Meta Description',	NULL,	NULL,	0,	0,	NULL,	0,	'Maximum 255 chars'),
(85,	4,	'image',	NULL,	NULL,	'varchar',	NULL,	'catalog/product_attribute_frontend_image',	'media_image',	'Base Image',	NULL,	NULL,	0,	0,	NULL,	0,	NULL),
(86,	4,	'small_image',	NULL,	NULL,	'varchar',	NULL,	'catalog/product_attribute_frontend_image',	'media_image',	'Small Image',	NULL,	NULL,	0,	0,	NULL,	0,	NULL),
(87,	4,	'thumbnail',	NULL,	NULL,	'varchar',	NULL,	'catalog/product_attribute_frontend_image',	'media_image',	'Thumbnail',	NULL,	NULL,	0,	0,	NULL,	0,	NULL),
(88,	4,	'media_gallery',	NULL,	'catalog/product_attribute_backend_media',	'varchar',	NULL,	NULL,	'gallery',	'Media Gallery',	NULL,	NULL,	0,	0,	NULL,	0,	NULL),
(89,	4,	'old_id',	NULL,	NULL,	'int',	NULL,	NULL,	'text',	NULL,	NULL,	NULL,	0,	0,	NULL,	0,	NULL),
(90,	4,	'group_price',	NULL,	'catalog/product_attribute_backend_groupprice',	'decimal',	NULL,	NULL,	'text',	'Group Price',	NULL,	NULL,	0,	0,	NULL,	0,	NULL),
(91,	4,	'tier_price',	NULL,	'catalog/product_attribute_backend_tierprice',	'decimal',	NULL,	NULL,	'text',	'Tier Price',	NULL,	NULL,	0,	0,	NULL,	0,	NULL),
(92,	4,	'color',	NULL,	NULL,	'int',	NULL,	NULL,	'select',	'Color',	NULL,	NULL,	0,	1,	NULL,	0,	NULL),
(93,	4,	'news_from_date',	NULL,	'catalog/product_attribute_backend_startdate',	'datetime',	NULL,	NULL,	'date',	'Set Product as New from Date',	NULL,	NULL,	0,	0,	NULL,	0,	NULL),
(94,	4,	'news_to_date',	NULL,	'eav/entity_attribute_backend_datetime',	'datetime',	NULL,	NULL,	'date',	'Set Product as New to Date',	NULL,	NULL,	0,	0,	NULL,	0,	NULL),
(95,	4,	'gallery',	NULL,	NULL,	'varchar',	NULL,	NULL,	'gallery',	'Image Gallery',	NULL,	NULL,	0,	0,	NULL,	0,	NULL),
(96,	4,	'status',	NULL,	NULL,	'int',	NULL,	NULL,	'select',	'Status',	NULL,	'catalog/product_status',	1,	0,	NULL,	0,	NULL),
(97,	4,	'url_key',	NULL,	'catalog/product_attribute_backend_urlkey',	'varchar',	NULL,	NULL,	'text',	'URL Key',	NULL,	NULL,	0,	0,	NULL,	0,	NULL),
(98,	4,	'url_path',	NULL,	NULL,	'varchar',	NULL,	NULL,	'text',	NULL,	NULL,	NULL,	0,	0,	NULL,	0,	NULL),
(99,	4,	'minimal_price',	NULL,	NULL,	'decimal',	NULL,	NULL,	'price',	'Minimal Price',	NULL,	NULL,	0,	0,	NULL,	0,	NULL),
(100,	4,	'is_recurring',	NULL,	NULL,	'int',	NULL,	NULL,	'select',	'Enable Recurring Profile',	NULL,	'eav/entity_attribute_source_boolean',	0,	0,	NULL,	0,	'Products with recurring profile participate in catalog as nominal items.'),
(101,	4,	'recurring_profile',	NULL,	'catalog/product_attribute_backend_recurring',	'text',	NULL,	NULL,	'text',	'Recurring Payment Profile',	NULL,	NULL,	0,	0,	NULL,	0,	NULL),
(102,	4,	'visibility',	NULL,	NULL,	'int',	NULL,	NULL,	'select',	'Visibility',	NULL,	'catalog/product_visibility',	1,	0,	'4',	0,	NULL),
(103,	4,	'custom_design',	NULL,	NULL,	'varchar',	NULL,	NULL,	'select',	'Custom Design',	NULL,	'core/design_source_design',	0,	0,	NULL,	0,	NULL),
(104,	4,	'custom_design_from',	NULL,	'catalog/product_attribute_backend_startdate',	'datetime',	NULL,	NULL,	'date',	'Active From',	NULL,	NULL,	0,	0,	NULL,	0,	NULL),
(105,	4,	'custom_design_to',	NULL,	'eav/entity_attribute_backend_datetime',	'datetime',	NULL,	NULL,	'date',	'Active To',	NULL,	NULL,	0,	0,	NULL,	0,	NULL),
(106,	4,	'custom_layout_update',	NULL,	'catalog/attribute_backend_customlayoutupdate',	'text',	NULL,	NULL,	'textarea',	'Custom Layout Update',	NULL,	NULL,	0,	0,	NULL,	0,	NULL),
(107,	4,	'page_layout',	NULL,	NULL,	'varchar',	NULL,	NULL,	'select',	'Page Layout',	NULL,	'catalog/product_attribute_source_layout',	0,	0,	NULL,	0,	NULL),
(108,	4,	'category_ids',	NULL,	NULL,	'static',	NULL,	NULL,	'text',	NULL,	NULL,	NULL,	0,	0,	NULL,	0,	NULL),
(109,	4,	'options_container',	NULL,	NULL,	'varchar',	NULL,	NULL,	'select',	'Display Product Options In',	NULL,	'catalog/entity_product_attribute_design_options_container',	0,	0,	'container1',	0,	NULL),
(110,	4,	'required_options',	NULL,	NULL,	'static',	NULL,	NULL,	'text',	NULL,	NULL,	NULL,	0,	0,	NULL,	0,	NULL),
(111,	4,	'has_options',	NULL,	NULL,	'static',	NULL,	NULL,	'text',	NULL,	NULL,	NULL,	0,	0,	NULL,	0,	NULL),
(112,	4,	'image_label',	NULL,	NULL,	'varchar',	NULL,	NULL,	'text',	'Image Label',	NULL,	NULL,	0,	0,	NULL,	0,	NULL),
(113,	4,	'small_image_label',	NULL,	NULL,	'varchar',	NULL,	NULL,	'text',	'Small Image Label',	NULL,	NULL,	0,	0,	NULL,	0,	NULL),
(114,	4,	'thumbnail_label',	NULL,	NULL,	'varchar',	NULL,	NULL,	'text',	'Thumbnail Label',	NULL,	NULL,	0,	0,	NULL,	0,	NULL),
(115,	4,	'created_at',	NULL,	'eav/entity_attribute_backend_time_created',	'static',	NULL,	NULL,	'text',	NULL,	NULL,	NULL,	1,	0,	NULL,	0,	NULL),
(116,	4,	'updated_at',	NULL,	'eav/entity_attribute_backend_time_updated',	'static',	NULL,	NULL,	'text',	NULL,	NULL,	NULL,	1,	0,	NULL,	0,	NULL),
(117,	4,	'country_of_manufacture',	NULL,	NULL,	'varchar',	NULL,	NULL,	'select',	'Country of Manufacture',	NULL,	'catalog/product_attribute_source_countryofmanufacture',	0,	0,	NULL,	0,	NULL),
(118,	4,	'msrp_enabled',	NULL,	'catalog/product_attribute_backend_msrp',	'varchar',	NULL,	NULL,	'select',	'Apply MAP',	NULL,	'catalog/product_attribute_source_msrp_type_enabled',	0,	0,	'2',	0,	NULL),
(119,	4,	'msrp_display_actual_price_type',	NULL,	'catalog/product_attribute_backend_boolean',	'varchar',	NULL,	NULL,	'select',	'Display Actual Price',	NULL,	'catalog/product_attribute_source_msrp_type_price',	0,	0,	'4',	0,	NULL),
(120,	4,	'msrp',	NULL,	'catalog/product_attribute_backend_price',	'decimal',	NULL,	NULL,	'price',	'Manufacturer\'s Suggested Retail Price',	NULL,	NULL,	0,	0,	NULL,	0,	NULL),
(121,	4,	'tax_class_id',	NULL,	NULL,	'int',	NULL,	NULL,	'select',	'Tax Class',	NULL,	'tax/class_source_product',	1,	0,	NULL,	0,	NULL),
(122,	4,	'gift_message_available',	NULL,	'catalog/product_attribute_backend_boolean',	'varchar',	NULL,	NULL,	'select',	'Allow Gift Message',	NULL,	'eav/entity_attribute_source_boolean',	0,	0,	NULL,	0,	NULL),
(123,	4,	'price_type',	NULL,	NULL,	'int',	NULL,	NULL,	NULL,	NULL,	NULL,	NULL,	1,	0,	NULL,	0,	NULL),
(124,	4,	'sku_type',	NULL,	NULL,	'int',	NULL,	NULL,	NULL,	NULL,	NULL,	NULL,	1,	0,	NULL,	0,	NULL),
(125,	4,	'weight_type',	NULL,	NULL,	'int',	NULL,	NULL,	NULL,	NULL,	NULL,	NULL,	1,	0,	NULL,	0,	NULL),
(126,	4,	'price_view',	NULL,	NULL,	'int',	NULL,	NULL,	'select',	'Price View',	NULL,	'bundle/product_attribute_source_price_view',	1,	0,	NULL,	0,	NULL),
(127,	4,	'shipment_type',	NULL,	NULL,	'int',	NULL,	NULL,	NULL,	'Shipment',	NULL,	NULL,	1,	0,	NULL,	0,	NULL),
(128,	4,	'links_purchased_separately',	NULL,	NULL,	'int',	NULL,	NULL,	NULL,	'Links can be purchased separately',	NULL,	NULL,	1,	0,	NULL,	0,	NULL),
(129,	4,	'samples_title',	NULL,	NULL,	'varchar',	NULL,	NULL,	NULL,	'Samples title',	NULL,	NULL,	1,	0,	NULL,	0,	NULL),
(130,	4,	'links_title',	NULL,	NULL,	'varchar',	NULL,	NULL,	NULL,	'Links title',	NULL,	NULL,	1,	0,	NULL,	0,	NULL),
(131,	4,	'links_exist',	NULL,	NULL,	'int',	NULL,	NULL,	NULL,	NULL,	NULL,	NULL,	0,	0,	'0',	0,	NULL),
(133,	4,	'featured_position',	NULL,	NULL,	'varchar',	NULL,	NULL,	'text',	'Featured Position',	'validate-digits',	NULL,	0,	1,	NULL,	0,	NULL),
(134,	4,	'author',	NULL,	NULL,	'int',	NULL,	NULL,	'select',	'Author',	NULL,	'eav/entity_attribute_source_table',	0,	1,	'',	0,	NULL),
(135,	4,	'back_cover',	NULL,	NULL,	'varchar',	NULL,	NULL,	'media_image',	'Back Cover',	NULL,	NULL,	0,	1,	NULL,	0,	NULL);

